{"id":2975,"date":"2016-02-18T17:41:23","date_gmt":"2016-02-18T19:41:23","guid":{"rendered":"http:\/\/www.saopaulo.sp.leg.br\/escoladoparlamento\/?page_id=2975"},"modified":"2016-02-19T14:02:07","modified_gmt":"2016-02-19T16:02:07","slug":"cerimonial-publico-2014","status":"publish","type":"page","link":"https:\/\/www.saopaulo.sp.leg.br\/escoladoparlamento\/cursos\/cursos-anteriores\/cursos-realizados-em-2014\/cerimonial-publico-2014\/","title":{"rendered":"Cerimonial P\u00fablico &#8211; 2014"},"content":{"rendered":"<p><strong>10, 12, 13 e 14 de mar\u00e7o de 2014<\/strong><\/p>\n<p><strong>Das 09h \u00e0s 12h<\/strong><strong>\u00a0<\/strong><\/p>\n<p><strong>CARGA HOR\u00c1RIA:\u00a015 HORAS<\/strong><\/p>\n<p><strong>Local:<\/strong> <strong>Sala Oscar Pedroso Horta, 1\u00b0 subsolo do Pal\u00e1cio Anchieta, sede da CMSP<\/strong><strong>\u00a0<\/strong><\/p>\n<p><strong>Dia 14 na Sala Sergio Vieira de Mello<\/strong><\/p>\n<p><strong>Professor<\/strong>:\u00a0<em>Carlos Koji Takahashi<\/em><\/p>\n<p><strong>Objetivo:<\/strong> Orientar sobre protocolo, preced\u00eancia, cerimonial e organiza\u00e7\u00e3o de eventos, no\u00e7\u00f5es de etiqueta, s\u00edmbolos nacionais, dentre outros assuntos, mostrando diversos cases para explicar na pr\u00e1tica como funciona.<\/p>\n<p><strong>CONTE\u00daDO<\/strong><\/p>\n<p><strong>Cerimonial:<\/strong> Defini\u00e7\u00e3o, Origem e Finalidade<\/p>\n<p><strong>Protocolo:<\/strong> Defini\u00e7\u00e3o e princ\u00edpio norteador<\/p>\n<p><strong>Preced\u00eancia:<\/strong> Defini\u00e7\u00e3o, indica\u00e7\u00e3o de preced\u00eancia em solenidades, preced\u00eancia federal, estadual e municipal e estudo da ordem geral de preced\u00eancia<\/p>\n<p><strong>Cerimonial e organiza\u00e7\u00e3o de Eventos<\/strong>:\u00a0Planejamento, elabora\u00e7\u00e3o e envio de convites, mestre de cerim\u00f4nias, roteiro, inaugura\u00e7\u00f5es, semin\u00e1rios e assinaturas, composi\u00e7\u00e3o de mesa, cita\u00e7\u00f5es (uso dos pronomes de tratamento) e fila de cumprimentos<\/p>\n<p><strong>No\u00e7\u00f5es de Etiqueta<\/strong>:\u00a0Montagem de mesa, apresenta\u00e7\u00f5es e vestimenta.<\/p>\n<p><strong>S\u00edmbolos Nacionais<\/strong>:\u00a0Apresenta\u00e7\u00e3o, uso e disciplina<\/p>\n<p><strong>Reda\u00e7\u00e3o Protocolar<\/strong><\/p>\n<p><strong>P\u00daBLICO-ALVO:<\/strong> servidores da Casa e do poder p\u00fablico municipal, cidad\u00e3os em geral (60 vagas)<\/p>\n","protected":false},"excerpt":{"rendered":"<p>10, 12, 13 e 14 de mar\u00e7o de 2014 Das 09h \u00e0s 12h\u00a0 CARGA HOR\u00c1RIA:\u00a015 HORAS Local: Sala Oscar Pedroso Horta, 1\u00b0 subsolo do Pal\u00e1cio Anchieta, sede da CMSP\u00a0 Dia 14 na Sala Sergio Vieira de Mello Professor:\u00a0Carlos Koji Takahashi Objetivo: Orientar sobre protocolo, preced\u00eancia, cerimonial e organiza\u00e7\u00e3o de eventos, no\u00e7\u00f5es de etiqueta, s\u00edmbolos nacionais, [&hellip;]<\/p>\n","protected":false},"author":127,"featured_media":0,"parent":1334,"menu_order":633,"comment_status":"closed","ping_status":"closed","template":"","meta":{"_acf_changed":false,"footnotes":""},"class_list":["post-2975","page","type-page","status-publish","hentry"],"acf":[],"_links":{"self":[{"href":"https:\/\/www.saopaulo.sp.leg.br\/escoladoparlamento\/wp-json\/wp\/v2\/pages\/2975","targetHints":{"allow":["GET"]}}],"collection":[{"href":"https:\/\/www.saopaulo.sp.leg.br\/escoladoparlamento\/wp-json\/wp\/v2\/pages"}],"about":[{"href":"https:\/\/www.saopaulo.sp.leg.br\/escoladoparlamento\/wp-json\/wp\/v2\/types\/page"}],"author":[{"embeddable":true,"href":"https:\/\/www.saopaulo.sp.leg.br\/escoladoparlamento\/wp-json\/wp\/v2\/users\/127"}],"replies":[{"embeddable":true,"href":"https:\/\/www.saopaulo.sp.leg.br\/escoladoparlamento\/wp-json\/wp\/v2\/comments?post=2975"}],"version-history":[{"count":0,"href":"https:\/\/www.saopaulo.sp.leg.br\/escoladoparlamento\/wp-json\/wp\/v2\/pages\/2975\/revisions"}],"up":[{"embeddable":true,"href":"https:\/\/www.saopaulo.sp.leg.br\/escoladoparlamento\/wp-json\/wp\/v2\/pages\/1334"}],"wp:attachment":[{"href":"https:\/\/www.saopaulo.sp.leg.br\/escoladoparlamento\/wp-json\/wp\/v2\/media?parent=2975"}],"curies":[{"name":"wp","href":"https:\/\/api.w.org\/{rel}","templated":true}]}}