{"id":29721,"date":"2025-09-09T12:05:04","date_gmt":"2025-09-09T15:05:04","guid":{"rendered":"https:\/\/www.saopaulo.sp.leg.br\/escoladoparlamento\/?page_id=29721"},"modified":"2025-11-03T14:23:34","modified_gmt":"2025-11-03T17:23:34","slug":"seminariocultura-de-parentalidade-e-educacao-politicas-publicas-em-debate","status":"publish","type":"page","link":"https:\/\/www.saopaulo.sp.leg.br\/escoladoparlamento\/cursos\/cursos-anteriores\/cursos-realizados-em-2025\/seminariocultura-de-parentalidade-e-educacao-politicas-publicas-em-debate\/","title":{"rendered":"SEMIN\u00c1RIO: CULTURA DE PARENTALIDADE E EDUCA\u00c7\u00c3O \u2013 POL\u00cdTICAS P\u00daBLICAS EM DEBATE"},"content":{"rendered":"<p><strong>Justificativa:<\/strong><\/p>\n<p>Observando a necessidade de pensar pol\u00edticas p\u00fablicas que promovam pr\u00e1ticas educativas inclusivas e integradoras, voltadas ao desenvolvimento integral de crian\u00e7as e adolescentes na cidade de S\u00e3o Paulo, o Semin\u00e1rio <strong>Cultura de Parentalidade e Educa\u00e7\u00e3o \u2013 Pol\u00edticas P\u00fablicas em Debate<\/strong>, promovido pela Consultoria T\u00e9cnica Legislativa das \u00c1reas Sociais e pela Escola do Parlamento, ambas da C\u00e2mara Municipal de S\u00e3o Paulo, coloca-se como um espa\u00e7o oportuno para refletir sobre a participa\u00e7\u00e3o e a forma\u00e7\u00e3o das fam\u00edlias, o desenvolvimento de comunidades educadoras, as redes de apoio e de valoriza\u00e7\u00e3o da cultura de parentalidade no contexto da educa\u00e7\u00e3o integral, bem como sobre o fortalecimento do v\u00ednculo entre escola, fam\u00edlia e comunidade.<\/p>\n<p><strong>\u00a0<\/strong><strong>Objetivos:<\/strong><\/p>\n<p><strong>Promover o debate<\/strong> sobre a Educa\u00e7\u00e3o Parental, a forma\u00e7\u00e3o de comunidades educadoras e da cultura de parentalidade no contexto da Educa\u00e7\u00e3o Integral.<\/p>\n<p><strong>Fortalecer o v\u00ednculo entre escola, fam\u00edlia e comunidade<\/strong>, ampliando o di\u00e1logo e a corresponsabilidade no processo educativo.<\/p>\n<p><strong>Subsidiar a formula\u00e7\u00e3o de pol\u00edticas p\u00fablicas<\/strong> que respondam aos desafios contempor\u00e2neos e favore\u00e7am pr\u00e1ticas educativas inclusivas e integradoras, voltadas ao desenvolvimento integral dos estudantes<\/p>\n<p><strong>Local: Sala S\u00e9rgio Vieira de Mello, 1\u00ba subsolo da C\u00e2mara Municipal de S\u00e3o Paulo<\/strong><\/p>\n<p><strong>Data:<\/strong> <strong>23 de Setembro de 2025, das 14h \u00e0s 18h<\/strong><strong>\u00a0<\/strong><\/p>\n<p><strong>Programa\u00e7\u00e3o:<\/strong><\/p>\n<h6><\/h6>\n<p><strong>14h &#8211; Abertura &#8211; <\/strong><strong>Educa\u00e7\u00e3o Parental e forma\u00e7\u00e3o de comunidades: uma necessidade dos novos tempos<\/strong><\/p>\n<p>Ana Paula Izidoro Cury, M\u00e9dica Antropos\u00f3fica &#8211; fundadora da Escola de Fam\u00edlias da Escola Waldorf Rudolf Steiner e do COPA \u2013 forma\u00e7\u00e3o para l\u00edderes de comunidades parentais<\/p>\n<p><strong>15h &#8211; Mesa 1 \u2013 A fam\u00edlia na Escola e Programas de Parentalidade<\/strong><\/p>\n<p><strong>Programas de Parentalidade: evid\u00eancias cient\u00edficas e estrat\u00e9gias de implementa\u00e7\u00e3o<\/strong><\/p>\n<p>Marcelo Couto Dias \u2013 Cientista Social. Professor-colaborador do Programa de P\u00f3s-Gradua\u00e7\u00e3o em Fam\u00edlia na Sociedade Contempor\u00e2nea e Secret\u00e1rio da Fam\u00edlia, Cidadania e Seguran\u00e7a Alimentar da Prefeitura de Osasco.<\/p>\n<p><strong>A fam\u00edlia na Escola: hist\u00f3ria e relato de uma experi\u00eancia de Educa\u00e7\u00e3o Parental<\/strong><\/p>\n<p>Sandra Rejania da Silva \u2013 Pedagoga. Coordenadora EMEI Borba Gato<\/p>\n<p><strong>Media\u00e7\u00e3o<\/strong> &#8211; Juliana Barbosa Ramalho \u2013 Pedagoga. Professora de Educa\u00e7\u00e3o Infantil e Ensino Fundamental I, atualmente na Fun\u00e7\u00e3o de Assistente de Diretor de Escolar na Prefeitura de S\u00e3o Paulo.<\/p>\n<p><strong>16h30 &#8211; Mesa 2 \u2013 Cultura da Parentalidade \u2013 Benef\u00edcios e desafios<\/strong><\/p>\n<p><strong>Os benef\u00edcios de se investir na primeira inf\u00e2ncia<\/strong><\/p>\n<p>Patricia Gimael \u2013 Psic\u00f3loga, docente do Instituto Maiana e Coautora do livro Inf\u00e2ncia Vivenciada.<\/p>\n<p><strong>Cultura de Parentalidade<\/strong><\/p>\n<p><strong>Adriana Jubran<\/strong> \u2013 educadora parental, psic\u00f3loga, defensora das inf\u00e2ncias e idealizadora do Hubbee de Inova\u00e7\u00e3o Social para a Parentalidade<\/p>\n<p><strong>Media\u00e7\u00e3o: Ivana Moreira<\/strong> &#8211; Jornalista e organizadora do Congresso Parental<\/p>\n<p><strong>Inscri\u00e7\u00f5es: encerradas<\/strong><\/p>\n<p><strong>P\u00fablico Alvo: <\/strong>Gestores de Escolas, professoras e professores, assistentes sociais, membros dos Conselhos Tutelares, fam\u00edlias, m\u00e3es, pais e respons\u00e1veis por crian\u00e7as e adolescentes, comunidade interessada, assessores parlamentares e sindicatos dos professores e da assist\u00eancia social e todas e todos que trabalham com educa\u00e7\u00e3o<\/p>\n<p>&nbsp;<\/p>\n<p><a href=\"https:\/\/www.youtube.com\/watch?v=JWEezYocvC4\">Reveja o evento CLICANDO AQUI<\/a><\/p>\n","protected":false},"excerpt":{"rendered":"<p>Justificativa: Observando a necessidade de pensar pol\u00edticas p\u00fablicas que promovam pr\u00e1ticas educativas inclusivas e integradoras, voltadas ao desenvolvimento integral de crian\u00e7as e adolescentes na cidade de S\u00e3o Paulo, o Semin\u00e1rio Cultura de Parentalidade e Educa\u00e7\u00e3o \u2013 Pol\u00edticas P\u00fablicas em Debate, promovido pela Consultoria T\u00e9cnica Legislativa das \u00c1reas Sociais e pela Escola do Parlamento, ambas da [&hellip;]<\/p>\n","protected":false},"author":661,"featured_media":0,"parent":29358,"menu_order":18,"comment_status":"closed","ping_status":"closed","template":"","meta":{"_acf_changed":false,"footnotes":""},"class_list":["post-29721","page","type-page","status-publish","hentry"],"acf":[],"_links":{"self":[{"href":"https:\/\/www.saopaulo.sp.leg.br\/escoladoparlamento\/wp-json\/wp\/v2\/pages\/29721","targetHints":{"allow":["GET"]}}],"collection":[{"href":"https:\/\/www.saopaulo.sp.leg.br\/escoladoparlamento\/wp-json\/wp\/v2\/pages"}],"about":[{"href":"https:\/\/www.saopaulo.sp.leg.br\/escoladoparlamento\/wp-json\/wp\/v2\/types\/page"}],"author":[{"embeddable":true,"href":"https:\/\/www.saopaulo.sp.leg.br\/escoladoparlamento\/wp-json\/wp\/v2\/users\/661"}],"replies":[{"embeddable":true,"href":"https:\/\/www.saopaulo.sp.leg.br\/escoladoparlamento\/wp-json\/wp\/v2\/comments?post=29721"}],"version-history":[{"count":6,"href":"https:\/\/www.saopaulo.sp.leg.br\/escoladoparlamento\/wp-json\/wp\/v2\/pages\/29721\/revisions"}],"predecessor-version":[{"id":29829,"href":"https:\/\/www.saopaulo.sp.leg.br\/escoladoparlamento\/wp-json\/wp\/v2\/pages\/29721\/revisions\/29829"}],"up":[{"embeddable":true,"href":"https:\/\/www.saopaulo.sp.leg.br\/escoladoparlamento\/wp-json\/wp\/v2\/pages\/29358"}],"wp:attachment":[{"href":"https:\/\/www.saopaulo.sp.leg.br\/escoladoparlamento\/wp-json\/wp\/v2\/media?parent=29721"}],"curies":[{"name":"wp","href":"https:\/\/api.w.org\/{rel}","templated":true}]}}