{"id":29358,"date":"2025-04-07T15:55:33","date_gmt":"2025-04-07T18:55:33","guid":{"rendered":"https:\/\/www.saopaulo.sp.leg.br\/escoladoparlamento\/?page_id=29358"},"modified":"2026-02-11T14:23:33","modified_gmt":"2026-02-11T17:23:33","slug":"cursos-realizados-em-2025","status":"publish","type":"page","link":"https:\/\/www.saopaulo.sp.leg.br\/escoladoparlamento\/cursos\/cursos-anteriores\/cursos-realizados-em-2025\/","title":{"rendered":"Cursos realizados em 2025"},"content":{"rendered":"<p><strong>Mar\u00e7o<\/strong><\/p>\n<p><a href=\"https:\/\/www.saopaulo.sp.leg.br\/escoladoparlamento\/cursos\/em-andamento\/a-dinamica-normativa-e-institucional-do-municipio\/\">A Din\u00e2mica Normativa e Institucional do Munic\u00edpio<\/a><\/p>\n<p><strong>Abril<\/strong><\/p>\n<p><a href=\"https:\/\/www.saopaulo.sp.leg.br\/escoladoparlamento\/cursos\/cursos-anteriores\/cursos-realizados-em-2025\/analise-orcamentaria-municipal-teoria-e-pratica\/\">An\u00e1lise Or\u00e7ament\u00e1ria Municipal &#8211; entendendo a base de dados<\/a><\/p>\n<p><a href=\"https:\/\/www.saopaulo.sp.leg.br\/escoladoparlamento\/cursos\/cursos-anteriores\/cursos-realizados-em-2025\/regularizacao-fundiaria-no-municipio-de-sao-paulo-aspectos-praticos\/\">Regulariza\u00e7\u00e3o Fundi\u00e1ria no Munic\u00edpio de S\u00e3o Paulo \u2013 Aspectos Pr\u00e1ticos<\/a><strong><br \/>\n<\/strong><\/p>\n<p><strong>Maio<\/strong><\/p>\n<p><a href=\"https:\/\/www.saopaulo.sp.leg.br\/escoladoparlamento\/cursos\/cursos-anteriores\/cursos-realizados-em-2025\/17o-descobrir-sao-paulo-descobrir-se-reporter\/\">17\u00ba Descobrir S\u00e3o Paulo, Descobrir-se Rep\u00f3rter<\/a><\/p>\n<p><a href=\"https:\/\/www.saopaulo.sp.leg.br\/escoladoparlamento\/cursos\/cursos-anteriores\/cursos-realizados-em-2025\/parcerias-entre-estado-e-sociedade-civil-no-marco-regulatorio-das-oscs\/\">Parcerias entre Estado e Sociedade Civil no Marco Regulat\u00f3rio das OSCs<\/a><\/p>\n<p><strong>Junho<\/strong><\/p>\n<p><a href=\"https:\/\/www.saopaulo.sp.leg.br\/escoladoparlamento\/cursos\/cursos-anteriores\/cursos-realizados-em-2025\/a-cidade-constitucional-e-organica-1o-semestre-2025\/\">A Cidade Constitucional e Org\u00e2nica &#8211; 1\u00ba semestre 2025<\/a><\/p>\n<p><a href=\"https:\/\/www.saopaulo.sp.leg.br\/escoladoparlamento\/cursos\/cursos-anteriores\/cursos-realizados-em-2025\/seminario-acessibilidade-digital-interfaces-normas-e-direitos\/\">Semin\u00e1rio Acessibilidade Digital &#8211; Interfaces, Normas e Direitos<\/a><\/p>\n<p><a href=\"https:\/\/www.saopaulo.sp.leg.br\/escoladoparlamento\/cursos\/cursos-anteriores\/cursos-realizados-em-2025\/seminario-direitos-humanos-e-emendas-parlamentares-guia-pratico-2025\/\">Semin\u00e1rio \u201cDireitos Humanos e Emendas Parlamentares: Guia Pr\u00e1tico 2025\u201d<\/a><\/p>\n<p><strong>Agosto<\/strong><\/p>\n<p><a href=\"https:\/\/www.saopaulo.sp.leg.br\/escoladoparlamento\/cursos\/cursos-anteriores\/cursos-realizados-em-2025\/agosto-lilas-procuradoria-da-mulher\/\">Agosto Lil\u00e1s: conscientiza\u00e7\u00e3o pelo fim da viol\u00eancia contra a mulher<\/a><\/p>\n<p><a href=\"https:\/\/www.saopaulo.sp.leg.br\/escoladoparlamento\/cursos\/cursos-anteriores\/cursos-realizados-em-2025\/seminario_urbanismo_em_pauta\/\">Semin\u00e1rio &#8220;Urbanismo em Pauta&#8221;<\/a><\/p>\n<p><strong>Setembro<\/strong><\/p>\n<p><a href=\"https:\/\/www.saopaulo.sp.leg.br\/escoladoparlamento\/cursos\/cursos-anteriores\/cursos-realizados-em-2025\/letramento-ia-cmsp\/\">Curso de Letramento em Intelig\u00eancia Artificial<\/a><\/p>\n<p><a href=\"https:\/\/www.saopaulo.sp.leg.br\/escoladoparlamento\/cursos\/cursos-anteriores\/cursos-realizados-em-2025\/lancamento-da-revista-parlamento-e-sociedade-24-democracia-instituicoes-e-desafios-contemporaneos\/\">Lan\u00e7amento da\u00a0Revista\u00a0Parlamento e Sociedade\u00a024\u00a0\u2013 Democracia, Institui\u00e7\u00f5es e Desafios Contempor\u00e2neos<\/a><\/p>\n<p><a href=\"https:\/\/www.saopaulo.sp.leg.br\/escoladoparlamento\/cursos\/cursos-anteriores\/cursos-realizados-em-2025\/programa-jovem-monitor-cultural-pjmc-edicao-2025\/\">Programa Jovem Monitor Cultural (PJMC) &#8211; Edi\u00e7\u00e3o 2025<\/a><\/p>\n<p><a href=\"https:\/\/www.saopaulo.sp.leg.br\/escoladoparlamento\/cursos\/cursos-anteriores\/cursos-realizados-em-2025\/introducao-filosofia-politica\/\">Introdu\u00e7\u00e3o \u00e0 Filosofia Pol\u00edtica<\/a><\/p>\n<p><a href=\"https:\/\/www.saopaulo.sp.leg.br\/escoladoparlamento\/cursos\/cursos-anteriores\/cursos-realizados-em-2025\/seminariocultura-de-parentalidade-e-educacao-politicas-publicas-em-debate\/\">Cultura de Parentalidade e Educa\u00e7\u00e3o &#8211; Pol\u00edticas P\u00fablicas em Debate<\/a><\/p>\n<p><strong>Outubro<\/strong><\/p>\n<p><a href=\"https:\/\/www.saopaulo.sp.leg.br\/escoladoparlamento\/cursos\/cursos-anteriores\/cursos-realizados-em-2025\/sao-paulo-pelo-clima-o-legislativo-na-cop30conferencia-producao-mais-limpa-e-mudancas-climaticas\/\">S\u00e3o Paulo pelo Clima: o Legislativo na COP30 | Confer\u00eancia Produ\u00e7\u00e3o Mais Limpa e Mudan\u00e7as Clim\u00e1ticas<\/a><\/p>\n<p><a href=\"https:\/\/www.saopaulo.sp.leg.br\/escoladoparlamento\/cursos\/cursos-anteriores\/cursos-realizados-em-2025\/oficina-de-capacitacao-para-todos-os-servidores-da-cmsp-controle-do-tabagismo-e-prevencao-do-cancer\/\">Oficina de Capacita\u00e7\u00e3o para Todos os Servidores da CMSP: Controle do Tabagismo e Preven\u00e7\u00e3o do C\u00e2ncer<\/a><\/p>\n<p><a href=\"https:\/\/www.saopaulo.sp.leg.br\/escoladoparlamento\/cursos\/cursos-anteriores\/cursos-realizados-em-2025\/educacao-integral-dialogos-para-a-construcao-do-projeto-politico-pedagogico\/\">Educa\u00e7\u00e3o Integral &#8211; di\u00e1logos para a constru\u00e7\u00e3o do Projeto Pol\u00edtico Pedag\u00f3gico<\/a><\/p>\n<p><strong>Novembro<\/strong><\/p>\n<p><a href=\"https:\/\/www.saopaulo.sp.leg.br\/escoladoparlamento\/cursos\/cursos-anteriores\/cursos-realizados-em-2025\/palestra-transtorno-do-espectro-autista-conhecimento-como-caminho-para-a-inclusao\/\">Palestra \u201cTranstorno do Espectro Autista: Conhecimento como caminho para a inclus\u00e3o\u201d<\/a><\/p>\n<p><a href=\"https:\/\/www.saopaulo.sp.leg.br\/escoladoparlamento\/cursos\/cursos-anteriores\/cursos-realizados-em-2025\/seminario-educomunicacao-e-democracia-estrategias-para-aproximar-parlamento-e-sociedade-civil\/\">Semin\u00e1rio \u201cEducomunica\u00e7\u00e3o e Democracia: Estrat\u00e9gias para Aproximar Parlamento e Sociedade Civil\u201d<\/a><\/p>\n<p><a href=\"https:\/\/www.saopaulo.sp.leg.br\/escoladoparlamento\/cursos\/cursos-anteriores\/cursos-realizados-em-2025\/seminario-arborizacao-urbana-desafios-para-a-ampliacao-da-cobertura-vegetal-na-cidade\/\">Semin\u00e1rio &#8220;Arboriza\u00e7\u00e3o Urbana: desafios para a amplia\u00e7\u00e3o da cobertura vegetal na cidade&#8221;<\/a><\/p>\n<p><a href=\"https:\/\/www.saopaulo.sp.leg.br\/escoladoparlamento\/cursos\/cursos-anteriores\/cursos-realizados-em-2025\/letramento-em-inteligencia-artificial-2a-edicao\/\">Letramento em Intelig\u00eancia Artificial &#8211; 2\u00aa Edi\u00e7\u00e3o<\/a><\/p>\n<p><a href=\"https:\/\/www.saopaulo.sp.leg.br\/escoladoparlamento\/cursos\/em-andamento\/elaboracao-projetos-culturais\/\">Elabora\u00e7\u00e3o de Projetos Culturais: cr\u00edtica, t\u00e9cnica e pr\u00e1tica<\/a><\/p>\n<p><strong>Dezembro<\/strong><\/p>\n<p><a href=\"https:\/\/www.saopaulo.sp.leg.br\/escoladoparlamento\/cursos\/cursos-anteriores\/cursos-realizados-em-2025\/lancamento-da-revista-parlamento-e-sociedade-25-regulacao-inovacao-e-mobilidade-urbana-na-era-digital\/\">Lan\u00e7amento da Revista Parlamento e Sociedade 25: Regula\u00e7\u00e3o, Inova\u00e7\u00e3o e Mobilidade Urbana na Era Digital<\/a><\/p>\n<p><a href=\"https:\/\/www.saopaulo.sp.leg.br\/escoladoparlamento\/cursos\/cursos-anteriores\/cursos-realizados-em-2025\/cidade-constitucional-e-organica-2o-semestre\/\">Cidade Constitucional e Org\u00e2nica &#8211; 2\u00ba Semestre<\/a><\/p>\n<p><a href=\"https:\/\/www.saopaulo.sp.leg.br\/escoladoparlamento\/cursos\/cursos-anteriores\/cursos-realizados-em-2025\/oficina-analise-de-dados-com-inteligencia-artificial-na-gestao-publica-programa-de-metas\/\">Oficina: An\u00e1lise de Dados com Intelig\u00eancia Artificial na Gest\u00e3o P\u00fablica: Programa de Metas<\/a><\/p>\n","protected":false},"excerpt":{"rendered":"<p>Mar\u00e7o A Din\u00e2mica Normativa e Institucional do Munic\u00edpio Abril An\u00e1lise Or\u00e7ament\u00e1ria Municipal &#8211; entendendo a base de dados Regulariza\u00e7\u00e3o Fundi\u00e1ria no Munic\u00edpio de S\u00e3o Paulo \u2013 Aspectos Pr\u00e1ticos Maio 17\u00ba Descobrir S\u00e3o Paulo, Descobrir-se Rep\u00f3rter Parcerias entre Estado e Sociedade Civil no Marco Regulat\u00f3rio das OSCs Junho A Cidade Constitucional e Org\u00e2nica &#8211; 1\u00ba semestre [&hellip;]<\/p>\n","protected":false},"author":745,"featured_media":0,"parent":169,"menu_order":24,"comment_status":"closed","ping_status":"closed","template":"","meta":{"_acf_changed":false,"footnotes":""},"class_list":["post-29358","page","type-page","status-publish","hentry"],"acf":[],"_links":{"self":[{"href":"https:\/\/www.saopaulo.sp.leg.br\/escoladoparlamento\/wp-json\/wp\/v2\/pages\/29358","targetHints":{"allow":["GET"]}}],"collection":[{"href":"https:\/\/www.saopaulo.sp.leg.br\/escoladoparlamento\/wp-json\/wp\/v2\/pages"}],"about":[{"href":"https:\/\/www.saopaulo.sp.leg.br\/escoladoparlamento\/wp-json\/wp\/v2\/types\/page"}],"author":[{"embeddable":true,"href":"https:\/\/www.saopaulo.sp.leg.br\/escoladoparlamento\/wp-json\/wp\/v2\/users\/745"}],"replies":[{"embeddable":true,"href":"https:\/\/www.saopaulo.sp.leg.br\/escoladoparlamento\/wp-json\/wp\/v2\/comments?post=29358"}],"version-history":[{"count":6,"href":"https:\/\/www.saopaulo.sp.leg.br\/escoladoparlamento\/wp-json\/wp\/v2\/pages\/29358\/revisions"}],"predecessor-version":[{"id":29951,"href":"https:\/\/www.saopaulo.sp.leg.br\/escoladoparlamento\/wp-json\/wp\/v2\/pages\/29358\/revisions\/29951"}],"up":[{"embeddable":true,"href":"https:\/\/www.saopaulo.sp.leg.br\/escoladoparlamento\/wp-json\/wp\/v2\/pages\/169"}],"wp:attachment":[{"href":"https:\/\/www.saopaulo.sp.leg.br\/escoladoparlamento\/wp-json\/wp\/v2\/media?parent=29358"}],"curies":[{"name":"wp","href":"https:\/\/api.w.org\/{rel}","templated":true}]}}