{"id":28765,"date":"2023-10-02T18:34:03","date_gmt":"2023-10-02T21:34:03","guid":{"rendered":"https:\/\/www.saopaulo.sp.leg.br\/escoladoparlamento\/?page_id=28765"},"modified":"2024-01-10T13:40:03","modified_gmt":"2024-01-10T16:40:03","slug":"os-conselhos-de-representantes-vinculados-ao-poder-legislativo","status":"publish","type":"page","link":"https:\/\/www.saopaulo.sp.leg.br\/escoladoparlamento\/cursos\/cursos-anteriores\/cursos-realizados-em-2023\/os-conselhos-de-representantes-vinculados-ao-poder-legislativo\/","title":{"rendered":"Semana Municipal da Participa\u00e7\u00e3o Popular e da Cidadania &#8211; Conselhos de Representantes Vinculados ao Poder Legislativo"},"content":{"rendered":"<p><b>Diretor Respons\u00e1vel:<\/b><span style=\"font-weight: 400\"> Gustavo Dias<\/span><\/p>\n<p><strong>Organiza\u00e7\u00e3o:<\/strong> Prof. Dr. Marcelo Nerling<\/p>\n<p><b>Tipo de Evento:<\/b><span style=\"font-weight: 400\"> Semin\u00e1rio<\/span><\/p>\n<p>&nbsp;<\/p>\n<p><span style=\"font-weight: 400\">Os conselhos de representantes vinculados ao legislativo s\u00e3o \u00f3rg\u00e3os consultivos e deliberativos que atuam na fiscaliza\u00e7\u00e3o e no planejamento das pol\u00edticas p\u00fablicas municipais. Eles s\u00e3o formados por membros eleitos pela popula\u00e7\u00e3o local, que representam os interesses da sociedade civil, e por membros indicados pelo poder legislativo, que representam o Estado. Os conselhos de representantes t\u00eam como objetivo ampliar o di\u00e1logo, a coopera\u00e7\u00e3o e a democracia participativa na cidade, contribuindo para o desenvolvimento social, econ\u00f4mico e ambiental do munic\u00edpio.<\/span><\/p>\n<h3><span style=\"font-weight: 400\">O Conselho de Representantes da Cidade de S\u00e3o Paulo foi criado pela Lei Org\u00e2nica do Munic\u00edpio (artigos 54 e 55) e \u00e9 regulamentado pela Lei n\u00ba 13.881\/04.\u00a0<\/span><\/h3>\n<p><span style=\"font-weight: 400\">A cria\u00e7\u00e3o de conselhos de representantes vinculados ao legislativo foi considerada constitucional pelo Supremo Tribunal Federal (STF), em decis\u00e3o proferida em outubro de 2020. O STF entendeu que a lei de iniciativa parlamentar que instituiu o conselho n\u00e3o violou a harmonia e a independ\u00eancia dos poderes, pois o \u00f3rg\u00e3o n\u00e3o faz parte da estrutura organizacional do Executivo e seus membros n\u00e3o exercem fun\u00e7\u00e3o p\u00fablica em sentido estrito. Al\u00e9m disso, o STF reconheceu que o conselho \u00e9 um mecanismo que viabiliza o controle participativo e de fiscaliza\u00e7\u00e3o, previsto na Constitui\u00e7\u00e3o Federal de 1988.<\/span><\/p>\n<h3><span style=\"font-weight: 400\">Este semin\u00e1rio \u00e9 uma iniciativa que visa promover o debate e a reflex\u00e3o sobre a import\u00e2ncia da participa\u00e7\u00e3o popular e da cidadania na gest\u00e3o p\u00fablica. <\/span><\/h3>\n<p><span style=\"font-weight: 400\">O evento acontece em celebra\u00e7\u00e3o \u00e0 <em>Semana Municipal da Participa\u00e7\u00e3o Popular e da Cidadania<\/em>, institu\u00edda pela Lei n\u00ba 16.318, de 17 de novembro de 2015, que tem como objetivo estimular e fortalecer os mecanismos de controle social e a intera\u00e7\u00e3o entre os poderes p\u00fablicos e a sociedade civil.<\/span><\/p>\n<p><span style=\"font-weight: 400\">Al\u00e9m disso, pretende-se lan\u00e7ar uma campanha educativa sobre a participa\u00e7\u00e3o popular e os diversos mecanismos de controle social, com o objetivo de favorecer o conhecimento e reconhecimento do valor da participa\u00e7\u00e3o popular pela sociedade paulistana.\u00a0<\/span><\/p>\n<p>&nbsp;<\/p>\n<p><b>P\u00fablico-Alvo:\u00a0<\/b><\/p>\n<p><span style=\"font-weight: 400\">Espera-se contar com a participa\u00e7\u00e3o dos Poderes Executivo e Legislativo, dos Conselhos e Associa\u00e7\u00f5es Municipais e da popula\u00e7\u00e3o interessada no tema. <\/span><\/p>\n<p>&nbsp;<\/p>\n<p><b>Estrutura da atividade:<\/b><\/p>\n<p>O Semin\u00e1rio ser\u00e1 realizado na modalidade presencial no dia 10 de outubro, das 14 \u00e0s 21 horas, na Sala S\u00e9rgio Vieira de melo, 1\u00ba subsolo do Pal\u00e1cio Anchieta, sede da C\u00e2mara Municipal de S\u00e3o Paulo.<\/p>\n<p>O evento tamb\u00e9m ter\u00e1 transmiss\u00e3o simult\u00e2nea no canal do YouTube da CMSP.<\/p>\n<p>&nbsp;<\/p>\n<p><b>Certifica\u00e7\u00e3o:<\/b><\/p>\n<p>Na modalidade PRESENCIAL mediante <em>check in<\/em> na recep\u00e7\u00e3o do evento; na modalidade ONLINE mediante preenchimento de formul\u00e1rio de rea\u00e7\u00e3o a ser enviado por e-mail aos inscritos.<\/p>\n<h2><\/h2>\n<h2><strong>10 de outubro, das 14h \u00e0s 21h<\/strong><\/h2>\n<h3>Sala S\u00e9rgio Vieira de Melo, 1\u00ba subsolo do <a href=\"https:\/\/www.google.com\/maps\/place\/Viaduto+Jacare%C3%AD,+100+-+Bela+Vista,+S%C3%A3o+Paulo+-+SP,+01319-020\/@-23.550668,-46.6435235,18z\/data=!3m1!4b1!4m6!3m5!1s0x94ce59ad52e4e131:0x215d8247c8102c01!8m2!3d-23.5506705!4d-46.641088!16s%2Fg%2F11b8v65scm?authuser=0&amp;entry=ttu\">Pal\u00e1cio Anchieta &#8211; C\u00e2mara Municipal de S\u00e3o Paulo &#8211; Viaduto Jacare\u00ed, 100<\/a><\/h3>\n<h3><strong>Inscri\u00e7\u00f5es: <\/strong><span style=\"color: #ff0000\"><strong>encerradas<\/strong><\/span><\/h3>\n<h3>Clique <a href=\"https:\/\/www.youtube.com\/watch?v=g9ULO-GFoyE\">AQUI<\/a> para rever o semin\u00e1rio<\/h3>\n<h3><\/h3>\n<p><span style=\"color: #ff0000\">PROGRAMA\u00c7\u00c3O:<\/span><\/p>\n<table>\n<tbody>\n<tr>\n<td width=\"189\">DATA\/HORA<\/td>\n<td width=\"236\">PALESTRANTE<\/td>\n<td width=\"265\">TEMA<\/td>\n<\/tr>\n<tr>\n<td width=\"189\"><strong>\u00a0<\/strong><strong>\u00a0<\/strong><\/p>\n<p><strong>\u00a0<\/strong>14h<\/td>\n<td width=\"236\"><strong>Ver. Milton Leite<\/strong> \u2013 Presidente da C\u00e2mara Municipal de S\u00e3o Paulo (a confirmar)<\/p>\n<p><strong>Gustavo Costa Dias<\/strong> \u2013 Diretor-Presidente da Escola do Parlamento<\/p>\n<p><strong>Ver. Jair Tatto<\/strong> &#8211; Presidente da Comiss\u00e3o de Finan\u00e7as e Or\u00e7amento da CMSP (a confirmar)<\/p>\n<p><strong>Dr. Paulo Augusto Baccarin<\/strong> &#8211; Procurador Geral Legislativo CMSP<\/p>\n<p><strong>Prof. Dr. Ricardo Ricci Uvinha<\/strong> &#8211; Diretor da Escola de Artes, Ci\u00eancias e Humanidades da USP (a confirmar)<\/td>\n<td width=\"265\">&nbsp;<\/p>\n<p style=\"text-align: center\">Mesa de Abertura<\/p>\n<\/td>\n<\/tr>\n<tr>\n<td width=\"189\">14h30<\/td>\n<td width=\"236\"><strong>Prof. Dr. Marcelo Arno Nerling<\/strong> \u2013 respons\u00e1vel pela disciplina de gradua\u00e7\u00e3o <em>A Cidade Constitucional<\/em> do curso de Gest\u00e3o de Pol\u00edticas P\u00fablicas da EACH-USP<\/td>\n<td width=\"265\">\n<p style=\"text-align: center\">O estado da Arte no tema dos Conselhos de Representantes previstos na LOM h\u00e1 33 anos<\/p>\n<\/td>\n<\/tr>\n<tr>\n<td width=\"189\">15h<\/td>\n<td width=\"236\"><strong>Prof. Dr. Marcelo Arno Nerling<\/strong> \u2013 respons\u00e1vel pela disciplina de gradua\u00e7\u00e3o <em>A Cidade Constitucional<\/em> do curso de Gest\u00e3o de Pol\u00edticas P\u00fablicas da EACH-USP<\/p>\n<p><strong>Discentes da Disciplina<\/strong> <em>A Cidade Constitucional<\/em> do curso de Gest\u00e3o de Pol\u00edticas P\u00fablicas da EACH-USP<\/td>\n<td width=\"265\"><em>A ORGANIZA\u00c7\u00c3O DO MUNIC\u00cdPIO \u2013 princ\u00edpios e diretrizes<\/em><\/p>\n<p><em>Sobre os princ\u00edpios e diretrizes de organiza\u00e7\u00e3o do Munic\u00edpio<\/em><\/p>\n<p><em>Sobre os princ\u00edpios gerais da administra\u00e7\u00e3o p\u00fablica do poder legislativo e do executivo<\/em><\/p>\n<p><em>Autonomia administrativa e financeira da C\u00e2mara Municipal<\/em><\/td>\n<\/tr>\n<tr>\n<td width=\"189\">&nbsp;<\/p>\n<p>16h30<\/td>\n<td width=\"236\"><strong>Prof. Dr. Marcelo Arno Nerling<\/strong> \u2013 respons\u00e1vel pela disciplina de gradua\u00e7\u00e3o <em>A Cidade Constitucional<\/em> do curso de Gest\u00e3o de Pol\u00edticas P\u00fablicas da EACH-USP<\/p>\n<p><strong>Discentes da Disciplina<\/strong> <em>A Cidade Constitucional<\/em> do curso de Gest\u00e3o de Pol\u00edticas P\u00fablicas da EACH-USP<\/td>\n<td width=\"265\"><em>OS PRINC\u00cdPIOS DA ADMINISTRA\u00c7\u00c3O P\u00daBLICA DO EXECUTIVO E DO LEGISLATIVO<\/em><\/p>\n<p><em>Dos Conselhos de Representantes na LOM<\/em><\/p>\n<p><em>Das Leis e dos Decretos \u2013 administra\u00e7\u00e3o do executivo e administra\u00e7\u00e3o do legislativo<\/em><\/p>\n<p><em>Decis\u00e3o do STF com repercuss\u00e3o geral \u2013 uma decis\u00e3o hist\u00f3rica<\/em><\/p>\n<p><em>Dos Conselhos de Representantes e o Conselho Participativo Municipal<\/em><\/td>\n<\/tr>\n<tr>\n<td colspan=\"3\" width=\"689\">\n<p style=\"text-align: center\">18h &#8211; INTERVALO<\/p>\n<\/td>\n<\/tr>\n<tr>\n<td width=\"189\">19h<\/td>\n<td width=\"236\"><strong>Prof. Dr. Marcelo Arno Nerling<\/strong> \u2013 respons\u00e1vel pela disciplina de gradua\u00e7\u00e3o <em>A Cidade Constitucional<\/em> do curso de Gest\u00e3o de Pol\u00edticas P\u00fablicas da EACH-USP<\/p>\n<p><strong>Discentes da Disciplina<\/strong> <em>A Cidade Constitucional<\/em> do curso de Gest\u00e3o de Pol\u00edticas P\u00fablicas da EACH-USP<\/td>\n<td width=\"265\"><em>DOS CONSELHOS DE REPRESENTANTES NA LEI ORG\u00c2NICA, NA LEI ORDIN\u00c1RIA E NOS DECRETOS<\/em><\/p>\n<p><em>Revis\u00e3o normativa \u2013 projeto de resolu\u00e7\u00e3o e decreto legislativo &#8211; PPA e LOA<\/em><\/p>\n<p><em>Prepara\u00e7\u00e3o dos candidatos \u2013 Comiss\u00e3o de Finan\u00e7as e Or\u00e7amento; Escola do Parlamento<\/em><\/p>\n<p><em>Elei\u00e7\u00f5es 2024: Majorit\u00e1ria e proporcional &#8211; Conselheiros dos Conselhos de Representantes<\/em><\/p>\n<p><em>Conv\u00eanio TRE-SP<\/em><\/td>\n<\/tr>\n<\/tbody>\n<\/table>\n","protected":false},"excerpt":{"rendered":"<p>Diretor Respons\u00e1vel: Gustavo Dias Organiza\u00e7\u00e3o: Prof. Dr. Marcelo Nerling Tipo de Evento: Semin\u00e1rio &nbsp; Os conselhos de representantes vinculados ao legislativo s\u00e3o \u00f3rg\u00e3os consultivos e deliberativos que atuam na fiscaliza\u00e7\u00e3o e no planejamento das pol\u00edticas p\u00fablicas municipais. Eles s\u00e3o formados por membros eleitos pela popula\u00e7\u00e3o local, que representam os interesses da sociedade civil, e por [&hellip;]<\/p>\n","protected":false},"author":522,"featured_media":0,"parent":28305,"menu_order":63,"comment_status":"closed","ping_status":"closed","template":"","meta":{"_acf_changed":false,"footnotes":""},"class_list":["post-28765","page","type-page","status-publish","hentry"],"acf":[],"_links":{"self":[{"href":"https:\/\/www.saopaulo.sp.leg.br\/escoladoparlamento\/wp-json\/wp\/v2\/pages\/28765","targetHints":{"allow":["GET"]}}],"collection":[{"href":"https:\/\/www.saopaulo.sp.leg.br\/escoladoparlamento\/wp-json\/wp\/v2\/pages"}],"about":[{"href":"https:\/\/www.saopaulo.sp.leg.br\/escoladoparlamento\/wp-json\/wp\/v2\/types\/page"}],"author":[{"embeddable":true,"href":"https:\/\/www.saopaulo.sp.leg.br\/escoladoparlamento\/wp-json\/wp\/v2\/users\/522"}],"replies":[{"embeddable":true,"href":"https:\/\/www.saopaulo.sp.leg.br\/escoladoparlamento\/wp-json\/wp\/v2\/comments?post=28765"}],"version-history":[{"count":0,"href":"https:\/\/www.saopaulo.sp.leg.br\/escoladoparlamento\/wp-json\/wp\/v2\/pages\/28765\/revisions"}],"up":[{"embeddable":true,"href":"https:\/\/www.saopaulo.sp.leg.br\/escoladoparlamento\/wp-json\/wp\/v2\/pages\/28305"}],"wp:attachment":[{"href":"https:\/\/www.saopaulo.sp.leg.br\/escoladoparlamento\/wp-json\/wp\/v2\/media?parent=28765"}],"curies":[{"name":"wp","href":"https:\/\/api.w.org\/{rel}","templated":true}]}}