{"id":28676,"date":"2023-08-28T12:22:23","date_gmt":"2023-08-28T15:22:23","guid":{"rendered":"https:\/\/www.saopaulo.sp.leg.br\/escoladoparlamento\/?page_id=28676"},"modified":"2023-09-20T12:35:06","modified_gmt":"2023-09-20T15:35:06","slug":"semana-interna-de-prevencao-de-acidentes-do-trabalho-sipat-edicao-2023","status":"publish","type":"page","link":"https:\/\/www.saopaulo.sp.leg.br\/escoladoparlamento\/cursos\/cursos-anteriores\/cursos-realizados-em-2023\/semana-interna-de-prevencao-de-acidentes-do-trabalho-sipat-edicao-2023\/","title":{"rendered":"Semana Interna de Preven\u00e7\u00e3o de Acidentes do Trabalho &#8211; SIPAT &#8211; Edi\u00e7\u00e3o 2023"},"content":{"rendered":"<p>A Semana Interna de Preven\u00e7\u00e3o de Acidentes do Trabalho (SIPAT) \u00e9 um evento anual que visa a promover a conscientiza\u00e7\u00e3o e preven\u00e7\u00e3o de acidentes e doen\u00e7as ocupacionais. \u00c9 uma oportunidade para os servidores da C\u00e2mara Municipal de S\u00e3o Paulo aprenderem sobre seguran\u00e7a no trabalho e como prevenir acidentes.<\/p>\n<p>A Lei 14.457\/22 atribui \u00e0 Comiss\u00e3o Interna de Preven\u00e7\u00e3o de Acidentes (CIPA) a obriga\u00e7\u00e3o de difundir informa\u00e7\u00f5es, treinamentos, sensibiliza\u00e7\u00e3o e conscientiza\u00e7\u00e3o dos empregados em rela\u00e7\u00e3o aos temas de preven\u00e7\u00e3o e combate ao ass\u00e9dio e demais formas de viol\u00eancia no ambiente de trabalho. Essa lei trouxe mudan\u00e7as importantes para as empresas com CIPA, como a implementa\u00e7\u00e3o do Canal de Den\u00fancias e a realiza\u00e7\u00e3o de treinamentos de preven\u00e7\u00e3o contra ass\u00e9dio.<\/p>\n<p><b>Objetivo<\/b> Promover a conscientiza\u00e7\u00e3o e preven\u00e7\u00e3o de acidentes e doen\u00e7as ocupacionais entre os servidores da C\u00e2mara Municipal de S\u00e3o Paulo.<\/p>\n<p><b>P\u00fablico-alvo <\/b>Servidores da C\u00e2mara Municipal de S\u00e3o Paulo, em especial os Secret\u00e1rios, supervisores, funcion\u00e1rios e chefes de gabinete.<\/p>\n<p><b>Parceiros<\/b> A SIPAT \u00e9 organizada pela Comiss\u00e3o Interna de Preven\u00e7\u00e3o de Acidentes (CIPA) em parceria com a Escola do Parlamento da C\u00e2mara Municipal de S\u00e3o Paulo, a Controladoria Geral do Munic\u00edpio de S\u00e3o Paulo e o Sindicato dos Servidores da CMSP e do TCM \u2013 SINDILEX.<\/p>\n<p><strong>Estrutura <\/strong>A Semana ser\u00e1 realizada na modalidade presencial entre os dias 11 e 15 de setembro, segundo programa\u00e7\u00e3o abaixo, e tamb\u00e9m ter\u00e1 transmiss\u00e3o simult\u00e2nea no <a href=\"https:\/\/www.youtube.com\/@camarasaopaulo\">canal do YouTube da CMSP<\/a>.<\/p>\n<p><strong>Inscri\u00e7\u00f5es ENCERRADAS<\/strong><\/p>\n<p>&nbsp;<\/p>\n<p><b>Programa\u00e7\u00e3o<\/b><\/p>\n<p><em>Dia 11\/09\/2023 \u2013 Segunda-feira<\/em><\/p>\n<p>14h &#8211; Abertura da SIPAT<\/p>\n<p>Composi\u00e7\u00e3o da Mesa:<\/p>\n<p>&#8211; Dr. Daniel Falc\u00e3o \u2013 Controlador Geral do Munic\u00edpio<br \/>\n&#8211; Sr. Gustavo Costa Dias \u2013 Diretor-Presidente da Escola do Parlamento da C\u00e2mara Municipal<br \/>\n&#8211; Sr. Daniel dos Santos \u2013 Presidente do Sindicato dos servidores da CMSP e do TCM<br \/>\n&#8211; Sr. Paulo Ildefonso Herculano Helene de Paula \u2013 Presidente da CIPA<\/p>\n<p>14h30 \u2013 Tema: Ass\u00e9dio<\/p>\n<p>&#8211; Palestrante: Dra. Maria Lumena Balaben Sampaio \u2013 Ouvidoria Geral do Munic\u00edpio, atuando diretamente na Pol\u00edtica P\u00fablica de combate ao Ass\u00e9dio Sexual na Administra\u00e7\u00e3o P\u00fablica<\/p>\n<p>16h \u2013 Tema: Import\u00e2ncia da atualiza\u00e7\u00e3o de vacinas para adultos<\/p>\n<p>&#8211; Palestrante: Sra. Mariana de Souza Araujo \u2013 Coordenadora do Programa Municipal de Imuniza\u00e7\u00f5es da Secretaria Municipal de Sa\u00fade<\/p>\n<p>Local \u2013 Audit\u00f3rio S\u00e9rgio Vieira de Mello \u2013 1\u00ba SS<\/p>\n<p><strong>Assista novamente a programa\u00e7\u00e3o do primeiro dia <a href=\"https:\/\/www.youtube.com\/watch?v=DeRLXOMNSPE&amp;pp=ygUJY2FtYXJhIHNw\">CLICANDO AQUI<\/a><\/strong><\/p>\n<p>&nbsp;<\/p>\n<p><em>Dia 12\/09\/2023 \u2013 Ter\u00e7a-feira<\/em><\/p>\n<p>10h \u00e0s 17h<br \/>\nAtualiza\u00e7\u00e3o de vacinas e vacina\u00e7\u00e3o das seguintes vacinas:<\/p>\n<p>&#8211; Covid 19 \u2013 bivalente;<br \/>\n&#8211; Influenza (gripe) \u2013 trivalente;<br \/>\n&#8211; SCR \u2013 Sarampo, Caxumba e Rub\u00e9ola;<br \/>\n&#8211; DT \u2013 Dupla Adulto \u2013 Difteria e T\u00e9tano.<\/p>\n<p>Local \u2013 Sagu\u00e3o do 1\u00ba SS<\/p>\n<p>&nbsp;<\/p>\n<p><em>Dia 13\/09\/2023 \u2013 Quarta-feira<\/em><\/p>\n<p>14h \u2013 Tema: Seguran\u00e7a, EPI\u2019s, Primeiros Socorros e Brigada de Inc\u00eandio<br \/>\n&#8211; Palestrante: Cabo PM Eliel<br \/>\nLocal \u2013 Audit\u00f3rio S\u00e9rgio Vieira de Mello \u2013 1\u00ba SS<\/p>\n<p><strong>Assista novamente a programa\u00e7\u00e3o do terceiro dia <a href=\"https:\/\/www.youtube.com\/watch?v=tl-wbvvIpcI\">CLICANDO AQUI<\/a><\/strong><\/p>\n<p>&nbsp;<\/p>\n<p><em>Dia 14\/09\/2023 \u2013 Quinta-feira<\/em><\/p>\n<p>14h \u2013 Tema: O que \u00e9 Preven\u00e7\u00e3o Combinada das ISTs\/HIV\/AIDS &#8211; Por que falar sobre isso?<br \/>\n&#8211; Palestrante: Felipe Aparecido Mour\u00e3o \u2013 Analista em sa\u00fade, farmac\u00eautico da Supervis\u00e3o T\u00e9cnica de Sa\u00fade S\u00e9 da Secretaria Municipal de Sa\u00fade<\/p>\n<p>Local \u2013 Audit\u00f3rio Prestes Maia \u2013 1\u00ba Andar<\/p>\n<p><strong>Assista novamente a programa\u00e7\u00e3o do quarto dia <a href=\"https:\/\/www.youtube.com\/watch?v=C7J4fpfxVjY\">CLICANDO AQUI<\/a><\/strong><\/p>\n<p>&nbsp;<\/p>\n<p><em>Dia 15\/09\/2023 \u2013 Sexta-feira<\/em><\/p>\n<p>10h \u00e0s 18h (o hor\u00e1rio das 17h \u00e0s 18h ser\u00e1 destinado preferencialmente para o pessoal da APM e da GCM)<\/p>\n<p>Atualiza\u00e7\u00e3o de vacinas e vacina\u00e7\u00e3o das seguintes vacinas:<\/p>\n<p>&#8211; Covid 19 \u2013 bivalente;<br \/>\n&#8211; Influenza (gripe) \u2013 trivalente;<br \/>\n&#8211; SCR \u2013 Sarampo, Caxumba e Rub\u00e9ola;<br \/>\n&#8211; DT \u2013 Dupla Adulto \u2013 Difteria e T\u00e9tano.<\/p>\n<p>Local \u2013 Sagu\u00e3o do 1\u00ba SS<\/p>\n<p>14h \u2013 Encerramento e agradecimentos aos parceiros da SIPAT 2023<\/p>\n<p>Local \u2013 Audit\u00f3rio Prestes Maia \u2013 1\u00ba Andar<\/p>\n<p><strong>Assista novamente a cerim\u00f4nia de encerramento <a href=\"https:\/\/www.youtube.com\/watch?v=51wNlfyIzzQ\">CLICANDO AQUI<\/a><\/strong><\/p>\n<p>&nbsp;<\/p>\n<p>Certifica\u00e7\u00e3o somente a partir de inscri\u00e7\u00e3o via Sympla e confirma\u00e7\u00e3o de presen\u00e7a na entrada do evento (ingresso presencial) ou resposta ao question\u00e1rio de rea\u00e7\u00e3o (ingresso online).<\/p>\n<p>&nbsp;<\/p>\n","protected":false},"excerpt":{"rendered":"<p>A Semana Interna de Preven\u00e7\u00e3o de Acidentes do Trabalho (SIPAT) \u00e9 um evento anual que visa a promover a conscientiza\u00e7\u00e3o e preven\u00e7\u00e3o de acidentes e doen\u00e7as ocupacionais. \u00c9 uma oportunidade para os servidores da C\u00e2mara Municipal de S\u00e3o Paulo aprenderem sobre seguran\u00e7a no trabalho e como prevenir acidentes. A Lei 14.457\/22 atribui \u00e0 Comiss\u00e3o Interna [&hellip;]<\/p>\n","protected":false},"author":745,"featured_media":0,"parent":28305,"menu_order":66,"comment_status":"closed","ping_status":"closed","template":"","meta":{"_acf_changed":false,"footnotes":""},"class_list":["post-28676","page","type-page","status-publish","hentry"],"acf":[],"_links":{"self":[{"href":"https:\/\/www.saopaulo.sp.leg.br\/escoladoparlamento\/wp-json\/wp\/v2\/pages\/28676","targetHints":{"allow":["GET"]}}],"collection":[{"href":"https:\/\/www.saopaulo.sp.leg.br\/escoladoparlamento\/wp-json\/wp\/v2\/pages"}],"about":[{"href":"https:\/\/www.saopaulo.sp.leg.br\/escoladoparlamento\/wp-json\/wp\/v2\/types\/page"}],"author":[{"embeddable":true,"href":"https:\/\/www.saopaulo.sp.leg.br\/escoladoparlamento\/wp-json\/wp\/v2\/users\/745"}],"replies":[{"embeddable":true,"href":"https:\/\/www.saopaulo.sp.leg.br\/escoladoparlamento\/wp-json\/wp\/v2\/comments?post=28676"}],"version-history":[{"count":0,"href":"https:\/\/www.saopaulo.sp.leg.br\/escoladoparlamento\/wp-json\/wp\/v2\/pages\/28676\/revisions"}],"up":[{"embeddable":true,"href":"https:\/\/www.saopaulo.sp.leg.br\/escoladoparlamento\/wp-json\/wp\/v2\/pages\/28305"}],"wp:attachment":[{"href":"https:\/\/www.saopaulo.sp.leg.br\/escoladoparlamento\/wp-json\/wp\/v2\/media?parent=28676"}],"curies":[{"name":"wp","href":"https:\/\/api.w.org\/{rel}","templated":true}]}}