{"id":28311,"date":"2023-03-16T14:44:28","date_gmt":"2023-03-16T17:44:28","guid":{"rendered":"https:\/\/www.saopaulo.sp.leg.br\/escoladoparlamento\/?page_id=28311"},"modified":"2023-03-20T10:09:53","modified_gmt":"2023-03-20T13:09:53","slug":"11o-encontro-da-apel-associacao-paulista-de-escola-do-legislativo-e-contas","status":"publish","type":"page","link":"https:\/\/www.saopaulo.sp.leg.br\/escoladoparlamento\/cursos\/cursos-anteriores\/cursos-realizados-em-2023\/11o-encontro-da-apel-associacao-paulista-de-escola-do-legislativo-e-contas\/","title":{"rendered":"11\u00ba Encontro da APEL &#8211; Associa\u00e7\u00e3o Paulista de Escola do Legislativo e Contas"},"content":{"rendered":"<p><img loading=\"lazy\" decoding=\"async\" class=\"alignright\" src=\"https:\/\/www.saopaulo.sp.leg.br\/escoladoparlamento\/wp-content\/uploads\/sites\/5\/2023\/03\/apel.jpg\" width=\"199\" height=\"199\" \/><\/p>\n<p>&nbsp;<\/p>\n<p>Encontro que tem por finalidade a troca de experi\u00eancias entre as Escolas de Governo, a qualifica\u00e7\u00e3o dos movimentos de Educa\u00e7\u00e3o Legislativa no Estado de S\u00e3o Paulo e o fortalecimento da Educa\u00e7\u00e3o para a Cidadania. Na ocasi\u00e3o, teremos a elei\u00e7\u00e3o da Diretoria e Conselho Fiscal da APEL para o bi\u00eanio de 2023 a 2024. O evento tem como parceiros, al\u00e9m da C\u00e2mara Municipal de S\u00e3o Paulo e da Escola do Parlamento de S\u00e3o Paulo, a Konrad Adenauer Stiftung, a Oficina Municipal e a Associa\u00e7\u00e3o Brasileira de Escolas do Legislativo e Contas.<\/p>\n<p>A atividade ser\u00e1 realizada na modalidade presencial no dia 10 de mar\u00e7o, das 09 \u00e0s 16 horas, no Sal\u00e3o Nobre do Pal\u00e1cio Anchieta, sede da C\u00e2mara Municipal de S\u00e3o Paulo.<\/p>\n<p>O evento tamb\u00e9m ter\u00e1 transmiss\u00e3o simult\u00e2nea no canal do\u00a0<a href=\"http:\/\/youtube.com\/@camarasaopaulo\">YouTube da CMSP<\/a>.<\/p>\n<p>Todos os que pretendem assistir ao evento presencialmente devem fazer sua inscri\u00e7\u00e3o para a emiss\u00e3o do Certificado de Participa\u00e7\u00e3o, principalmente os interessados em concorrer a algum cargo.<\/p>\n<p>&nbsp;<\/p>\n<p>Inscri\u00e7\u00f5es <strong>ENCERRADAS<\/strong><\/p>\n<p>&nbsp;<\/p>\n<p>Grava\u00e7\u00e3o do evento no canal do YouTube da C\u00e2mara Municipal de S\u00e3o Paulo:<\/p>\n<p><a href=\"https:\/\/www.youtube.com\/watch?v=ZnOgv1p5mao\"><strong>Parte 1<\/strong><\/a><\/p>\n<p><a href=\"https:\/\/www.youtube.com\/watch?v=VOlfS-_CmVY\"><strong>Parte 2<\/strong><\/a><\/p>\n<p>&nbsp;<\/p>\n<h3>PROGRAMA\u00c7\u00c3O<\/h3>\n<p>&nbsp;<\/p>\n<table width=\"100%\" cellspacing=\"0\" cellpadding=\"7\">\n<tbody>\n<tr>\n<td width=\"69%\" height=\"12\">\n<p style=\"text-align: left\"><strong>EVENTO<\/strong><\/p>\n<\/td>\n<td style=\"text-align: center\" width=\"31%\"><strong>HOR\u00c1RIO<\/strong><\/td>\n<\/tr>\n<tr>\n<td width=\"69%\" height=\"12\">\n<p style=\"text-align: left\">Coffee break<\/p>\n<\/td>\n<td style=\"text-align: center\" width=\"31%\">09h00<\/td>\n<\/tr>\n<tr>\n<td width=\"69%\" height=\"12\">\n<p class=\"western\">Abertura<\/p>\n<\/td>\n<td width=\"31%\">\n<p class=\"western\" align=\"center\">10h00<\/p>\n<\/td>\n<\/tr>\n<tr>\n<td width=\"69%\" height=\"12\">\n<p class=\"western\">Palestra Prof. Dr. Alexsandro do Nascimento Santos<\/p>\n<p class=\"western\">Tema: O papel das escolas e o fortalecimento da Democracia<\/p>\n<\/td>\n<td width=\"31%\">\n<p class=\"western\" align=\"center\">10h30<\/p>\n<\/td>\n<\/tr>\n<tr>\n<td width=\"69%\" height=\"12\">\n<p class=\"western\">Atividade Oficina Municipal<\/p>\n<p class=\"western\">Sistematiza\u00e7\u00e3o de boas pr\u00e1ticas em Escolas do Legislativo<\/p>\n<\/td>\n<td width=\"31%\">\n<p class=\"western\" align=\"center\">11h10<\/p>\n<\/td>\n<\/tr>\n<tr>\n<td width=\"69%\" height=\"12\">\n<p class=\"western\">Elei\u00e7\u00e3o dos Conselhos<\/p>\n<p class=\"western\">Bi\u00eanio 2023-2024<\/p>\n<\/td>\n<td width=\"31%\">\n<p class=\"western\" align=\"center\">12h30<\/p>\n<\/td>\n<\/tr>\n<tr>\n<td width=\"69%\" height=\"12\">\n<p class=\"western\">Almo\u00e7o<\/p>\n<\/td>\n<td width=\"31%\">\n<p class=\"western\" align=\"center\">13h00<\/p>\n<\/td>\n<\/tr>\n<tr>\n<td width=\"69%\" height=\"12\">\n<p class=\"western\">Apresenta\u00e7\u00e3o das Escolas<\/p>\n<\/td>\n<td width=\"31%\">\n<p class=\"western\" align=\"center\">14h00<\/p>\n<\/td>\n<\/tr>\n<tr>\n<td width=\"69%\" height=\"11\">\n<p class=\"western\">Encerramento<\/p>\n<\/td>\n<td width=\"31%\">\n<p class=\"western\" align=\"center\">15h30<\/p>\n<\/td>\n<\/tr>\n<\/tbody>\n<\/table>\n<p>&nbsp;<\/p>\n","protected":false},"excerpt":{"rendered":"<p>&nbsp; Encontro que tem por finalidade a troca de experi\u00eancias entre as Escolas de Governo, a qualifica\u00e7\u00e3o dos movimentos de Educa\u00e7\u00e3o Legislativa no Estado de S\u00e3o Paulo e o fortalecimento da Educa\u00e7\u00e3o para a Cidadania. Na ocasi\u00e3o, teremos a elei\u00e7\u00e3o da Diretoria e Conselho Fiscal da APEL para o bi\u00eanio de 2023 a 2024. O [&hellip;]<\/p>\n","protected":false},"author":745,"featured_media":0,"parent":28305,"menu_order":78,"comment_status":"closed","ping_status":"closed","template":"","meta":{"_acf_changed":false,"footnotes":""},"class_list":["post-28311","page","type-page","status-publish","hentry"],"acf":[],"_links":{"self":[{"href":"https:\/\/www.saopaulo.sp.leg.br\/escoladoparlamento\/wp-json\/wp\/v2\/pages\/28311","targetHints":{"allow":["GET"]}}],"collection":[{"href":"https:\/\/www.saopaulo.sp.leg.br\/escoladoparlamento\/wp-json\/wp\/v2\/pages"}],"about":[{"href":"https:\/\/www.saopaulo.sp.leg.br\/escoladoparlamento\/wp-json\/wp\/v2\/types\/page"}],"author":[{"embeddable":true,"href":"https:\/\/www.saopaulo.sp.leg.br\/escoladoparlamento\/wp-json\/wp\/v2\/users\/745"}],"replies":[{"embeddable":true,"href":"https:\/\/www.saopaulo.sp.leg.br\/escoladoparlamento\/wp-json\/wp\/v2\/comments?post=28311"}],"version-history":[{"count":0,"href":"https:\/\/www.saopaulo.sp.leg.br\/escoladoparlamento\/wp-json\/wp\/v2\/pages\/28311\/revisions"}],"up":[{"embeddable":true,"href":"https:\/\/www.saopaulo.sp.leg.br\/escoladoparlamento\/wp-json\/wp\/v2\/pages\/28305"}],"wp:attachment":[{"href":"https:\/\/www.saopaulo.sp.leg.br\/escoladoparlamento\/wp-json\/wp\/v2\/media?parent=28311"}],"curies":[{"name":"wp","href":"https:\/\/api.w.org\/{rel}","templated":true}]}}