{"id":27234,"date":"2022-02-07T15:49:42","date_gmt":"2022-02-07T18:49:42","guid":{"rendered":"https:\/\/www.saopaulo.sp.leg.br\/escoladoparlamento\/?page_id=27234"},"modified":"2023-03-09T16:39:14","modified_gmt":"2023-03-09T19:39:14","slug":"cursos-realizados-em-2022","status":"publish","type":"page","link":"https:\/\/www.saopaulo.sp.leg.br\/escoladoparlamento\/cursos\/cursos-anteriores\/cursos-realizados-em-2022\/","title":{"rendered":"Cursos Realizados em 2022"},"content":{"rendered":"<h4><span style=\"color: #000000\">Janeiro<\/span><\/h4>\n<p><a href=\"https:\/\/www.saopaulo.sp.leg.br\/escoladoparlamento\/cursos\/cursos-anteriores\/cursos-realizados-em-2022\/desenvolvimento-de-cidades-latino-americanas-pos-surgimento-da-pandemia-de-covid-19\/\">Desenvolvimento de Cidades Latino-Americanas no Contexto da (P\u00f3s) Pandemia de COVID<\/a><\/p>\n<p>&nbsp;<\/p>\n<p><strong>Mar\u00e7o<\/strong><\/p>\n<p><a href=\"https:\/\/www.saopaulo.sp.leg.br\/escoladoparlamento\/cursos\/cursos-anteriores\/cursos-realizados-em-2022\/mulheres-na-democracia-brasileira-direitos-de-cidadania-e-participacao-politica\/\">Mulheres na Democracia Brasileira &#8211; Direitos de Cidadania e Participa\u00e7\u00e3o Pol\u00edtica<\/a><\/p>\n<div class=\"EventClosedBannerstyle__EventClosedBannerEventName-sc-1ctnwnf-3 daJopD\">\n<p><a href=\"https:\/\/www.saopaulo.sp.leg.br\/escoladoparlamento\/cursos\/cursos-anteriores\/cursos-realizados-em-2022\/reflexoes-acerca-de-algumas-competencias-dos-quadros-pos-graduados\/\">Reflex\u00f5es acerca de algumas compet\u00eancias dos quadros p\u00f3s-graduados<\/a><\/p>\n<p><a href=\"https:\/\/www.saopaulo.sp.leg.br\/escoladoparlamento\/cursos\/cursos-anteriores\/cursos-realizados-em-2022\/politicas-publicas-de-habitacao-desafios-e-perspectivas-do-direito-a-moradia-e-do-direito-a-cidade\/\">Pol\u00edticas P\u00fablicas de Habita\u00e7\u00e3o: Desafios e Perspectivas do Direito \u00e0 Moradia e do Direito \u00e0 Cidade<\/a><\/p>\n<p>&nbsp;<\/p>\n<p><strong>Abril<\/strong><\/p>\n<p><a href=\"https:\/\/www.saopaulo.sp.leg.br\/escoladoparlamento\/cursos\/cursos-anteriores\/cursos-realizados-em-2022\/a-abordagem-do-ciclo-de-politicas-publicas-e-a-implementacao-de-politicas-educacionais\/\">A abordagem do Ciclo de Pol\u00edticas P\u00fablicas e a Implementa\u00e7\u00e3o de Pol\u00edticas Educacionais<\/a><\/p>\n<\/div>\n<p><a href=\"https:\/\/www.saopaulo.sp.leg.br\/escoladoparlamento\/cursos\/cursos-anteriores\/cursos-realizados-em-2022\/cinema-e-jornalismo-luzes-sobre-sao-paulo-leituras-diversas-da-maior-metropole-brasileira\/\">Lan\u00e7amento do E-Book \u201cCinema e Jornalismo: Luzes Sobre S\u00e3o Paulo\u201d<\/a><\/p>\n<p>&nbsp;<\/p>\n<p><strong>Maio<\/strong><\/p>\n<div class=\"EventClosedBannerstyle__EventClosedBannerEventName-sc-1ctnwnf-3 daJopD\">\n<p><a href=\"https:\/\/www.saopaulo.sp.leg.br\/escoladoparlamento\/cursos\/cursos-anteriores\/cursos-realizados-em-2022\/pedagogias-do-social-nos-ccas-e-cjs-fundamentos-e-praticas\/\">Pedagogias do Social nos CCAS e CJS: fundamentos e pr\u00e1ticas<\/a><\/p>\n<div>\n<p>&nbsp;<\/p>\n<p><strong>Junho<\/strong><\/p>\n<div class=\"EventClosedBannerstyle__EventClosedBannerEventName-sc-1ctnwnf-3 daJopD\">\n<p><a href=\"https:\/\/www.saopaulo.sp.leg.br\/escoladoparlamento\/cursos\/cursos-anteriores\/cursos-realizados-em-2022\/o-papel-do-vereador-e-o-desafio-das-camaras-municipais\/\">O papel dos vereadores e o desafio das C\u00e2maras Municipais<\/a><\/p>\n<p><a href=\"https:\/\/www.saopaulo.sp.leg.br\/escoladoparlamento\/cursos\/cursos-anteriores\/cursos-realizados-em-2022\/comunicacao-politica-e-eleitoral\/\">Comunica\u00e7\u00e3o Pol\u00edtica e Eleitoral<\/a><\/p>\n<p><a href=\"https:\/\/www.saopaulo.sp.leg.br\/escoladoparlamento\/cursos\/cursos-anteriores\/cursos-realizados-em-2022\/politicas-publicas-de-cultura\/\">Pol\u00edticas P\u00fablicas de Cultura<\/a><\/p>\n<p><a href=\"https:\/\/www.saopaulo.sp.leg.br\/escoladoparlamento\/cursos\/cursos-anteriores\/cursos-realizados-em-2022\/lab-homem-negro\/\">Lab Homem Negro<\/a><\/p>\n<p><a href=\"https:\/\/www.saopaulo.sp.leg.br\/escoladoparlamento\/cursos\/cursos-anteriores\/cursos-realizados-em-2022\/oficina-de-governo-aberto-por-dentro-das-emendas-parlamentares\/?utm_source=pdep\">Oficina de Governo Aberto: Por Dentro das Emendas Parlamentares<\/a><\/p>\n<p><a href=\"https:\/\/www.saopaulo.sp.leg.br\/escoladoparlamento\/cursos\/cursos-anteriores\/cursos-realizados-em-2022\/ii-seminario-desafios-da-educacao-politica-e-civica\/\">II Semin\u00e1rio Desafios da Educa\u00e7\u00e3o Pol\u00edtica<\/a><\/p>\n<p>&nbsp;<\/p>\n<p><strong>Agosto<\/strong><\/p>\n<p><a href=\"https:\/\/www.saopaulo.sp.leg.br\/escoladoparlamento\/cursos\/cursos-anteriores\/cursos-realizados-em-2022\/lancamento-do-livro-desafios-do-desenvolvimento-brasileiro-pos-covid-19\/\">Lan\u00e7amento do livro &#8220;Desafios do Desenvolvimento Brasileiro P\u00f3s-covid-19&#8221;<\/a><\/p>\n<p><a href=\"https:\/\/www.saopaulo.sp.leg.br\/escoladoparlamento\/cursos\/cursos-anteriores\/cursos-realizados-em-2022\/cidades-inteligentes-cooperam-entre-si\/\">CIDADES INTELIGENTES COOPERAM ENTRE SI<\/a><\/p>\n<\/div>\n<p><a href=\"https:\/\/www.saopaulo.sp.leg.br\/escoladoparlamento\/cursos\/cursos-anteriores\/cursos-realizados-em-2022\/vi-jornada-paulista-de-cerimonial\/\">VI Jornada Paulista de Cerimonial<\/a><\/p>\n<p><a href=\"https:\/\/www.saopaulo.sp.leg.br\/escoladoparlamento\/cursos\/cursos-anteriores\/cursos-realizados-em-2022\/politicas-publicas-de-educacao-para-o-enfrentamento-ao-racismo\/\">Pol\u00edticas P\u00fablicas de Educa\u00e7\u00e3o para o Enfrentamento ao Racismo<\/a><\/p>\n<p><a href=\"https:\/\/www.saopaulo.sp.leg.br\/escoladoparlamento\/cursos\/cursos-anteriores\/cursos-realizados-em-2022\/oficina-de-governo-aberto-ser-ou-nao-ser-um-conselheiro-municipal\/\">Oficina de Governo Aberto: Ser ou N\u00e3o Ser um Conselheiro Municipal<\/a><\/p>\n<p><a href=\"https:\/\/www.saopaulo.sp.leg.br\/escoladoparlamento\/cursos\/cursos-anteriores\/cursos-realizados-em-2022\/transparencia-responsabilidade-e-participacao-democratica\/\">Transpar\u00eancia, responsabilidade e participa\u00e7\u00e3o democr\u00e1tica<\/a><\/p>\n<\/div>\n<\/div>\n<p>&nbsp;<\/p>\n<p><strong>Outubro<\/strong><\/p>\n<p><a href=\"https:\/\/www.saopaulo.sp.leg.br\/escoladoparlamento\/cursos\/cursos-anteriores\/cursos-realizados-em-2022\/ciclo-de-debates-concessao-da-gestao-de-residuos-solidos-em-sao-paulo\/\">Ciclo de Debates Concess\u00e3o da Gest\u00e3o de Res\u00edduos S\u00f3lidos em S\u00e3o Paulo<\/a><\/p>\n<p>&nbsp;<\/p>\n<p><strong>Novembro<\/strong><\/p>\n<p><a href=\"https:\/\/www.saopaulo.sp.leg.br\/escoladoparlamento\/cursos\/cursos-anteriores\/cursos-realizados-em-2022\/relacoes-raciais\/\">Rela\u00e7\u00f5es Raciais &#8211; lan\u00e7amento da Revista Parlamento e Sociedade 18<\/a><\/p>\n<p>&nbsp;<\/p>\n<p><strong>Dezembro<\/strong><\/p>\n<p><a href=\"https:\/\/www.saopaulo.sp.leg.br\/escoladoparlamento\/cursos\/cursos-anteriores\/cursos-realizados-em-2022\/lancamento-do-glossario-coletivo-de-enfrentamento-ao-idadismo\/\">Lan\u00e7amento &#8211; Gloss\u00e1rio Coletivo de Enfrentamento ao Idadismo<\/a><\/p>\n","protected":false},"excerpt":{"rendered":"<p>Janeiro Desenvolvimento de Cidades Latino-Americanas no Contexto da (P\u00f3s) Pandemia de COVID &nbsp; Mar\u00e7o Mulheres na Democracia Brasileira &#8211; Direitos de Cidadania e Participa\u00e7\u00e3o Pol\u00edtica Reflex\u00f5es acerca de algumas compet\u00eancias dos quadros p\u00f3s-graduados Pol\u00edticas P\u00fablicas de Habita\u00e7\u00e3o: Desafios e Perspectivas do Direito \u00e0 Moradia e do Direito \u00e0 Cidade &nbsp; Abril A abordagem do Ciclo [&hellip;]<\/p>\n","protected":false},"author":731,"featured_media":0,"parent":169,"menu_order":113,"comment_status":"closed","ping_status":"closed","template":"","meta":{"_acf_changed":false,"footnotes":""},"class_list":["post-27234","page","type-page","status-publish","hentry"],"acf":[],"_links":{"self":[{"href":"https:\/\/www.saopaulo.sp.leg.br\/escoladoparlamento\/wp-json\/wp\/v2\/pages\/27234","targetHints":{"allow":["GET"]}}],"collection":[{"href":"https:\/\/www.saopaulo.sp.leg.br\/escoladoparlamento\/wp-json\/wp\/v2\/pages"}],"about":[{"href":"https:\/\/www.saopaulo.sp.leg.br\/escoladoparlamento\/wp-json\/wp\/v2\/types\/page"}],"author":[{"embeddable":true,"href":"https:\/\/www.saopaulo.sp.leg.br\/escoladoparlamento\/wp-json\/wp\/v2\/users\/731"}],"replies":[{"embeddable":true,"href":"https:\/\/www.saopaulo.sp.leg.br\/escoladoparlamento\/wp-json\/wp\/v2\/comments?post=27234"}],"version-history":[{"count":0,"href":"https:\/\/www.saopaulo.sp.leg.br\/escoladoparlamento\/wp-json\/wp\/v2\/pages\/27234\/revisions"}],"up":[{"embeddable":true,"href":"https:\/\/www.saopaulo.sp.leg.br\/escoladoparlamento\/wp-json\/wp\/v2\/pages\/169"}],"wp:attachment":[{"href":"https:\/\/www.saopaulo.sp.leg.br\/escoladoparlamento\/wp-json\/wp\/v2\/media?parent=27234"}],"curies":[{"name":"wp","href":"https:\/\/api.w.org\/{rel}","templated":true}]}}