{"id":26631,"date":"2021-08-31T15:01:05","date_gmt":"2021-08-31T18:01:05","guid":{"rendered":"https:\/\/www.saopaulo.sp.leg.br\/escoladoparlamento\/?page_id=26631"},"modified":"2025-08-27T10:22:10","modified_gmt":"2025-08-27T13:22:10","slug":"curso-de-extensao-universitaria-educacao-para-as-midias-e-qualidade-da-democracia-no-brasil","status":"publish","type":"page","link":"https:\/\/www.saopaulo.sp.leg.br\/escoladoparlamento\/credenciamento\/editais-anteriores\/curso-de-extensao-universitaria-educacao-para-as-midias-e-qualidade-da-democracia-no-brasil\/","title":{"rendered":"Curso de Extens\u00e3o Universit\u00e1ria Educa\u00e7\u00e3o para as M\u00eddias e Qualidade da Democracia no Brasil"},"content":{"rendered":"<h3><strong>Descri\u00e7\u00e3o da Atividade<\/strong><\/h3>\n<p>Curso de extens\u00e3o universit\u00e1ria desenvolvido em regime de aprendizagem remota, com recursos de plataforma de transmiss\u00e3o virtual e carga hor\u00e1ria total de 14 horas.<br \/>\nO curso mobilizar\u00e1 o repert\u00f3rio te\u00f3rico, conceitual e anal\u00edtico interdisciplinar, notadamente das \u00e1reas de <strong>educa\u00e7\u00e3o para as m\u00eddias<\/strong>, <strong>comunica\u00e7\u00e3o social<\/strong>, e <strong>educa\u00e7\u00e3o pol\u00edtica\/educa\u00e7\u00e3o c\u00edvica<\/strong> para discutir, entre outros temas: a) rela\u00e7\u00f5es entre comunica\u00e7\u00e3o social, esfera p\u00fablica e coes\u00e3o social; b) as rela\u00e7\u00f5es entre a qualidade da democracia e a organiza\u00e7\u00e3o da esfera comunicacional p\u00fablica no Brasil e no mundo; c) as rela\u00e7\u00f5es entre a qualidade da democracia e o fen\u00f4meno das <em>fake news;<\/em> d) as rela\u00e7\u00f5es entre qualidade da democracia, educa\u00e7\u00e3o pol\u00edtica\/educa\u00e7\u00e3o c\u00edvica e letramento midi\u00e1tico.<\/p>\n<p>Nessa se\u00e7\u00e3o voc\u00ea encontra o cronograma, conjunto de links e materiais de refer\u00eancia importantes para a inscri\u00e7\u00e3o, preenchimento adequado de documentos e envio de recursos deste processo seletivo.<\/p>\n<p>========================<\/p>\n<h4><a href=\"https:\/\/docs.google.com\/forms\/d\/1lGFNox-OUnm54CSZkrTZH7mnLE1nYeZgK-Pwj7_6JoA\"><strong>Formul\u00e1rio de Inscri\u00e7\u00e3o<\/strong><\/a><\/h4>\n<h4><a href=\"https:\/\/www.saopaulo.sp.leg.br\/escoladoparlamento\/wp-content\/uploads\/sites\/5\/2021\/09\/EDITAL-EP-05.21-Educac\u0327a\u0303o-para-as-Mi\u0301dias-e-Qualidade-da-Democracia-no-Brasil-_FINAL.REVISADO1.pdf\"><strong>Edital de Credenciamento<\/strong><\/a><\/h4>\n<p><strong><a href=\"https:\/\/docs.google.com\/forms\/d\/1dHxxVifrOuit8GPl3u_42vaXSH6tD0siXl_yGU5lPDc\">Recurso contra Indeferimento de Inscri\u00e7\u00f5es<\/a><\/strong><\/p>\n<p><a href=\"https:\/\/docs.google.com\/forms\/d\/1GN6t6Rx-_77e0vE6wL2qE6DOEhNhkI3FTljAeyp97yk\"><strong>Recurso contra Resultado Preliminar<\/strong><\/a><\/p>\n<p>&nbsp;<\/p>\n<h3><strong>Documentos importantes:<\/strong><\/h3>\n<h4><a href=\"https:\/\/www.saopaulo.sp.leg.br\/escoladoparlamento\/wp-content\/uploads\/sites\/5\/2021\/09\/Anexo-II_Edital-Educacao-Midias.docx\"><strong>Anexo II \u2013 Declara\u00e7\u00e3o de Autenticidade<\/strong><\/a><\/h4>\n<h4><a href=\"https:\/\/www.saopaulo.sp.leg.br\/escoladoparlamento\/wp-content\/uploads\/sites\/5\/2021\/09\/Anexo-III_Edital-Educacao-Midias.docx\"><strong>Anexo III \u2013 Declara\u00e7\u00e3o de apresenta\u00e7\u00e3o de comprovantes de experi\u00eancia profissional e produ\u00e7\u00e3o acad\u00eamica<\/strong><strong> submetidos para an\u00e1lise<\/strong><\/a><\/h4>\n<p><strong><a href=\"https:\/\/www.saopaulo.sp.leg.br\/escoladoparlamento\/wp-content\/uploads\/sites\/5\/2021\/09\/DECLARAC\u0327A\u0303O-EMQDB_01.docx\">Declara\u00e7\u00e3o EMQDB_01<\/a><\/strong><\/p>\n<p>&nbsp;<\/p>\n<h3><strong>Links importantes:<\/strong><\/h3>\n<p><a href=\"https:\/\/www.saopaulo.sp.leg.br\/escoladoparlamento\/wp-content\/uploads\/sites\/5\/2021\/10\/ResultadoPreliminar_EMQDB.pdf\"><strong>Publica\u00e7\u00e3o do Resultado Preliminar do Processo de Credenciamento (Publica\u00e7\u00e3o DOC 05.10.21 pp. 107)<\/strong><\/a><\/p>\n<p>&nbsp;<\/p>\n<h3><strong>Cronograma relativo ao Edital:<\/strong><\/h3>\n<table width=\"718\" cellspacing=\"0\" cellpadding=\"7\">\n<tbody>\n<tr>\n<td style=\"background: transparent\" width=\"482\" height=\"23\">\n<p class=\"western\" align=\"center\"><b>EVENTO<\/b><\/p>\n<\/td>\n<td style=\"background: transparent\" width=\"206\">\n<p class=\"western\" align=\"center\"><b>DATA<\/b><\/p>\n<\/td>\n<\/tr>\n<tr>\n<td style=\"background: transparent\" width=\"482\" height=\"24\">\n<p class=\"western\">Publica\u00e7\u00e3o do Edital de Credenciamento no Di\u00e1rio Oficial do Munic\u00edpio<\/p>\n<\/td>\n<td style=\"background: transparent\" width=\"206\">\n<p class=\"western\" align=\"center\">02\/09\/2021<\/p>\n<\/td>\n<\/tr>\n<tr>\n<td style=\"background: transparent\" width=\"482\">\n<p class=\"western\">Per\u00edodo de inscri\u00e7\u00e3o<\/p>\n<\/td>\n<td style=\"background: transparent\" width=\"206\">\n<p class=\"western\" align=\"center\">das 10h00 do dia 03\/09\/2021 at\u00e9 \u00e0s 23h59min do dia 16\/09\/2021<\/p>\n<\/td>\n<\/tr>\n<tr>\n<td style=\"background: transparent\" width=\"482\" height=\"24\">\n<p class=\"western\">Publica\u00e7\u00e3o da lista de inscri\u00e7\u00f5es habilitadas<\/p>\n<\/td>\n<td style=\"background: transparent\" width=\"206\">\n<p class=\"western\" align=\"center\">18\/09\/2021<\/p>\n<\/td>\n<\/tr>\n<tr>\n<td style=\"background: transparent\" width=\"482\" height=\"5\">\n<p class=\"western\">Interposi\u00e7\u00e3o de recurso contra n\u00e3o-habilita\u00e7\u00e3o de inscri\u00e7\u00e3o<\/p>\n<\/td>\n<td style=\"background: transparent\" width=\"206\">\n<p class=\"western\" align=\"center\">do dia 19\/09\/2021 at\u00e9 \u00e0s 23h59min do dia 20\/09\/2021<\/p>\n<\/td>\n<\/tr>\n<tr>\n<td style=\"background: transparent\" width=\"482\" height=\"24\">\n<p class=\"western\">Publica\u00e7\u00e3o da an\u00e1lise de recursos contra n\u00e3o-habilita\u00e7\u00e3o de inscri\u00e7\u00e3o<\/p>\n<\/td>\n<td style=\"background: transparent\" width=\"206\">\n<p class=\"western\" align=\"center\">25\/09\/2021<\/p>\n<\/td>\n<\/tr>\n<tr>\n<td style=\"background: transparent\" width=\"482\" height=\"24\">\n<p class=\"western\">Publica\u00e7\u00e3o do resultado preliminar do processo de credenciamento<\/p>\n<\/td>\n<td style=\"background: transparent\" width=\"206\">\n<p class=\"western\" align=\"center\">05\/10\/2021<\/p>\n<\/td>\n<\/tr>\n<tr>\n<td style=\"background: transparent\" width=\"482\" height=\"16\">\n<p class=\"western\">Interposi\u00e7\u00e3o de recurso contra resultado preliminar<\/p>\n<\/td>\n<td style=\"background: transparent\" width=\"206\">\n<p class=\"western\" align=\"center\">das 10h00 do dia 06\/10\/2021 at\u00e9 \u00e0s 23h59min do dia 07\/10\/2021<\/p>\n<\/td>\n<\/tr>\n<tr>\n<td style=\"background: transparent\" width=\"482\" height=\"23\">\n<p class=\"western\">Publica\u00e7\u00e3o do resultado final do processo de credenciamento<\/p>\n<\/td>\n<td style=\"background: transparent\" width=\"206\">\n<p class=\"western\" align=\"center\">09\/10\/2021<\/p>\n<\/td>\n<\/tr>\n<\/tbody>\n<\/table>\n","protected":false},"excerpt":{"rendered":"<p>Descri\u00e7\u00e3o da Atividade Curso de extens\u00e3o universit\u00e1ria desenvolvido em regime de aprendizagem remota, com recursos de plataforma de transmiss\u00e3o virtual e carga hor\u00e1ria total de 14 horas. O curso mobilizar\u00e1 o repert\u00f3rio te\u00f3rico, conceitual e anal\u00edtico interdisciplinar, notadamente das \u00e1reas de educa\u00e7\u00e3o para as m\u00eddias, comunica\u00e7\u00e3o social, e educa\u00e7\u00e3o pol\u00edtica\/educa\u00e7\u00e3o c\u00edvica para discutir, entre outros [&hellip;]<\/p>\n","protected":false},"author":745,"featured_media":0,"parent":2870,"menu_order":139,"comment_status":"closed","ping_status":"closed","template":"","meta":{"_acf_changed":false,"footnotes":""},"class_list":["post-26631","page","type-page","status-publish","hentry"],"acf":[],"_links":{"self":[{"href":"https:\/\/www.saopaulo.sp.leg.br\/escoladoparlamento\/wp-json\/wp\/v2\/pages\/26631","targetHints":{"allow":["GET"]}}],"collection":[{"href":"https:\/\/www.saopaulo.sp.leg.br\/escoladoparlamento\/wp-json\/wp\/v2\/pages"}],"about":[{"href":"https:\/\/www.saopaulo.sp.leg.br\/escoladoparlamento\/wp-json\/wp\/v2\/types\/page"}],"author":[{"embeddable":true,"href":"https:\/\/www.saopaulo.sp.leg.br\/escoladoparlamento\/wp-json\/wp\/v2\/users\/745"}],"replies":[{"embeddable":true,"href":"https:\/\/www.saopaulo.sp.leg.br\/escoladoparlamento\/wp-json\/wp\/v2\/comments?post=26631"}],"version-history":[{"count":1,"href":"https:\/\/www.saopaulo.sp.leg.br\/escoladoparlamento\/wp-json\/wp\/v2\/pages\/26631\/revisions"}],"predecessor-version":[{"id":29679,"href":"https:\/\/www.saopaulo.sp.leg.br\/escoladoparlamento\/wp-json\/wp\/v2\/pages\/26631\/revisions\/29679"}],"up":[{"embeddable":true,"href":"https:\/\/www.saopaulo.sp.leg.br\/escoladoparlamento\/wp-json\/wp\/v2\/pages\/2870"}],"wp:attachment":[{"href":"https:\/\/www.saopaulo.sp.leg.br\/escoladoparlamento\/wp-json\/wp\/v2\/media?parent=26631"}],"curies":[{"name":"wp","href":"https:\/\/api.w.org\/{rel}","templated":true}]}}