{"id":26401,"date":"2021-07-13T19:27:01","date_gmt":"2021-07-13T22:27:01","guid":{"rendered":"https:\/\/www.saopaulo.sp.leg.br\/escoladoparlamento\/?page_id=26401"},"modified":"2021-07-13T19:30:54","modified_gmt":"2021-07-13T22:30:54","slug":"curso-de-aperfeicoamento-seja-democracia-formacao-e-mobilizacao-de-liderancas-para-a-defesa-da-democracia","status":"publish","type":"page","link":"https:\/\/www.saopaulo.sp.leg.br\/escoladoparlamento\/pos-graduacao\/curso-de-aperfeicoamento-seja-democracia-formacao-e-mobilizacao-de-liderancas-para-a-defesa-da-democracia\/","title":{"rendered":"Curso de Aperfei\u00e7oamento \u201cSEJA DEMOCRACIA &#8211; Forma\u00e7\u00e3o e Mobiliza\u00e7\u00e3o de Lideran\u00e7as para a Defesa da Democracia\u201d"},"content":{"rendered":"<p>O curso de \u00a0<strong>P\u00f3s-Gradua\u00e7\u00e3o \u00a0(Aperfei\u00e7oamento) Seja Democracia: Forma\u00e7\u00e3o e Mobiliza\u00e7\u00e3o de Lideran\u00e7as para a Defesa da Democracia <\/strong>foi planejado e estruturado a partir das experi\u00eancias e aprendizados da Escola do Parlamento acumulados na oferta de tr\u00eas turmas do Curso de Especializa\u00e7\u00e3o em Legislativo e Democracia no Brasil, a experi\u00eancia acumulada na oferta de uma primeira turma do Curso de Especializa\u00e7\u00e3o em Legislativo, Territ\u00f3rio e Gest\u00e3o Democr\u00e1tica da Cidade, e da frut\u00edfera parceria constitu\u00edda entre a Escola e o Instituto Maria e Jo\u00e3o Aleixo (IMJA), via sua frente de forma\u00e7\u00e3o pol\u00edtica Instituto Pensamentos e A\u00e7\u00f5es para a defesa da Democracia (IPAD), e na avalia\u00e7\u00e3o dos resultados dos dois primeiros m\u00f3dulos promovidos em parceria entre estas institui\u00e7\u00f5es &#8211; os Percursos Formativos &#8220;Di\u00e1logos em Defesa da Democracia&#8221;.<\/p>\n<p>Al\u00e9m do aproveitamento dos estudos e experi\u00eancias formativas realizadas nos dois primeiros m\u00f3dulos, \u00e9 composto por:<\/p>\n<p>a) Realiza\u00e7\u00e3o de estudos e experi\u00eancias formativas do terceiro m\u00f3dulo, totalizando 30 horas de forma\u00e7\u00e3o em atividades curriculares realizadas em formato de mentoria e mentoria para a constitui\u00e7\u00e3o dos n\u00facleos de forma\u00e7\u00e3o nos territ\u00f3rios.<\/p>\n<p>b) 60 horas destinadas \u00e0 realiza\u00e7\u00e3o do Projeto Especial de A\u00e7\u00e3o (PEA), na forma de planejamento, articula\u00e7\u00e3o e constitui\u00e7\u00e3o de n\u00facleo de forma\u00e7\u00e3o nos territ\u00f3rios, de acordo com a metodologia proposta pelo IPAD.<\/p>\n<p>c) 8h destinadas ao Semin\u00e1rio de Sistematiza\u00e7\u00e3o e Di\u00e1logo, a ser realizado no m\u00eas de agosto.<\/p>\n<p>Os estudantes que foram adequadamente certificados nos dois primeiros m\u00f3dulos do percurso formativo e que possuem diploma de n\u00edvel superior emitido por institui\u00e7\u00e3o regular de ensino superior at\u00e9 o dia 31 de janeiro de 2021, nos termos da legisla\u00e7\u00e3o vigente, far\u00e3o jus \u00e0 certifica\u00e7\u00e3o especial, na modalidade aperfei\u00e7oamento, com carga hor\u00e1ria total de 198 horas.<\/p>\n<p>Os estudantes que foram adequadamente certificados nos dois primeiros m\u00f3dulos do percursos formativo e que n\u00e3o possuam diploma de n\u00edvel superior nos termos definidos pela Escola do Parlamento, far\u00e3o jus \u00e0 certifica\u00e7\u00e3o simplificada, na modalidade extens\u00e3o universit\u00e1ria, com a carga hor\u00e1ria do terceiro m\u00f3dulo.<\/p>\n<p>&nbsp;<\/p>\n<p><strong>Programa &#8211; Projeto Especial de A\u00e7\u00e3o<\/strong><\/p>\n<p><strong>Objetivo: <\/strong>Realizar acompanhamento e mobiliza\u00e7\u00e3o dos n\u00facleos de forma\u00e7\u00e3o pol\u00edtica.<\/p>\n<p><em>O que s\u00e3o n\u00facleos de forma\u00e7\u00e3o em defesa da democracia?<\/em><\/p>\n<p>S\u00e3o grupos compostos por pessoas que se re\u00fanem a partir da necessidade de construir a\u00e7\u00f5es que melhorem a vida dos moradores de sua comunidade\/favela, bairro, munic\u00edpio, por meio da Forma\u00e7\u00e3o, Organiza\u00e7\u00e3o e A\u00e7\u00e3o pol\u00edtica coletiva capaz de transformar sua realidade.<\/p>\n<p>O percurso formativo ser\u00e1 realizado, via encontros de Grupos de aprendizagem e realiza\u00e7\u00e3o dos n\u00facleos nas periferias.<\/p>\n<p><strong>\u00a0<\/strong><\/p>\n<p><strong>Aula 01. Encontro inaugural &#8211; <\/strong>Apresenta\u00e7\u00e3o da proposta do m\u00f3dulo. Compartilhamento das experi\u00eancias de forma\u00e7\u00e3o de n\u00facleos j\u00e1 efetivados.<\/p>\n<p>Neste m\u00f3dulo, os encontros ser\u00e3o por grupos de aprendizagem: os alunos das turmas ser\u00e3o agrupados por finalidade, como temas e localiza\u00e7\u00e3o do N\u00facleo, em grupos de at\u00e9 20 pessoas para que possam trocar experi\u00eancias sobre os encontros de seus n\u00facleos e, com isso, construir uma rede de aprendizagem.<\/p>\n<p>&nbsp;<\/p>\n<p><strong>\u00a0<\/strong><strong>1\u00ba encontro de grupos de aprendizagem<\/strong><\/p>\n<p><strong>Objetivo<\/strong>: Compartilhamento e alinhamentos das primeiras a\u00e7\u00f5es do n\u00facleo de forma\u00e7\u00e3o pol\u00edtica. Orienta\u00e7\u00e3o para a constru\u00e7\u00e3o do relat\u00f3rio de apresenta\u00e7\u00e3o e an\u00e1lise das a\u00e7\u00f5es realizadas pelo n\u00facleo.<\/p>\n<p><strong>2\u00ba encontro de grupos de aprendizagem<\/strong><\/p>\n<p><strong>Objetivo<\/strong>: Compartilhamento dos conte\u00fados e conceitos trabalhados nos n\u00facleos de forma\u00e7\u00e3o pol\u00edtica.<\/p>\n<p><strong>\u00a0<\/strong><strong>3\u00ba encontro de grupos de aprendizagem<\/strong><\/p>\n<p><strong>Objetivo<\/strong>: Troca de experi\u00eancias acerca da ades\u00e3o e participa\u00e7\u00e3o das pessoas dos territ\u00f3rios perif\u00e9ricos nas a\u00e7\u00f5es dos n\u00facleos de forma\u00e7\u00e3o pol\u00edtica.<\/p>\n<p><strong>\u00a0<\/strong><strong>4\u00ba encontro de grupos de aprendizagem<\/strong><\/p>\n<p><strong>Objetivo<\/strong>: Avalia\u00e7\u00e3o final do percurso dos n\u00facleos de forma\u00e7\u00e3o pol\u00edtica e an\u00e1lise da sustentabilidade de suas a\u00e7\u00f5es para o\u00a0 futuro.<\/p>\n<p>&nbsp;<\/p>\n<p><strong>Semin\u00e1rio de encerramento\u00a0\u201cOs n\u00facleos de forma\u00e7\u00e3o pol\u00edtica na defesa da democracia\u201d<\/strong><\/p>\n<p><strong>Objetivo:<\/strong> Realizar ciclo de evento em que as pessoas, integrantes do n\u00facleo, consiga indicar os desafios e possibilidades da democracia brasileira.<\/p>\n<p>&nbsp;<\/p>\n<p><strong>Sobre avalia\u00e7\u00e3o do m\u00f3dulo:<\/strong><\/p>\n<p>Como material de avalia\u00e7\u00e3o, o aluno dever\u00e1 apresentar relat\u00f3rio de apresenta\u00e7\u00e3o e an\u00e1lise das a\u00e7\u00f5es realizadas pelo n\u00facleo.<\/p>\n<p>&nbsp;<\/p>\n<p><strong>Dura\u00e7\u00e3o do m\u00f3dulo:<\/strong><\/p>\n<p>20 horas de encontros dos grupos de aprendizagem<\/p>\n<p>30 horas de realiza\u00e7\u00e3o das a\u00e7\u00f5es do n\u00facleo de forma\u00e7\u00e3o pol\u00edtica<\/p>\n<p>10 horas de estudo orientado e constru\u00e7\u00e3o do relat\u00f3rio de apresenta\u00e7\u00e3o e an\u00e1lise das a\u00e7\u00f5es realizadas pelo n\u00facleo.<\/p>\n","protected":false},"excerpt":{"rendered":"<p>O curso de \u00a0P\u00f3s-Gradua\u00e7\u00e3o \u00a0(Aperfei\u00e7oamento) Seja Democracia: Forma\u00e7\u00e3o e Mobiliza\u00e7\u00e3o de Lideran\u00e7as para a Defesa da Democracia foi planejado e estruturado a partir das experi\u00eancias e aprendizados da Escola do Parlamento acumulados na oferta de tr\u00eas turmas do Curso de Especializa\u00e7\u00e3o em Legislativo e Democracia no Brasil, a experi\u00eancia acumulada na oferta de uma primeira [&hellip;]<\/p>\n","protected":false},"author":297,"featured_media":0,"parent":45,"menu_order":154,"comment_status":"closed","ping_status":"closed","template":"","meta":{"_acf_changed":false,"footnotes":""},"class_list":["post-26401","page","type-page","status-publish","hentry"],"acf":[],"_links":{"self":[{"href":"https:\/\/www.saopaulo.sp.leg.br\/escoladoparlamento\/wp-json\/wp\/v2\/pages\/26401","targetHints":{"allow":["GET"]}}],"collection":[{"href":"https:\/\/www.saopaulo.sp.leg.br\/escoladoparlamento\/wp-json\/wp\/v2\/pages"}],"about":[{"href":"https:\/\/www.saopaulo.sp.leg.br\/escoladoparlamento\/wp-json\/wp\/v2\/types\/page"}],"author":[{"embeddable":true,"href":"https:\/\/www.saopaulo.sp.leg.br\/escoladoparlamento\/wp-json\/wp\/v2\/users\/297"}],"replies":[{"embeddable":true,"href":"https:\/\/www.saopaulo.sp.leg.br\/escoladoparlamento\/wp-json\/wp\/v2\/comments?post=26401"}],"version-history":[{"count":0,"href":"https:\/\/www.saopaulo.sp.leg.br\/escoladoparlamento\/wp-json\/wp\/v2\/pages\/26401\/revisions"}],"up":[{"embeddable":true,"href":"https:\/\/www.saopaulo.sp.leg.br\/escoladoparlamento\/wp-json\/wp\/v2\/pages\/45"}],"wp:attachment":[{"href":"https:\/\/www.saopaulo.sp.leg.br\/escoladoparlamento\/wp-json\/wp\/v2\/media?parent=26401"}],"curies":[{"name":"wp","href":"https:\/\/api.w.org\/{rel}","templated":true}]}}