{"id":23688,"date":"2020-08-14T18:04:09","date_gmt":"2020-08-14T21:04:09","guid":{"rendered":"http:\/\/www.saopaulo.sp.leg.br\/escoladoparlamento\/?page_id=23688"},"modified":"2025-05-29T14:18:56","modified_gmt":"2025-05-29T17:18:56","slug":"juventudes-brasileiras-educacao-trabalho-e-desigualdades","status":"publish","type":"page","link":"https:\/\/www.saopaulo.sp.leg.br\/escoladoparlamento\/cursos\/cursos-anteriores\/cursos-realizados-em-2020\/juventudes-brasileiras-educacao-trabalho-e-desigualdades\/","title":{"rendered":"Juventudes Brasileiras: Educa\u00e7\u00e3o, Trabalho e Desigualdades"},"content":{"rendered":"<h3><a href=\"https:\/\/www.saopaulo.sp.leg.br\/escoladoparlamento\/wp-content\/uploads\/sites\/5\/2020\/08\/CEMJ_15.jpg\"><img loading=\"lazy\" decoding=\"async\" class=\"size-full wp-image-23702 alignright\" src=\"https:\/\/www.saopaulo.sp.leg.br\/escoladoparlamento\/wp-content\/uploads\/sites\/5\/2020\/08\/CEMJ_15.jpg\" alt=\"\" width=\"144\" height=\"64\" \/><\/a>Ciclo de Semin\u00e1rios em parceria com o Centro de Estudos e Mem\u00f3ria da Juventude &#8211; CEMJ<\/h3>\n<p style=\"padding-left: 40px\"><strong>Coordenadores<\/strong>:<br \/>\nProf. Dr. Alexsandro Santos \u2013 Escola do Parlamento<br \/>\nProf. Ms. Euz\u00e9bio Jorge Silveira de Souza \u2013 Centro de Estudos e Mem\u00f3ria da Juventude<\/p>\n<p>No cen\u00e1rio brasileiro, em di\u00e1logo com o processo de redemocratiza\u00e7\u00e3o, pudemos construir de forma democr\u00e1tica e coletiva o <em>Estatuto da Crian\u00e7a e do Adolescente<\/em>, transitando de uma perspectiva policialesca e adultocentrada para uma perspectiva de prote\u00e7\u00e3o integral, reconhecimento das singularidades e garantia de direitos. A busca pela extens\u00e3o dessa perspectiva emancipadora tamb\u00e9m para as juventudes exigiu um pouco mais de tempo e de mobiliza\u00e7\u00e3o da sociedade brasileira. Mas, efetivamente, no in\u00edcio dos anos 2000, o Estado Brasileiro reconheceu as juventudes como sujeitos especiais de direitos singulares e estabeleceu marcos normativos para sua garantia, ensejando o fortalecimento e consolida\u00e7\u00e3o de pol\u00edticas p\u00fablicas que vinham sendo demandadas e produzidas em experi\u00eancias locais. O <em>Estatuto da Juventude<\/em> \u00e9, nesse sentido, uma conquista important\u00edssima para o pa\u00eds.<\/p>\n<p>Neste ciclo de semin\u00e1rios, interessa-nos debater a presen\u00e7a da agenda de juventudes nas pol\u00edticas p\u00fablicas e as quest\u00f5es relativas \u00e0 garantia de direitos, em especial no campo da educa\u00e7\u00e3o e do trabalho, considerando as profundas desigualdades que ainda marcam estruturalmente a sociedade brasileira e atravessam a experi\u00eancia hist\u00f3rica objetiva e as subjetividades das juventudes.<\/p>\n<p><strong>Objetivos:<\/strong><\/p>\n<ul>\n<li>Identificar e compreender o processo de constru\u00e7\u00e3o das juventudes como sujeitos hist\u00f3ricos de direitos singulares e espec\u00edficos<\/li>\n<li>Analisar, compreender e interpretar os principais marcos normativos que organizam o sistema de garantia de direitos das juventudes no Brasil<\/li>\n<li>Compreender e posicionar-se a respeito das contradi\u00e7\u00f5es, limites e possibilidades para a garantia do direito humano \u00e0 educa\u00e7\u00e3o e do direito ao trabalho digno para jovens, considerando as desigualdades estruturais que assolam o pa\u00eds.<\/li>\n<\/ul>\n<p><strong>P\u00fablico alvo:<\/strong> Estudantes, ativistas, militantes, pesquisadores, profissionais que atuam com politicas sociais e programas voltados \u00e0s juventudes, lideran\u00e7as de organiza\u00e7\u00f5es juvenis e p\u00fablico em geral.<\/p>\n<p>&nbsp;<\/p>\n<hr \/>\n<h3><span style=\"color: #ff0000\"><strong>Programa\u00e7\u00e3o:<\/strong><\/span><\/h3>\n<p>Semin\u00e1rio IV &#8211; <strong>Sete Anos do Estatuto da Juventude: Avan\u00e7os e Retrocessos na Garantia de Direitos<br \/>\n<span style=\"color: #0000ff\">08 de setembro, ter\u00e7a-feira &#8211; 19h \u00e0s 21h<\/span><\/strong><span style=\"color: #ff6600\"><br \/>\n<\/span><\/p>\n<p><strong>Clique <a href=\"https:\/\/youtu.be\/sM_kTmiUROM\"><span style=\"text-decoration: underline\"><span style=\"color: #0000ff;text-decoration: underline\">AQUI<\/span><\/span><\/a> para ver o Semin\u00e1rio IV<\/strong><\/p>\n<p>Palestrantes:<\/p>\n<p>\u00bb <strong>Julia Siqueira Rocha<\/strong> \u2022 <em>Doutora em Educa\u00e7\u00e3o (UFSC), com est\u00e1gio na Universit\u00e9 de Strasbourg. Integra os grupos de pesquisa Ensino e Forma\u00e7\u00e3o de Educadores e Laborat\u00f3rio de Pesquisas Sociol\u00f3gicas Pierre Bourdieu, ambos da UFSC. \u00c9 consultora educacional da UDESC<\/em><\/p>\n<p>\u00bb <strong>Mirella de Carvalho Bauzys Monteiro<\/strong> \u2022 <em>Promotora de Justi\u00e7a &#8211; Escola Superior do Minist\u00e9rio P\u00fablico<\/em><\/p>\n<p>\u00bb <strong>Rozana Barroso<\/strong>\u00a0\u2022 <em>Presidenta da UBES &#8211; Uni\u00e3o Brasileira dos estudantes Secundaristas<\/em><\/p>\n<p>\u00bb <strong>Danilo Monteiro<\/strong> \u2022 <em>Subsecret\u00e1rio de Estado da Educa\u00e7\u00e3o no Governo do Maranh\u00e3o<\/em><\/p>\n<p>Media\u00e7\u00e3o:<br \/>\n\u00bb <strong>Alexsandro Santos<\/strong> &#8211; Diretor-presidente da <em>Escola do Parlamento<br \/>\n<\/em><span style=\"color: #ff6600\">\u00a0<\/span><\/p>\n<hr \/>\n<p>Semin\u00e1rio III &#8211; <strong>Juventudes Brasileiras, Desigualdades Estruturais e Pol\u00edticas P\u00fablicas<br \/>\n<span style=\"color: #0000ff\">01 de setembro, ter\u00e7a-feira &#8211; 19h \u00e0s 21h<\/span><\/strong><\/p>\n<p><strong>Clique <a href=\"https:\/\/youtu.be\/VQOU8sI5OG8\"><span style=\"text-decoration: underline\"><span style=\"color: #0000ff;text-decoration: underline\">AQUI<\/span><\/span> <\/a>para ver o Semin\u00e1rio III<\/strong><\/p>\n<p>Palestrantes:<\/p>\n<p>\u00bb <strong>N\u00e1dia Campe\u00e3o<\/strong> \u2022 <em>Vice-prefeita e Secret\u00e1ria Municipal de Educa\u00e7\u00e3o (gest\u00e3o Haddad) e Secret\u00e1ria Municipal de Esportes (gest\u00e3o Marta Suplicy)<\/em><\/p>\n<p>\u00bb <strong>Fabiana de Souza Costa<\/strong> \u2022 <em>Doutora em Educa\u00e7\u00e3o (PUC-SP). Pesquisadora de Pol\u00edticas Afirmativas com destaque para o Programa Universidade para Todos (ProUni). Docente na Universidade Federal do Sul da Bahia<\/em><\/p>\n<p>\u00bb <strong>Richard Santos<\/strong> \u2022 <em>Professor adjunto da Universidade Federal do Sul da Bahia. P\u00f3sDoutor em Cultura e Sociedade pelo PPGP\u00d3S-CULT da UFBA. Doutor em Ci\u00eancias Sociais pelo Centro de Estudos e P\u00f3s-gradua\u00e7\u00e3o sobre as Am\u00e9ricas, CEPPAC-UNB<\/em><\/p>\n<p>Media\u00e7\u00e3o:<br \/>\n\u00bb <strong>Alexsandro Santos<\/strong> &#8211; Diretor-presidente da <em>Escola do Parlamento<\/em><\/p>\n<hr \/>\n<p>&nbsp;<\/p>\n<p>Semin\u00e1rio II- <strong>Juventudes Brasileiras, Trabalho e Desiguadades<br \/>\n<span style=\"color: #0000ff\">25 de agosto, ter\u00e7a-feira &#8211; 19h \u00e0s 21h<br \/>\n<span style=\"color: #000000\">Clique <a href=\"https:\/\/youtu.be\/IduKQW-b8UU\">AQUI<\/a> para rever o Semin\u00e1rio II<\/span><br \/>\n<\/span><\/strong><\/p>\n<p>Palestrantes:<\/p>\n<p>\u00bb <strong>Euz\u00e9bio Jorge Silveira de Sousa<\/strong> \u2022 <em>Doutorando em Desenvolvimento Econ\u00f4mico (UNICAMP), Mestre em Economia Pol\u00edtica (PUCSP). Especialista em Democracia Participativa, Rep\u00fablica e Movimentos Sociais (UFMG). \u00c9 presidente do Centro de Estudos e Mem\u00f3ria da Juventude (CEMJ).<\/em><\/p>\n<p>\u00bb <strong>Fausto Augusto Junior<\/strong> \u2022 <em>Mestre e Doutorando pela Faculdade de Educa\u00e7\u00e3o da Universidade de S\u00e3o Paulo (FE-USP). \u00c9 Coordenador-t\u00e9cnico do Departamento Intersindical de Estat\u00edsticas e Estudos Socioecon\u00f4micos (DIEESE) na \u00e1rea de Educa\u00e7\u00e3o.<\/em><\/p>\n<p>\u00bb <strong>Luiza Helena Rizzo<\/strong> \u2022 <em>Graduanda em Pedagogia na Universidade do Estado do Rio de Janeiro (UERJ), atua como bolsista de Extens\u00e3o (UERJ) pelo projeto &#8216;Media\u00e7\u00e3o Entreturmas&#8221;.<\/em><\/p>\n<p>Media\u00e7\u00e3o:<br \/>\n\u00bb<strong> Beatriz Calheiro<\/strong>\u00a0\u2022 <em>Professora, Diretora do Sinteam (Sindicato dos Trabalhadores em Educa\u00e7\u00e3o do estado do Amazonas) e coordenadora de forma\u00e7\u00e3o da CTB-Jovem.<\/em><\/p>\n<p>Participa\u00e7\u00e3o:<br \/>\n\u00bb <strong>Alexsandro Santos<\/strong> &#8211; Diretor-presidente da <em>Escola do Parlamento<\/em><\/p>\n<hr \/>\n<p>&nbsp;<\/p>\n<p>Semin\u00e1rio I &#8211; <strong>Juventudes Brasileiras e Direito \u00e0 Educa\u00e7\u00e3o e Desigualdades<br \/>\n<span style=\"color: #0000ff\">19 de agosto, quarta-feira &#8211; 19h \u00e0s 21h<br \/>\n<\/span><span style=\"color: #000000\">Clique <a href=\"https:\/\/youtu.be\/IAr2MpGwYC0?si=TboQI56T_lnpQYq2\">AQUI<\/a> para rever o Semin\u00e1rio I<\/span><\/strong><\/p>\n<p>Palestrantes:<br \/>\n\u00bb <strong>Edneia Gon\u00e7alves<\/strong> \u2022 <em>Possui gradua\u00e7\u00e3o em Sociologia pelo Funda\u00e7\u00e3o Escola de Sociologia e Pol\u00edtica de S\u00e3o Paulo(1990). Atualmente \u00e9 Diretora Executiva Adjunta do A\u00e7\u00e3o Educativa, Assessoria, Pesquisa e Informa\u00e7\u00e3o. Tem experi\u00eancia na \u00e1rea de Educa\u00e7\u00e3o, com \u00eanfase em T\u00f3picos Espec\u00edficos de Educa\u00e7\u00e3o.<\/em><\/p>\n<p>\u00bb <strong>Maria Carla Carrochano<\/strong> \u2022 <em>Doutora em Educa\u00e7\u00e3o pela Universidade de S\u00e3o Paulo, integra a Associa\u00e7\u00e3o Nacional de P\u00f3s Gradua\u00e7\u00e3o e Pesquisa em Educa\u00e7\u00e3o (ANPED), tendo coordenado o GT03 &#8211; Movimentos Sociais, sujeitos e processos educativos no bi\u00eanio (2017-2019). Foi assessora do Programa Juventude da A\u00e7\u00e3o Educativa &#8211; Assessoria, Pesquisa e Informa\u00e7\u00e3o e consultora da OIT para a elabora\u00e7\u00e3o da Agenda Nacional do Trabalho Decente para a Juventude.<\/em><\/p>\n<p>\u00bb <strong>Wilson Levy de Braga Neto<\/strong> \u2022 <em>Doutor em Direito pela PUC-SP, P\u00f3s-doutorando em Direito da Cidade pela UERJ, Mestre em Direito pela USP.\u00a0<\/em><\/p>\n<p>Media\u00e7\u00e3o:<br \/>\n\u00bb <strong>Alexsandro Santos<\/strong> &#8211; Diretor-presidente da <em>Escola do Parlamento<\/em><\/p>\n<hr \/>\n<section class=\"entry-content cf sem-topo\">\n<h3 style=\"text-align: center\"><span style=\"color: #ff0000\"><strong><br \/>\nATEN\u00c7\u00c3O<\/strong><\/span><\/h3>\n<ul>\n<li>Voc\u00ea dever\u00e1 fazer <strong>uma \u00fanica inscri\u00e7\u00e3o<\/strong>, que valer\u00e1 para os 4 semin\u00e1rios. Elas ficar\u00e3o abertas at\u00e9 o dia previsto para o \u00faltimo encontro (8 de setembro).<\/li>\n<li>A gera\u00e7\u00e3o do certificado de participa\u00e7\u00e3o ser\u00e1 feita\u00a0<b>ap\u00f3s resposta satisfat\u00f3ria a question\u00e1rio de avalia\u00e7\u00e3o online<\/b> que ser\u00e1 disponibilizado <strong>ap\u00f3s o \u00faltimo semin\u00e1rio<\/strong> e <strong>somente \u00e0queles que fizeram a inscri\u00e7\u00e3o via plataforma Sympla<\/strong>\u00a0(leia aqui a\u00a0<a href=\"https:\/\/www.saopaulo.sp.leg.br\/escoladoparlamento\/wp-content\/uploads\/sites\/5\/2020\/08\/Poli%CC%81tica-de-Certificac%CC%A7a%CC%83o-para-Cursos-a%CC%80-Dista%CC%82ncia-da-EP-Revisa%CC%83o-v1.1.pdf\" target=\"_blank\" rel=\"nofollow noopener noreferrer\"><strong>Pol\u00edtica de Certifica\u00e7\u00e3o para Cursos \u00e0 Dist\u00e2ncia da EP<\/strong><\/a>)<strong>.\u00a0<\/strong><\/li>\n<\/ul>\n<\/section>\n<p>&nbsp;<\/p>\n","protected":false},"excerpt":{"rendered":"<p>Ciclo de Semin\u00e1rios em parceria com o Centro de Estudos e Mem\u00f3ria da Juventude &#8211; CEMJ Coordenadores: Prof. Dr. Alexsandro Santos \u2013 Escola do Parlamento Prof. Ms. Euz\u00e9bio Jorge Silveira de Souza \u2013 Centro de Estudos e Mem\u00f3ria da Juventude No cen\u00e1rio brasileiro, em di\u00e1logo com o processo de redemocratiza\u00e7\u00e3o, pudemos construir de forma democr\u00e1tica [&hellip;]<\/p>\n","protected":false},"author":522,"featured_media":0,"parent":17641,"menu_order":221,"comment_status":"closed","ping_status":"closed","template":"","meta":{"_acf_changed":false,"footnotes":""},"class_list":["post-23688","page","type-page","status-publish","hentry"],"acf":[],"_links":{"self":[{"href":"https:\/\/www.saopaulo.sp.leg.br\/escoladoparlamento\/wp-json\/wp\/v2\/pages\/23688","targetHints":{"allow":["GET"]}}],"collection":[{"href":"https:\/\/www.saopaulo.sp.leg.br\/escoladoparlamento\/wp-json\/wp\/v2\/pages"}],"about":[{"href":"https:\/\/www.saopaulo.sp.leg.br\/escoladoparlamento\/wp-json\/wp\/v2\/types\/page"}],"author":[{"embeddable":true,"href":"https:\/\/www.saopaulo.sp.leg.br\/escoladoparlamento\/wp-json\/wp\/v2\/users\/522"}],"replies":[{"embeddable":true,"href":"https:\/\/www.saopaulo.sp.leg.br\/escoladoparlamento\/wp-json\/wp\/v2\/comments?post=23688"}],"version-history":[{"count":2,"href":"https:\/\/www.saopaulo.sp.leg.br\/escoladoparlamento\/wp-json\/wp\/v2\/pages\/23688\/revisions"}],"predecessor-version":[{"id":29477,"href":"https:\/\/www.saopaulo.sp.leg.br\/escoladoparlamento\/wp-json\/wp\/v2\/pages\/23688\/revisions\/29477"}],"up":[{"embeddable":true,"href":"https:\/\/www.saopaulo.sp.leg.br\/escoladoparlamento\/wp-json\/wp\/v2\/pages\/17641"}],"wp:attachment":[{"href":"https:\/\/www.saopaulo.sp.leg.br\/escoladoparlamento\/wp-json\/wp\/v2\/media?parent=23688"}],"curies":[{"name":"wp","href":"https:\/\/api.w.org\/{rel}","templated":true}]}}