{"id":18028,"date":"2020-06-16T15:54:15","date_gmt":"2020-06-16T18:54:15","guid":{"rendered":"http:\/\/www.saopaulo.sp.leg.br\/escoladoparlamento\/?page_id=18028"},"modified":"2025-05-29T14:14:02","modified_gmt":"2025-05-29T17:14:02","slug":"politicas-educacionais-em-tempos-de-poscovid-19-perspectivas-critico-esperancosas","status":"publish","type":"page","link":"https:\/\/www.saopaulo.sp.leg.br\/escoladoparlamento\/cursos\/cursos-anteriores\/cursos-realizados-em-2020\/politicas-educacionais-em-tempos-de-poscovid-19-perspectivas-critico-esperancosas\/","title":{"rendered":"Pol\u00edticas Educacionais em Tempos de (P\u00f3s)Covid-19: Perspectivas Cr\u00edtico-Esperan\u00e7osas"},"content":{"rendered":"<h3 style=\"text-align: center\">***Nota aos Alunos***<\/h3>\n<p>Adequando os procedimentos da Escola \u00e0s necessidades dos alunos, <strong>a Escola do Parlamento decidiu ampliar o prazo de envio da resposta do primeiro question\u00e1rio deste curso<\/strong>, ficando este condicionado ao mesmo prazo que ter\u00e1 o \u00faltimo question\u00e1rio, ou seja, 3 dias \u00fateis ap\u00f3s o t\u00e9rmino da \u00faltima aula.<\/p>\n<p>Na pr\u00e1tica,\u00a0<strong>se voc\u00ea j\u00e1 mandou a resposta do primeiro question\u00e1rio, n\u00e3o \u00e9 necess\u00e1rio enviar novamente. Se n\u00e3o mandou ainda, vai poder enviar at\u00e9 terminar o prazo estipulado para o \u00faltimo question\u00e1rio<\/strong>, conforme orienta\u00e7\u00e3o que voc\u00ea receber\u00e1 e que estar\u00e1 acompanhando o mesmo.<\/p>\n<p>Lembrando que, para ser aprovado e receber o certificado, voc\u00ea precisa alcan\u00e7ar, na m\u00e9dia aritm\u00e9tica simples dos dois resultados, aproveitamento igual ou superior a 70%.<\/p>\n<p><strong>E somente quem se inscreveu para o curso via plataforma Sympla poder\u00e1 preencher o question\u00e1rio e ser certificado.<\/strong><\/p>\n<p><a href=\"https:\/\/docs.google.com\/forms\/d\/e\/1FAIpQLSfsnvnegb1VRTlU8hPm0QE9ngjwAefc0-DNmQsdFjfcw-JxOQ\/viewform?usp=sf_link\">Question\u00e1rio de Avalia\u00e7\u00e3o de Conte\u00fado 1<\/a><\/p>\n<p><a href=\"https:\/\/docs.google.com\/forms\/d\/e\/1FAIpQLSd0iXrGOsvST49gDA0eWiQlVC6cw6iIVOrbiKg4UfuUVrHmQg\/viewform?usp=sf_link\">Question\u00e1rio de Avalia\u00e7\u00e3o de Conte\u00fado 2<\/a><\/p>\n<hr \/>\n<p>&nbsp;<\/p>\n<h3><a href=\"https:\/\/www.saopaulo.sp.leg.br\/escoladoparlamento\/wp-content\/uploads\/sites\/5\/2020\/06\/LOGO-FEUSP-40.png\"><img loading=\"lazy\" decoding=\"async\" class=\"alignright size-thumbnail wp-image-18047\" src=\"https:\/\/www.saopaulo.sp.leg.br\/escoladoparlamento\/wp-content\/uploads\/sites\/5\/2020\/06\/LOGO-FEUSP-40-150x42.png\" alt=\"\" width=\"150\" height=\"42\" srcset=\"https:\/\/www.saopaulo.sp.leg.br\/escoladoparlamento\/wp-content\/uploads\/sites\/5\/2020\/06\/LOGO-FEUSP-40-150x42.png 150w, https:\/\/www.saopaulo.sp.leg.br\/escoladoparlamento\/wp-content\/uploads\/sites\/5\/2020\/06\/LOGO-FEUSP-40.png 154w\" sizes=\"auto, (max-width: 150px) 100vw, 150px\" \/><\/a>Curso de Extens\u00e3o &#8211; Parceria Escola do Parlamento e Faculdade de Educa\u00e7\u00e3o da USP<\/h3>\n<p>Desde o in\u00edcio da crise sanit\u00e1ria global em decorr\u00eancia da pandemia de COVID-19, os sistemas educacionais de todo o mundo foram profundamente impactados e as pol\u00edticas p\u00fablicas de educa\u00e7\u00e3o foram atravessadas por problemas e quest\u00f5es que, antes, n\u00e3o ocupavam a prioridade da agenda decis\u00f3ria.<\/p>\n<p>Uma das principais medidas assumidas por governos de todo o mundo \u2013 o distanciamento social \u2013 instaurou uma realidade n\u00e3o prevista para o campo da educa\u00e7\u00e3o b\u00e1sica: a impossibilidade de manter aulas presenciais, nos pr\u00e9dios escolares. No Brasil, em um primeiro momento, as atividades foram suspensas mediante recurso a diferentes tipos de expedientes pol\u00edtico-administrativos: antecipa\u00e7\u00e3o de recesso escolar, concess\u00e3o de f\u00e9rias escolares ou simplesmente suspens\u00e3o de per\u00edodo letivo. Depois, numa segunda fase, a maior parte dos sistemas de ensino p\u00fablicos e privados adotaram estrat\u00e9gias de ensino\/aprendizagem remotas, mediadas ou n\u00e3o por tecnologias.<\/p>\n<p>Esse cen\u00e1rio imp\u00f4s uma s\u00e9rie de consequ\u00eancias objetivas e subjetivas na vida dos educandos, dos educadores e de suas fam\u00edlias. Situa\u00e7\u00f5es de risco e vulnerabilidade social foram agravadas, a intensifica\u00e7\u00e3o do trabalho docente ficou evidente e as desigualdades educacionais \u2013 j\u00e1 existentes no cen\u00e1rio pr\u00e9-pandemia \u2013 tornaram-se ainda mais agudas.<\/p>\n<p><strong>Encarar esse tempo hist\u00f3rico a partir de uma perspectiva cr\u00edtico-esperan\u00e7osa pode permitir \u00e0 sociedade brasileira a atualiza\u00e7\u00e3o de seu pacto social para a garantia do direito humano \u00e0 Educa\u00e7\u00e3o<\/strong>. \u00c9 com essa vis\u00e3o que propomos esse curso de extens\u00e3o universit\u00e1ria.<\/p>\n<p><strong>Objetivos:<\/strong><\/p>\n<ul>\n<li>Identificar, analisar e compreender as limita\u00e7\u00f5es, atravessamentos e desafios que o cen\u00e1rio de crise social e sanit\u00e1ria imposto pela Covid-19 fizeram emergir no campo das pol\u00edticas educacionais brasileiras.<\/li>\n<li>Identificar, analisar e compreender como o subfinanciamento das pol\u00edticas educacionais e os processos de constru\u00e7\u00e3o e delibera\u00e7\u00e3o centralizados de programas e projetos educativos podem agudizar os impactos do cen\u00e1rio de Pandemia COVID-19 na educa\u00e7\u00e3o b\u00e1sica.<\/li>\n<li>Refletir, dialogar e elaborar sentidos e significados em rela\u00e7\u00e3o aos impactos do cen\u00e1rio de crise social e sanit\u00e1ria nas discuss\u00f5es e decis\u00f5es relativas aos programas de introdu\u00e7\u00e3o das TICs e da Educa\u00e7\u00e3o \u00e0 Dist\u00e2ncia na Educa\u00e7\u00e3o B\u00e1sica.<\/li>\n<li>Refletir, dialogar e elaborar sentidos e significados em rela\u00e7\u00e3o aos impactos do cen\u00e1rio de crise social e sanit\u00e1ria nas experi\u00eancias e viv\u00eancias dos educadores, educandos e suas fam\u00edlias.<\/li>\n<li>Analisar, compreender e elaborar sentidos e significados em rela\u00e7\u00e3o \u00e0s conex\u00f5es entre desigualdades sociais, desigualdades educacionais e restri\u00e7\u00f5es impostas pela pandemia de Covid-19 na vida dos educandos e de suas fam\u00edlias.<\/li>\n<\/ul>\n<p><strong>Metodologia:<\/strong><\/p>\n<ul>\n<li>Sete semin\u00e1rios virtuais de 3 horas cada, realizados em forma de mesas tem\u00e1ticas, com a exposi\u00e7\u00e3o de palestrantes e di\u00e1logo com os participantes por meio de plataforma virtual de intera\u00e7\u00e3o. Somam 21 h.<\/li>\n<li>Atividades de estudo, pesquisa, elabora\u00e7\u00e3o e sistematiza\u00e7\u00e3o individual de aprendizagem, propostas aos participantes por meio de plataforma virtual de intera\u00e7\u00e3o e avaliados de acordo com os objetivos did\u00e1ticos previstos no curso. Somam 9 horas.<\/li>\n<\/ul>\n<p><strong>Carga Hor\u00e1ria Total<\/strong>: 30 horas<\/p>\n<p><strong>P\u00fablico Alvo: <\/strong>Gestores(as) escolares da educa\u00e7\u00e3o b\u00e1sica (diretores de escola, assistentes de dire\u00e7\u00e3o e coordenadores pedag\u00f3gicos), professores(as) da educa\u00e7\u00e3o b\u00e1sica, estudantes de licenciatura e interessados em geral.<\/p>\n<h3><strong>Inscri\u00e7\u00f5es at\u00e9 \u00e0s 13h do dia 26\/6.<\/strong><\/h3>\n<h3><strong>Programa\u00e7\u00e3o:<\/strong><\/h3>\n<h4><span style=\"text-decoration: underline\">Todos os encontros acontecem \u00e0s sextas-feiras a partir do dia 26\/06, sempre das 14h \u00e0s 17h<\/span>.<\/h4>\n<p style=\"padding-left: 40px\"><a href=\"https:\/\/youtu.be\/HiPQcIWnAb4\">26\/6 &#8211; <strong>As pol\u00edticas educacionais no cen\u00e1rio de Covid-19<\/strong><\/a><\/p>\n<p style=\"padding-left: 40px\">Profa. Me. Minea Paschoaleto Frateli, Profa. Dra. Iracema Santos do Nascimento, Prof. Dr. Alexsandro Santos, Profa. Dra. Emilia Cipriano<\/p>\n<p style=\"padding-left: 40px\"><strong>Media\u00e7\u00e3o:<\/strong> Profa. Dra. Silvia Carvalho<\/p>\n<hr \/>\n<p style=\"padding-left: 40px\"><a href=\"https:\/\/www.facebook.com\/eparlamento\/videos\/893067457866514\/\">03\/7 &#8211; <\/a><strong><a href=\"https:\/\/youtu.be\/oP2-Gwt1d90\">Desafios e perspectivas para a Educa\u00e7\u00e3o Infantil no cen\u00e1rio (p\u00f3s)pandemia de Covid-19<\/a><\/strong><\/p>\n<p style=\"padding-left: 40px\">Profa. Dra. Maria Aparecida Guedes Mon\u00e7\u00e3o, Profa. Dra. Barbara Popp, Profa. Me. Silvia Tavares, Prof\u00ba Dr. Cristiano Alc\u00e2ntara<\/p>\n<p style=\"padding-left: 40px\"><strong>Media\u00e7\u00e3o:<\/strong> Prof. Dr. Alexsandro Santos<\/p>\n<hr \/>\n<p style=\"padding-left: 40px\"><a href=\"https:\/\/youtu.be\/R4zPJRygHQw\">10\/7 &#8211; <strong>Desafios e perspectivas para os anos iniciais do Ensino Fundamental no cen\u00e1rio (p\u00f3s)pandemia de Covid-19<\/strong><\/a><\/p>\n<p style=\"padding-left: 40px\">Profa. Dra. Anna Helena Altenfelder, Prof. Dr. Rodnei Pereira, Profa. Dra. Cileda Perrela, Profa. Esp. Anna Cecilia Koebcke de Magalh\u00e3es Couto Sim\u00f5es<\/p>\n<p style=\"padding-left: 40px\"><strong>Media\u00e7\u00e3o:<\/strong> Profa. Dra. Iracema Santos do Nascimento<\/p>\n<hr \/>\n<p style=\"padding-left: 40px\"><a href=\"https:\/\/youtu.be\/5aMV7zM21tE\">17\/7 &#8211;\u00a0<strong>Desafios e perspectivas para os anos finais do Ensino Fundamental e para o Ensino M\u00e9dio no cen\u00e1rio (p\u00f3s)pandemia de Covid-19<\/strong><\/a><\/p>\n<p style=\"padding-left: 40px\">Profa. Dra. Debora Goulart, Profa. Me. Rita Jobim, Profa. Me. Sandra Bou\u00e7as, Prof. Rui Carlos Lopes de Alencar<\/p>\n<p style=\"padding-left: 40px\"><strong>Media\u00e7\u00e3o:<\/strong> Profa. Dra. Silvia Carvalho<\/p>\n<hr \/>\n<p style=\"padding-left: 40px\"><a href=\"https:\/\/youtu.be\/KwhZInts5Lc\">24\/7 &#8211; <strong>Desafios e perspectivas para a Educa\u00e7\u00e3o de Jovens e Adultos no cen\u00e1rio (p\u00f3s)pandemia de Covid-19<\/strong><\/a><\/p>\n<p style=\"padding-left: 40px\">Profa. Dra. Maria Clara di Pierro, Profa. Me. Milena Micosi, Profa. Dra. Elza de Lima Ferrari<\/p>\n<p style=\"padding-left: 40px\"><strong>Media\u00e7\u00e3o: <\/strong>Profa. Me. Patr\u00edcia Cerqueira dos Santos<\/p>\n<hr \/>\n<p style=\"padding-left: 40px\"><a href=\"https:\/\/youtu.be\/al9jAxzVZhw\">31\/7 &#8211; <strong>Desafios e perspectivas para a Educa\u00e7\u00e3o Especial Inclusiva no cen\u00e1rio (p\u00f3s)pandemia de Covid-19<\/strong><\/a><\/p>\n<p style=\"padding-left: 40px\">Profa. Esp. Renata Garcia, Profa. Esp. Luciana Vitor Cury, Profa. Andreia de Jesus, Profa. Maria Claudia Fernandes<\/p>\n<p style=\"padding-left: 40px\"><strong>Media\u00e7\u00e3o:<\/strong> Profa. Me. Liliane Garcez<\/p>\n<hr \/>\n<p style=\"padding-left: 40px\"><a href=\"https:\/\/www.youtube.com\/watch?v=ziwDob0GOlE\">07\/8 &#8211; <strong>Desafios e perspectivas para a Educa\u00e7\u00e3o Integral no cen\u00e1rio (p\u00f3s)pandemia de Covid-19<\/strong><\/a><\/p>\n<p style=\"padding-left: 40px\">Prof. Dr. Elie Ghanem, Natacha Costa, Prof. Jo\u00e3o Kleber Santana, Profa. Claudia Rosa de Oliveira<\/p>\n<p style=\"padding-left: 40px\"><strong>Media\u00e7\u00e3o:<\/strong> Profa. Me. Dilma \u00c2ngela da Silva<\/p>\n<hr \/>\n<h3 style=\"text-align: center\"><span style=\"color: #ff0000\">ATEN\u00c7\u00c3O<\/span><\/h3>\n<p style=\"text-align: center\">A transmiss\u00e3o do curso ser\u00e1 ONLINE atrav\u00e9s de <em>streaming <\/em>na p\u00e1gina da <a href=\"http:\/\/www.facebook.com\/eparlamento\">Escola do Parlamento no Facebook<\/a>.<\/p>\n<p style=\"text-align: center\">A gera\u00e7\u00e3o do certificado ser\u00e1 feita <b>ap\u00f3s resposta satisfat\u00f3ria a dois question\u00e1rios de avalia\u00e7\u00e3o online<\/b> que ser\u00e3o disponibilizados <strong>somente \u00e0queles que fizeram a inscri\u00e7\u00e3o via plataforma Sympla<\/strong>. O PRIMEIRO QUESTION\u00c1RIO SER\u00c1 ENVIADO NA SEGUNDA-FEIRA, DIA 27 DE JULHO e o segundo <strong>ap\u00f3s a \u00faltima aula<\/strong>.<\/p>\n<p style=\"text-align: center\">Leia aqui a\u00a0<a href=\"https:\/\/www.saopaulo.sp.leg.br\/escoladoparlamento\/wp-content\/uploads\/sites\/5\/2020\/05\/Pol%C3%ADtica-de-Certifica%C3%A7%C3%A3o-para-Cursos-%C3%A0-Dist%C3%A2ncia-da-EP.pdf\" target=\"_blank\" rel=\"nofollow noopener noreferrer\"><strong>Pol\u00edtica de Certifica\u00e7\u00e3o para Cursos \u00e0 Dist\u00e2ncia da EP<\/strong><\/a><strong>.<\/strong><\/p>\n<p>&nbsp;<\/p>\n","protected":false},"excerpt":{"rendered":"<p>***Nota aos Alunos*** Adequando os procedimentos da Escola \u00e0s necessidades dos alunos, a Escola do Parlamento decidiu ampliar o prazo de envio da resposta do primeiro question\u00e1rio deste curso, ficando este condicionado ao mesmo prazo que ter\u00e1 o \u00faltimo question\u00e1rio, ou seja, 3 dias \u00fateis ap\u00f3s o t\u00e9rmino da \u00faltima aula. Na pr\u00e1tica,\u00a0se voc\u00ea j\u00e1 [&hellip;]<\/p>\n","protected":false},"author":522,"featured_media":0,"parent":17641,"menu_order":234,"comment_status":"closed","ping_status":"closed","template":"","meta":{"_acf_changed":false,"footnotes":""},"class_list":["post-18028","page","type-page","status-publish","hentry"],"acf":[],"_links":{"self":[{"href":"https:\/\/www.saopaulo.sp.leg.br\/escoladoparlamento\/wp-json\/wp\/v2\/pages\/18028","targetHints":{"allow":["GET"]}}],"collection":[{"href":"https:\/\/www.saopaulo.sp.leg.br\/escoladoparlamento\/wp-json\/wp\/v2\/pages"}],"about":[{"href":"https:\/\/www.saopaulo.sp.leg.br\/escoladoparlamento\/wp-json\/wp\/v2\/types\/page"}],"author":[{"embeddable":true,"href":"https:\/\/www.saopaulo.sp.leg.br\/escoladoparlamento\/wp-json\/wp\/v2\/users\/522"}],"replies":[{"embeddable":true,"href":"https:\/\/www.saopaulo.sp.leg.br\/escoladoparlamento\/wp-json\/wp\/v2\/comments?post=18028"}],"version-history":[{"count":5,"href":"https:\/\/www.saopaulo.sp.leg.br\/escoladoparlamento\/wp-json\/wp\/v2\/pages\/18028\/revisions"}],"predecessor-version":[{"id":29462,"href":"https:\/\/www.saopaulo.sp.leg.br\/escoladoparlamento\/wp-json\/wp\/v2\/pages\/18028\/revisions\/29462"}],"up":[{"embeddable":true,"href":"https:\/\/www.saopaulo.sp.leg.br\/escoladoparlamento\/wp-json\/wp\/v2\/pages\/17641"}],"wp:attachment":[{"href":"https:\/\/www.saopaulo.sp.leg.br\/escoladoparlamento\/wp-json\/wp\/v2\/media?parent=18028"}],"curies":[{"name":"wp","href":"https:\/\/api.w.org\/{rel}","templated":true}]}}