{"id":17476,"date":"2020-02-11T17:12:43","date_gmt":"2020-02-11T20:12:43","guid":{"rendered":"http:\/\/www.saopaulo.sp.leg.br\/escoladoparlamento\/?page_id=17476"},"modified":"2025-08-27T10:24:39","modified_gmt":"2025-08-27T13:24:39","slug":"curso-de-extensao-universitaria-comunicacao-politica-esfera-digital-e-gabinete-parlamentar","status":"publish","type":"page","link":"https:\/\/www.saopaulo.sp.leg.br\/escoladoparlamento\/credenciamento\/editais-anteriores\/curso-de-extensao-universitaria-comunicacao-politica-esfera-digital-e-gabinete-parlamentar\/","title":{"rendered":"Curso de Extens\u00e3o Universit\u00e1ria Comunica\u00e7\u00e3o Pol\u00edtica, Esfera Digital e Gabinete Parlamentar"},"content":{"rendered":"<p><a href=\"https:\/\/www.saopaulo.sp.leg.br\/escoladoparlamento\/wp-content\/uploads\/sites\/5\/2020\/02\/Resultado-preliminar.pdf\">Resultado Preliminar<\/a><\/p>\n<p><a href=\"https:\/\/www.saopaulo.sp.leg.br\/escoladoparlamento\/wp-content\/uploads\/sites\/5\/2020\/02\/DOC-20-fev-2020-Inscri\u00e7\u00f5es-Deferidas-Comunica\u00e7\u00e3o-Pol\u00edtica.pdf\">Inscri\u00e7\u00f5es Deferidas<\/a><\/p>\n<p><a href=\"https:\/\/www.saopaulo.sp.leg.br\/escoladoparlamento\/wp-content\/uploads\/sites\/5\/2020\/02\/DOC-Inscri\u00e7\u00f5es-Deferidas-Comunica\u00e7\u00e3o-Pol\u00edtica.pdf\">Inscri\u00e7\u00f5es Deferidas (complemento)<\/a><\/p>\n<p><a href=\"https:\/\/www.saopaulo.sp.leg.br\/escoladoparlamento\/wp-content\/uploads\/sites\/5\/2020\/02\/Edital-EP-004-2020-COMUNICACAO-POLITICA.pdf\">Edital de Cadastramento da Atividade<\/a><\/p>\n<p><a href=\"https:\/\/www.saopaulo.sp.leg.br\/escoladoparlamento\/wp-content\/uploads\/sites\/5\/2020\/02\/Anexo-II.pdf\">Anexo II_Declara\u00e7\u00e3o de Experi\u00eancia Profissional<\/a><\/p>\n<p><a href=\"https:\/\/www.saopaulo.sp.leg.br\/escoladoparlamento\/wp-content\/uploads\/sites\/5\/2020\/02\/Anexo-III.pdf\">Anexo III_Declara\u00e7\u00e3o de Experi\u00eancia Profissional em Projetos<\/a><\/p>\n<p><a href=\"https:\/\/www.saopaulo.sp.leg.br\/escoladoparlamento\/wp-content\/uploads\/sites\/5\/2020\/02\/Anexo-IV.pdf\">Anexo IV_Declara\u00e7\u00e3o de Autenticidade<\/a><\/p>\n<p>AULA 1 (19\/05\/2020) &#8211; Assista <a href=\"https:\/\/youtu.be\/yPzQAvRIK6U\">AQUI\u00a0<\/a><\/p>\n<h3><span style=\"color: #ff0000\">Inscri\u00e7\u00f5es encerradas<\/span><\/h3>\n<pre>Inscri\u00e7\u00f5es a partir das 9h00 do dia 13\/02\/2020 at\u00e9 23h59min do dia 18\/02\/2020<\/pre>\n","protected":false},"excerpt":{"rendered":"<p>Resultado Preliminar Inscri\u00e7\u00f5es Deferidas Inscri\u00e7\u00f5es Deferidas (complemento) Edital de Cadastramento da Atividade Anexo II_Declara\u00e7\u00e3o de Experi\u00eancia Profissional Anexo III_Declara\u00e7\u00e3o de Experi\u00eancia Profissional em Projetos Anexo IV_Declara\u00e7\u00e3o de Autenticidade AULA 1 (19\/05\/2020) &#8211; Assista AQUI\u00a0 Inscri\u00e7\u00f5es encerradas Inscri\u00e7\u00f5es a partir das 9h00 do dia 13\/02\/2020 at\u00e9 23h59min do dia 18\/02\/2020<\/p>\n","protected":false},"author":522,"featured_media":0,"parent":2870,"menu_order":252,"comment_status":"closed","ping_status":"closed","template":"","meta":{"_acf_changed":false,"footnotes":""},"class_list":["post-17476","page","type-page","status-publish","hentry"],"acf":[],"_links":{"self":[{"href":"https:\/\/www.saopaulo.sp.leg.br\/escoladoparlamento\/wp-json\/wp\/v2\/pages\/17476","targetHints":{"allow":["GET"]}}],"collection":[{"href":"https:\/\/www.saopaulo.sp.leg.br\/escoladoparlamento\/wp-json\/wp\/v2\/pages"}],"about":[{"href":"https:\/\/www.saopaulo.sp.leg.br\/escoladoparlamento\/wp-json\/wp\/v2\/types\/page"}],"author":[{"embeddable":true,"href":"https:\/\/www.saopaulo.sp.leg.br\/escoladoparlamento\/wp-json\/wp\/v2\/users\/522"}],"replies":[{"embeddable":true,"href":"https:\/\/www.saopaulo.sp.leg.br\/escoladoparlamento\/wp-json\/wp\/v2\/comments?post=17476"}],"version-history":[{"count":2,"href":"https:\/\/www.saopaulo.sp.leg.br\/escoladoparlamento\/wp-json\/wp\/v2\/pages\/17476\/revisions"}],"predecessor-version":[{"id":29454,"href":"https:\/\/www.saopaulo.sp.leg.br\/escoladoparlamento\/wp-json\/wp\/v2\/pages\/17476\/revisions\/29454"}],"up":[{"embeddable":true,"href":"https:\/\/www.saopaulo.sp.leg.br\/escoladoparlamento\/wp-json\/wp\/v2\/pages\/2870"}],"wp:attachment":[{"href":"https:\/\/www.saopaulo.sp.leg.br\/escoladoparlamento\/wp-json\/wp\/v2\/media?parent=17476"}],"curies":[{"name":"wp","href":"https:\/\/api.w.org\/{rel}","templated":true}]}}