{"id":17405,"date":"2020-02-04T17:37:15","date_gmt":"2020-02-04T20:37:15","guid":{"rendered":"http:\/\/www.saopaulo.sp.leg.br\/escoladoparlamento\/?page_id=17405"},"modified":"2025-08-27T10:24:28","modified_gmt":"2025-08-27T13:24:28","slug":"curso-de-extensao-universitaria-politicas-publicas-do-livro-da-leitura-da-literatura-e-da-biblioteca","status":"publish","type":"page","link":"https:\/\/www.saopaulo.sp.leg.br\/escoladoparlamento\/credenciamento\/editais-anteriores\/curso-de-extensao-universitaria-politicas-publicas-do-livro-da-leitura-da-literatura-e-da-biblioteca\/","title":{"rendered":"Curso de Extens\u00e3o Universit\u00e1ria Pol\u00edticas P\u00fablicas do Livro, da Leitura, da Literatura e da Biblioteca"},"content":{"rendered":"<p><a href=\"https:\/\/www.saopaulo.sp.leg.br\/escoladoparlamento\/wp-content\/uploads\/sites\/5\/2020\/02\/DOC-27-fev-2020-p.-65-Edital-01-2020.pdf\">DOC 27 fev 2020 p. 65<\/a> (Resultado Final e Convoca\u00e7\u00e3o para Contrata\u00e7\u00e3o)<\/p>\n<p><a href=\"https:\/\/www.saopaulo.sp.leg.br\/escoladoparlamento\/wp-content\/uploads\/sites\/5\/2020\/02\/DOC-18-fev-2020-p.-94-1.pdf\">DOC 18 fev 2020 p. 94<\/a> (Edital de Credenciamento da Atividade)<\/p>\n<p><a href=\"https:\/\/www.saopaulo.sp.leg.br\/escoladoparlamento\/wp-content\/uploads\/sites\/5\/2020\/02\/EDITAL-LIVRO-E-LEITURA.pdf\">Edital de Credenciamento da Atividade<\/a><\/p>\n<p><a href=\"https:\/\/www.saopaulo.sp.leg.br\/escoladoparlamento\/wp-content\/uploads\/sites\/5\/2020\/02\/Anexo-II_Declara\u00e7\u00e3o-de-Experi\u00eancia-Profissional.pdf\">Anexo II_Declara\u00e7\u00e3o de Experi\u00eancia Profissional<\/a><\/p>\n<p><a href=\"https:\/\/www.saopaulo.sp.leg.br\/escoladoparlamento\/wp-content\/uploads\/sites\/5\/2020\/02\/Anexo-III_Declara\u00e7\u00e3o-de-Experi\u00eancia-Profissional-em-Projetos-do-3\u00ba-Setor.pdf\">Anexo III_Declara\u00e7\u00e3o de Experi\u00eancia Profissional em Projetos do 3\u00ba Setor<\/a><\/p>\n<p><a href=\"https:\/\/www.saopaulo.sp.leg.br\/escoladoparlamento\/wp-content\/uploads\/sites\/5\/2020\/02\/Anexo-IV_Declara\u00e7\u00e3o-de-Autenticidade.pdf\">Anexo IV_Declara\u00e7\u00e3o de Autenticidade<\/a><\/p>\n<p>FORMUL\u00c1RIO DE INSCRI\u00c7\u00c3O &#8211; <span style=\"color: #ff0000\"><strong>inscri\u00e7\u00f5es encerradas<\/strong><\/span><\/p>\n<pre>Inscri\u00e7\u00f5es a partir das 9h00 do dia 06\/02\/2020 at\u00e9 \u00e0s 23h59min do dia 10\/02\/2020<\/pre>\n","protected":false},"excerpt":{"rendered":"<p>DOC 27 fev 2020 p. 65 (Resultado Final e Convoca\u00e7\u00e3o para Contrata\u00e7\u00e3o) DOC 18 fev 2020 p. 94 (Edital de Credenciamento da Atividade) Edital de Credenciamento da Atividade Anexo II_Declara\u00e7\u00e3o de Experi\u00eancia Profissional Anexo III_Declara\u00e7\u00e3o de Experi\u00eancia Profissional em Projetos do 3\u00ba Setor Anexo IV_Declara\u00e7\u00e3o de Autenticidade FORMUL\u00c1RIO DE INSCRI\u00c7\u00c3O &#8211; inscri\u00e7\u00f5es encerradas Inscri\u00e7\u00f5es a [&hellip;]<\/p>\n","protected":false},"author":522,"featured_media":0,"parent":2870,"menu_order":248,"comment_status":"closed","ping_status":"closed","template":"","meta":{"_acf_changed":false,"footnotes":""},"class_list":["post-17405","page","type-page","status-publish","hentry"],"acf":[],"_links":{"self":[{"href":"https:\/\/www.saopaulo.sp.leg.br\/escoladoparlamento\/wp-json\/wp\/v2\/pages\/17405","targetHints":{"allow":["GET"]}}],"collection":[{"href":"https:\/\/www.saopaulo.sp.leg.br\/escoladoparlamento\/wp-json\/wp\/v2\/pages"}],"about":[{"href":"https:\/\/www.saopaulo.sp.leg.br\/escoladoparlamento\/wp-json\/wp\/v2\/types\/page"}],"author":[{"embeddable":true,"href":"https:\/\/www.saopaulo.sp.leg.br\/escoladoparlamento\/wp-json\/wp\/v2\/users\/522"}],"replies":[{"embeddable":true,"href":"https:\/\/www.saopaulo.sp.leg.br\/escoladoparlamento\/wp-json\/wp\/v2\/comments?post=17405"}],"version-history":[{"count":1,"href":"https:\/\/www.saopaulo.sp.leg.br\/escoladoparlamento\/wp-json\/wp\/v2\/pages\/17405\/revisions"}],"predecessor-version":[{"id":29688,"href":"https:\/\/www.saopaulo.sp.leg.br\/escoladoparlamento\/wp-json\/wp\/v2\/pages\/17405\/revisions\/29688"}],"up":[{"embeddable":true,"href":"https:\/\/www.saopaulo.sp.leg.br\/escoladoparlamento\/wp-json\/wp\/v2\/pages\/2870"}],"wp:attachment":[{"href":"https:\/\/www.saopaulo.sp.leg.br\/escoladoparlamento\/wp-json\/wp\/v2\/media?parent=17405"}],"curies":[{"name":"wp","href":"https:\/\/api.w.org\/{rel}","templated":true}]}}