{"id":17147,"date":"2019-11-14T18:49:28","date_gmt":"2019-11-14T21:49:28","guid":{"rendered":"http:\/\/www.saopaulo.sp.leg.br\/escoladoparlamento\/?page_id=17147"},"modified":"2019-12-03T18:54:41","modified_gmt":"2019-12-03T21:54:41","slug":"poder-legislativo-e-dialogos-institucionais-questoes-atuais","status":"publish","type":"page","link":"https:\/\/www.saopaulo.sp.leg.br\/escoladoparlamento\/cursos\/cursos-anteriores\/cursos-realizados-em-2019\/poder-legislativo-e-dialogos-institucionais-questoes-atuais\/","title":{"rendered":"Legislativo e Judici\u00e1rio: quest\u00f5es atuais"},"content":{"rendered":"<p><strong>Diretor Respons\u00e1vel:<\/strong> Gustavo Costa Dias<br \/>\n<strong>Coordenadora:<\/strong>\u00a0 Dra. Maria Nazar\u00e9 Lins Barbosa<\/p>\n<p>O Legislativo Paulistano \u00e9, indubitavelmente, uma arena privilegiada para a discuss\u00e3o a respeito das interfaces entre o poder legislativo, a cidadania e a governan\u00e7a da democracia brasileira. Dentro de sua organiza\u00e7\u00e3o, a Procuradoria Legislativa, com suas m\u00faltiplas especialidades, incide diretamente na qualidade da produ\u00e7\u00e3o de leis, na efic\u00e1cia, efici\u00eancia e efetividade dos processos-meio e dos processos-fim da Casa e em sua pot\u00eancia articuladora com os demais poderes. O CELEG \u2013 <em>Centro de Estudos Legislativos<\/em> tem permitido que o ac\u00famulo de conhecimento instalado na Procuradoria Legislativa possa ser disseminado e colocado \u00e0 disposi\u00e7\u00e3o da sociedade de forma \u00fanica.<br \/>\nA iniciativa que agora propomos est\u00e1 ancorada nessa perspectiva.<br \/>\nAssim sendo, o Semin\u00e1rio proposto convida para o di\u00e1logo dois centros de produ\u00e7\u00e3o acad\u00eamica de conhecimento (a <em>Faculdade de Direito do Largo de S\u00e3o Francisco<\/em> e a <em>Faculdade de Direito da USP de Ribeir\u00e3o Preto<\/em>) e um parlamento municipal semelhante ao Paulistano (a <em>C\u00e2mara Municipal do Rio de Janeiro<\/em>).<\/p>\n<p><strong>P\u00fablico Alvo:\u00a0<\/strong>Parlamentares, assessores parlamentares, servidores p\u00fablicos, legisladores, estudantes de Direito e interessados no tema.<\/p>\n<p><strong>Vagas:<\/strong> 150<\/p>\n<h2><strong>29 de novembro &#8211; <a href=\"http:\/\/www.saopaulo.sp.leg.br\/transparencia\/auditorios-online\/auditorio-prestes-maia\/\">Audit\u00f3rio Prestes Maia<\/a><\/strong><\/h2>\n<p>Programa\u00e7\u00e3o:<\/p>\n<p><strong>9h |<\/strong>\u00a0Abertura<\/p>\n<p>Eduardo Tuma \u2013 <em>Presidente da CMSP<\/em><\/p>\n<p>Media\u00e7\u00e3o: Dra. Maria Nazar\u00e9 Lins Barbosa \u2013 <em>Procuradora Chefe da CMSP e Coordenadora do CELEG<\/em><\/p>\n<p>Jose Luiz Galamba Minc Baumfeld \u2013 <em>Procurador Geral da C\u00e2mara Municipal do Rio de Janeiro<\/em><\/p>\n<p>Orlando Corr\u00eaa da Paix\u00e3o \u2013 <em>Presidente na OAB\/SP da Comiss\u00e3o Especial de Rela\u00e7\u00f5es com a CMSP<\/em><\/p>\n<p><strong>9:20h | Painel: O ativismo da Justi\u00e7a Brasileira<\/strong> &#8211; Manoel Gon\u00e7alves Ferreira Filho &#8211; <em>Professor Em\u00e9rito da Faculdade de Direito da USP<\/em><\/p>\n<p><strong>10h | Painel: Processo legislativo em mat\u00e9ria de urbanismo: aspectos pol\u00eamicos<\/strong><\/p>\n<p>Raul Miguel Freitas de Oliveira &#8211; <em>Professor de Direito Administrativo da Faculdade de Direito da USP &#8211; Ribeir\u00e3o Preto<\/em><\/p>\n<p><strong>Coment\u00e1rios:<\/strong> Andr\u00e9a Rascovski Ickovicz e Fernanda de Pieri Mielli Franco Lima &#8211; Subscritoras das pe\u00e7as judiciais selecionadas na Revista da Procuradoria.<\/p>\n<p><strong>10h30 | Painel: Poder Legislativo e Di\u00e1logos Institucionais: a experi\u00eancia do munic\u00edpio do Rio de Janeiro<\/strong> &#8211; Flavio Andrade de Carvalho Britto &#8211;<em> Subprocurador Geral da C\u00e2mara Municipal do Rio de Janeiro<\/em><\/p>\n<p><strong>11h15 | Painel: Apresenta\u00e7\u00e3o da Revista da Procuradoria<\/strong><\/p>\n<p>Destaques: controle externo, impulsionamento de redes sociais com verbas de gabinete, espa\u00e7o ecum\u00eanico no Poder Legislativo<\/p>\n<p><strong>Painelistas:<\/strong> Djenane Ferreira Cardoso, Jos\u00e9 Luiz Levy, Lilian Vargas Pereira Po\u00e7as e Renato Takashi Igarashi &#8211; Pareceristas da Revista da Procuradoria.<\/p>\n<p><strong>11h45 | Painel de Apresenta\u00e7\u00e3o do Portal da Legisla\u00e7\u00e3o Paulistana.<\/strong><\/p>\n<p>Equipe de Sistematiza\u00e7\u00e3o de Assuntos Legislativos da C\u00e2mara Municipal de S\u00e3o Paulo &#8211; Alessandra Labaki, Camila Morais Caja\u00edba Garcez Marins, Ieda Maria Ferreira Pires e L\u00edvia Salom\u00e3o Nogueira.<\/p>\n<p><strong>12h<\/strong> | Encerramento<\/p>\n<h2><strong>Inscri\u00e7\u00f5es: <span style=\"color: #ff0000\">encerradas<\/span><\/strong><\/h2>\n","protected":false},"excerpt":{"rendered":"<p>Diretor Respons\u00e1vel: Gustavo Costa Dias Coordenadora:\u00a0 Dra. Maria Nazar\u00e9 Lins Barbosa O Legislativo Paulistano \u00e9, indubitavelmente, uma arena privilegiada para a discuss\u00e3o a respeito das interfaces entre o poder legislativo, a cidadania e a governan\u00e7a da democracia brasileira. Dentro de sua organiza\u00e7\u00e3o, a Procuradoria Legislativa, com suas m\u00faltiplas especialidades, incide diretamente na qualidade da produ\u00e7\u00e3o [&hellip;]<\/p>\n","protected":false},"author":522,"featured_media":0,"parent":15928,"menu_order":259,"comment_status":"closed","ping_status":"closed","template":"","meta":{"_acf_changed":false,"footnotes":""},"class_list":["post-17147","page","type-page","status-publish","hentry"],"acf":[],"_links":{"self":[{"href":"https:\/\/www.saopaulo.sp.leg.br\/escoladoparlamento\/wp-json\/wp\/v2\/pages\/17147","targetHints":{"allow":["GET"]}}],"collection":[{"href":"https:\/\/www.saopaulo.sp.leg.br\/escoladoparlamento\/wp-json\/wp\/v2\/pages"}],"about":[{"href":"https:\/\/www.saopaulo.sp.leg.br\/escoladoparlamento\/wp-json\/wp\/v2\/types\/page"}],"author":[{"embeddable":true,"href":"https:\/\/www.saopaulo.sp.leg.br\/escoladoparlamento\/wp-json\/wp\/v2\/users\/522"}],"replies":[{"embeddable":true,"href":"https:\/\/www.saopaulo.sp.leg.br\/escoladoparlamento\/wp-json\/wp\/v2\/comments?post=17147"}],"version-history":[{"count":0,"href":"https:\/\/www.saopaulo.sp.leg.br\/escoladoparlamento\/wp-json\/wp\/v2\/pages\/17147\/revisions"}],"up":[{"embeddable":true,"href":"https:\/\/www.saopaulo.sp.leg.br\/escoladoparlamento\/wp-json\/wp\/v2\/pages\/15928"}],"wp:attachment":[{"href":"https:\/\/www.saopaulo.sp.leg.br\/escoladoparlamento\/wp-json\/wp\/v2\/media?parent=17147"}],"curies":[{"name":"wp","href":"https:\/\/api.w.org\/{rel}","templated":true}]}}