{"id":15928,"date":"2019-02-26T13:59:56","date_gmt":"2019-02-26T16:59:56","guid":{"rendered":"http:\/\/www.saopaulo.sp.leg.br\/escoladoparlamento\/?page_id=15928"},"modified":"2024-04-26T14:33:34","modified_gmt":"2024-04-26T17:33:34","slug":"cursos-realizados-em-2019","status":"publish","type":"page","link":"https:\/\/www.saopaulo.sp.leg.br\/escoladoparlamento\/cursos\/cursos-anteriores\/cursos-realizados-em-2019\/","title":{"rendered":"Cursos Realizados em 2019"},"content":{"rendered":"<p><strong>FEVEREIRO<\/strong><\/p>\n<p><a href=\"http:\/\/www.saopaulo.sp.leg.br\/escoladoparlamento\/cursos\/cursos-anteriores\/cursos-realizados-em-2019\/iniciacao-politica-6a-edicao\/\">Inicia\u00e7\u00e3o Pol\u00edtica (6\u00b0 Edi\u00e7\u00e3o)<\/a><\/p>\n<p><strong>MAR\u00c7O<\/strong><\/p>\n<p><a href=\"http:\/\/www.saopaulo.sp.leg.br\/escoladoparlamento\/cursos\/cursos-anteriores\/cursos-realizados-em-2019\/i-congresso-luso-brasileiro-de-legistica\/\">I Congresso Luso-brasileiro de Leg\u00edstica &#8211; em homenagem ao Professor Carlos Blanco de Morais<\/a><\/p>\n<p><strong>MAIO<\/strong><\/p>\n<p><a href=\"http:\/\/www.saopaulo.sp.leg.br\/escoladoparlamento\/cursos\/cursos-anteriores\/cursos-realizados-em-2019\/v-jornada-paulista-de-cerimonial\/\">V Jornada Paulista de Ceremonial<\/a><\/p>\n<p><a href=\"http:\/\/www.saopaulo.sp.leg.br\/escoladoparlamento\/cursos\/cursos-anteriores\/cursos-realizados-em-2019\/forum-de-educacao-integral-para-uma-cidade-educadora\/\">F\u00f3rum de Educa\u00e7\u00e3o Integral para uma Cidade Educadora<\/a><\/p>\n<p><a href=\"http:\/\/www.saopaulo.sp.leg.br\/escoladoparlamento\/cursos\/cursos-anteriores\/cursos-realizados-em-2019\/garantia-de-renda-no-brasil-historia-e-futuro-das-politicas-sociais\/\">Garantia de renda no Brasil: hist\u00f3ria e futuro das pol\u00edticas sociais<\/a><\/p>\n<p><strong>JUNHO<\/strong><\/p>\n<p><a href=\"http:\/\/www.saopaulo.sp.leg.br\/escoladoparlamento\/cursos\/inscricoes-abertas\/lancamento-da-revista-parlamento-e-sociedade-n-10-desigualdades-da-cidade-de-sp\/\">Lan\u00e7amento da Revista Parlamento e Sociedade, n. 10 &#8211; Desigualdades na Cidade de SP<\/a><\/p>\n<p><a href=\"http:\/\/www.saopaulo.sp.leg.br\/escoladoparlamento\/cursos\/cursos-anteriores\/cursos-realizados-em-2019\/reporter-do-futuro-2019\/\">Rep\u00f3rter do Futuro 2019<\/a><\/p>\n<p><strong>AGOSTO<\/strong><\/p>\n<p><a href=\"http:\/\/www.saopaulo.sp.leg.br\/escoladoparlamento\/parcerias\/realizados-2\/realizados-2019\/forum-de-educacao-integral\/\">F\u00f3rum de Educa\u00e7\u00e3o Integral: Educa\u00e7\u00e3o para a Democracia<\/a><\/p>\n<p><strong>SETEMBRO<\/strong><\/p>\n<p><a href=\"http:\/\/www.saopaulo.sp.leg.br\/escoladoparlamento\/cursos\/cursos-anteriores\/cursos-realizados-em-2019\/regularizacao-fundiaria-urbana-a-lei-federal-no-13-465-2017-reurb-e-sua-aplicabilidade-no-municipio-de-sao-paulo\/\">Regulariza\u00e7\u00e3o Fundi\u00e1ria Urbana: a Lei federal n\u00ba 13.465\/2017 (Reurb) e sua aplicabilidade no Munic\u00edpio de S\u00e3o Paulo<\/a><\/p>\n<p><a href=\"http:\/\/www.saopaulo.sp.leg.br\/escoladoparlamento\/cursos\/cursos-anteriores\/cursos-realizados-em-2019\/1o-seminario-sobre-livro-e-leitura-na-cidade-de-sao-paulo\/\">1\u00ba Semin\u00e1rio sobre Livro e Leitura na cidade de S\u00e3o Paulo<\/a><\/p>\n<p><a href=\"http:\/\/www.saopaulo.sp.leg.br\/escoladoparlamento\/cursos\/cursos-anteriores\/cursos-realizados-em-2019\/2o-seminario-sobre-livro-e-leitura-na-cidade-de-sao-paulo\/\">2\u00ba Semin\u00e1rio sobre Livro e Leitura na Cidade de S\u00e3o Paulo<\/a><\/p>\n<p><strong>OUTUBRO<\/strong><\/p>\n<p><a href=\"http:\/\/www.saopaulo.sp.leg.br\/escoladoparlamento\/cursos\/cursos-anteriores\/cursos-realizados-em-2019\/o-poder-legislativo-na-promocao-da-resiliencia-financeira-municipal\/\">O Poder Legislativo na Promo\u00e7\u00e3o da Resili\u00eancia Financeira Municipal<\/a><\/p>\n<p><a href=\"http:\/\/www.saopaulo.sp.leg.br\/escoladoparlamento\/cursos\/cursos-anteriores\/cursos-realizados-em-2019\/biblioteca-da-camara-municipal-de-sao-paulo-um-seculo-de-servico-difusao-e-memoria\/\">Biblioteca da C\u00e2mara Municipal: Um s\u00e9culo de servi\u00e7o, difus\u00e3o e mem\u00f3ria<\/a><\/p>\n<p><strong>NOVEMBRO<\/strong><\/p>\n<p><a href=\"http:\/\/www.saopaulo.sp.leg.br\/escoladoparlamento\/cursos\/cursos-anteriores\/cursos-realizados-em-2019\/iniciacao-politica-7a-edicao\/\">Inicia\u00e7\u00e3o Pol\u00edtica \u2013 7\u00aa Edi\u00e7\u00e3o<\/a><\/p>\n<p><a href=\"http:\/\/www.saopaulo.sp.leg.br\/escoladoparlamento\/cursos\/cursos-anteriores\/cursos-realizados-em-2019\/oficinas-governo-aberto\/\">Oficinas: Governo Aberto<\/a><\/p>\n<p><a href=\"http:\/\/www.saopaulo.sp.leg.br\/escoladoparlamento\/cursos\/cursos-anteriores\/cursos-realizados-em-2019\/xxv-ilu-na-mesa-ciclo-de-palestras-e-debates\/\">XXV Il\u00fa na Mesa &#8211; Ciclo de Palestras e Debates<\/a><\/p>\n<p><a href=\"http:\/\/www.saopaulo.sp.leg.br\/escoladoparlamento\/cursos\/cursos-anteriores\/cursos-realizados-em-2019\/10o-encontro-de-estudos-das-origens-da-filosofia-contemporanea\/\">10\u00ba Encontro de Estudos das Origens da Filosofia Contempor\u00e2nea<\/a><\/p>\n<p><a href=\"http:\/\/www.saopaulo.sp.leg.br\/escoladoparlamento\/cursos\/cursos-anteriores\/cursos-realizados-em-2019\/seminario-experiencias-internacionais-na-educacao-basica-e-fundamental\/\">Semin\u00e1rio Experi\u00eancias Internacionais na Educa\u00e7\u00e3o B\u00e1sica e Fundamental<\/a><\/p>\n<p><a href=\"http:\/\/www.saopaulo.sp.leg.br\/escoladoparlamento\/cursos\/cursos-anteriores\/cursos-realizados-em-2019\/boas-praticas-da-rede-municipal-de-educacao-de-sao-paulo-multiplicando-o-conhecimento\/\">Boas Pr\u00e1ticas da Rede Municipal de Educa\u00e7\u00e3o de S\u00e3o Paulo: multiplicando o conhecimento<\/a><\/p>\n<p><a href=\"http:\/\/www.saopaulo.sp.leg.br\/escoladoparlamento\/cursos\/inscricoes-abertas\/poder-legislativo-e-dialogos-institucionais-questoes-atuais\/\">Legislativo e Judici\u00e1rio: quest\u00f5es atuais<\/a><\/p>\n<p><a href=\"http:\/\/www.saopaulo.sp.leg.br\/escoladoparlamento\/parcerias\/realizados-2\/realizados-2019\/politica-publica-de-atendimento-aos-processos-de-aprendizagem-promocao-da-educacao-inclusiva-integral-e-cidada\/\">Pol\u00edtica P\u00fablica de atendimento aos processos de aprendizagem: promo\u00e7\u00e3o da educa\u00e7\u00e3o inclusiva, integral e cidad\u00e3<\/a><\/p>\n<p><a href=\"http:\/\/www.saopaulo.sp.leg.br\/escoladoparlamento\/parcerias\/realizados-2\/realizados-2019\/politicas-de-educacao-especial-em-perspectiva-inclusiva-dos-marcos-normativos-as-praticas-pedagogicas\/\">Pol\u00edticas de Educa\u00e7\u00e3o Especial em Perspectiva Inclusiva &#8211; Semin\u00e1rio I<\/a><\/p>\n<p><a href=\"http:\/\/www.saopaulo.sp.leg.br\/escoladoparlamento\/parcerias\/realizados-2\/realizados-2019\/politicas-de-educacao-especial-em-perspectiva-inclusiva-seminario-ii\/\">Pol\u00edticas de Educa\u00e7\u00e3o Especial em Perspectiva Inclusiva \u2013 Semin\u00e1rio II<\/a><\/p>\n<p><strong>DEZEMBRO<\/strong><\/p>\n<p><a href=\"http:\/\/www.saopaulo.sp.leg.br\/escoladoparlamento\/parcerias\/realizados-2\/realizados-2019\/relacoes-etnico-raciais-na-escola-da-legislacao-as-praticas-pedagogicas\/\">Rela\u00e7\u00f5es \u00c9tnico-raciais na Escola: da Legisla\u00e7\u00e3o \u00e0s Pr\u00e1ticas Pedag\u00f3gicas<\/a><\/p>\n<p><a href=\"http:\/\/www.saopaulo.sp.leg.br\/escoladoparlamento\/cursos\/cursos-anteriores\/cursos-realizados-em-2019\/educacao-escolar-indigena-no-territorio-paulistano\/\">Educa\u00e7\u00e3o Escolar Ind\u00edgena no Territ\u00f3rio Paulistano<\/a><\/p>\n<p><a href=\"http:\/\/www.saopaulo.sp.leg.br\/escoladoparlamento\/cursos\/cursos-anteriores\/cursos-realizados-em-2019\/seguranca-publica-urbana-e-metropolitana-agenda-no-poder-legislativo\/\">Seguran\u00e7a P\u00fablica, Urbana e Metropolitana: agenda no Poder Legislativo<\/a><\/p>\n<p><a href=\"http:\/\/www.saopaulo.sp.leg.br\/escoladoparlamento\/cursos\/cursos-anteriores\/cursos-realizados-em-2019\/parlamento-municipal-conhecendo-o-processo-legislativo\/\">Parlamento Municipal: conhecendo o processo legislativo<\/a><\/p>\n","protected":false},"excerpt":{"rendered":"<p>FEVEREIRO Inicia\u00e7\u00e3o Pol\u00edtica (6\u00b0 Edi\u00e7\u00e3o) MAR\u00c7O I Congresso Luso-brasileiro de Leg\u00edstica &#8211; em homenagem ao Professor Carlos Blanco de Morais MAIO V Jornada Paulista de Ceremonial F\u00f3rum de Educa\u00e7\u00e3o Integral para uma Cidade Educadora Garantia de renda no Brasil: hist\u00f3ria e futuro das pol\u00edticas sociais JUNHO Lan\u00e7amento da Revista Parlamento e Sociedade, n. 10 &#8211; [&hellip;]<\/p>\n","protected":false},"author":577,"featured_media":0,"parent":169,"menu_order":312,"comment_status":"closed","ping_status":"closed","template":"","meta":{"_acf_changed":false,"footnotes":""},"class_list":["post-15928","page","type-page","status-publish","hentry"],"acf":[],"_links":{"self":[{"href":"https:\/\/www.saopaulo.sp.leg.br\/escoladoparlamento\/wp-json\/wp\/v2\/pages\/15928","targetHints":{"allow":["GET"]}}],"collection":[{"href":"https:\/\/www.saopaulo.sp.leg.br\/escoladoparlamento\/wp-json\/wp\/v2\/pages"}],"about":[{"href":"https:\/\/www.saopaulo.sp.leg.br\/escoladoparlamento\/wp-json\/wp\/v2\/types\/page"}],"author":[{"embeddable":true,"href":"https:\/\/www.saopaulo.sp.leg.br\/escoladoparlamento\/wp-json\/wp\/v2\/users\/577"}],"replies":[{"embeddable":true,"href":"https:\/\/www.saopaulo.sp.leg.br\/escoladoparlamento\/wp-json\/wp\/v2\/comments?post=15928"}],"version-history":[{"count":0,"href":"https:\/\/www.saopaulo.sp.leg.br\/escoladoparlamento\/wp-json\/wp\/v2\/pages\/15928\/revisions"}],"up":[{"embeddable":true,"href":"https:\/\/www.saopaulo.sp.leg.br\/escoladoparlamento\/wp-json\/wp\/v2\/pages\/169"}],"wp:attachment":[{"href":"https:\/\/www.saopaulo.sp.leg.br\/escoladoparlamento\/wp-json\/wp\/v2\/media?parent=15928"}],"curies":[{"name":"wp","href":"https:\/\/api.w.org\/{rel}","templated":true}]}}