{"id":1339,"date":"2015-08-11T17:11:44","date_gmt":"2015-08-11T20:11:44","guid":{"rendered":"http:\/\/www.saopaulo.sp.leg.br\/escoladoparlamento\/?page_id=1339"},"modified":"2018-03-14T20:18:34","modified_gmt":"2018-03-14T23:18:34","slug":"cursos-realizados-em-2012","status":"publish","type":"page","link":"https:\/\/www.saopaulo.sp.leg.br\/escoladoparlamento\/cursos\/cursos-anteriores\/cursos-realizados-em-2012\/","title":{"rendered":"Cursos realizados em 2012"},"content":{"rendered":"<p><a href=\"http:\/\/www.saopaulo.sp.leg.br\/escoladoparlamento\/cursos\/cursos-anteriores\/cursos-realizados-em-2012\/apoio-a-transicao-municipal\/\">Apoio \u00e0 Transi\u00e7\u00e3o Municipal<\/a><\/p>\n<p><a href=\"http:\/\/www.saopaulo.sp.leg.br\/escoladoparlamento\/cursos\/cursos-anteriores\/cursos-realizados-em-2012\/atualidades-do-processo-penal-2\/\">Atualidades do Processo Penal<\/a><\/p>\n<p><a href=\"http:\/\/www.saopaulo.sp.leg.br\/escoladoparlamento\/cursos\/cursos-anteriores\/cursos-realizados-em-2012\/capacitacao-em-gestao-publica-aplicada-ao-legislativo-cgpal-2\/\">Capacita\u00e7\u00e3o em Gest\u00e3o P\u00fablica Aplicada ao Legislativo<\/a><\/p>\n<p><a href=\"http:\/\/www.saopaulo.sp.leg.br\/escoladoparlamento\/cursos\/cursos-anteriores\/cursos-realizados-em-2012\/cerimonial-publico-2012\/\">Cerimonial P\u00fablico 2012 1S<\/a><\/p>\n<p><a href=\"http:\/\/www.saopaulo.sp.leg.br\/escoladoparlamento\/cursos\/cursos-anteriores\/cursos-realizados-em-2012\/cerimonial-publico-2012-2s\/\">Cerimonial P\u00fablico 2012 2S<\/a><\/p>\n<p><a href=\"http:\/\/www.saopaulo.sp.leg.br\/escoladoparlamento\/cursos\/cursos-anteriores\/cursos-realizados-em-2012\/encontro-consciencia-negra\/\">Consci\u00eancia Negra 2012<\/a><\/p>\n<p><a href=\"http:\/\/www.saopaulo.sp.leg.br\/escoladoparlamento\/cursos\/cursos-anteriores\/cursos-realizados-em-2012\/controladoria-geral-do-municipio-e-contas-abertas\/\">Controladoria Geral do Munic\u00edpio e Contas Abertas<\/a><\/p>\n<p><a href=\"http:\/\/www.saopaulo.sp.leg.br\/escoladoparlamento\/cursos\/cursos-anteriores\/cursos-realizados-em-2012\/mostra-cultural-de-fora-para-dentro-uma-ocupacao-poetica-da-cmsp\/\">Mostra Cultural De Fora para Dentro &#8211; uma ocupa\u00e7\u00e3o po\u00e9tica da CMSP<\/a><\/p>\n<p><a href=\"http:\/\/www.saopaulo.sp.leg.br\/escoladoparlamento\/cursos\/cursos-anteriores\/cursos-realizados-em-2012\/democracia-e-legislativo-no-plano-municipal\/\">Democracia e Legislativo no Plano Municipal<\/a><\/p>\n<p><a href=\"http:\/\/www.saopaulo.sp.leg.br\/escoladoparlamento\/cursos\/cursos-anteriores\/cursos-realizados-em-2012\/curso-democracia-e-o-legislativo-no-plano-municipal-2a-edicao\/\">Democracia e o Legislativo no Plano Municipal (2\u00aa edi\u00e7\u00e3o)<\/a><\/p>\n<p><a href=\"http:\/\/www.saopaulo.sp.leg.br\/escoladoparlamento\/cursos\/cursos-anteriores\/cursos-realizados-em-2012\/direito-eleitoral-as-resolucoes-do-tse-para-as-eleicoes-de-2012\/\">Direito Eleitoral \u2013 As Resolu\u00e7\u00f5es do TSE para as Elei\u00e7\u00f5es de 2012<\/a><\/p>\n<p><a href=\"http:\/\/www.saopaulo.sp.leg.br\/escoladoparlamento\/cursos\/cursos-anteriores\/cursos-realizados-em-2012\/seminario-distritalizacao-de-sao-paulo-os-21-anos-da-divisao-territorial-da-cidade\/\">Distritaliza\u00e7\u00e3o de S\u00e3o Paulo \u2013 Os 21 anos da divis\u00e3o territorial da cidade<\/a>\u00a0(Semin\u00e1rio)<\/p>\n<p><a href=\"http:\/\/www.saopaulo.sp.leg.br\/escoladoparlamento\/cursos\/cursos-anteriores\/cursos-realizados-em-2012\/estrategias-e-inovacoes-tecnologicas-para-comunicacao-politica-na-internet\/\">Estrat\u00e9gias e Inova\u00e7\u00f5es Tecnol\u00f3gicas para Comunica\u00e7\u00e3o Pol\u00edtica na Internet<\/a><\/p>\n<p><a class=\"contentpagetitle\" href=\"http:\/\/www.saopaulo.sp.leg.br\/escoladoparlamento\/lancamento-do-livro-ciclo-de-debates-pensando-sao-paulo\/\">Lan\u00e7amento Livro Ciclo de Debates Pensando S\u00e3o Paulo<\/a><\/p>\n<p><a href=\"http:\/\/www.saopaulo.sp.leg.br\/escoladoparlamento\/cursos\/cursos-anteriores\/cursos-realizados-em-2012\/ii-premio-de-boas-praticas-legislativas\/\">II Pr\u00eamio Boas Pr\u00e1ticas Legislativas<\/a><\/p>\n<p><a href=\"http:\/\/www.saopaulo.sp.leg.br\/escoladoparlamento\/cursos\/cursos-anteriores\/cursos-realizados-em-2012\/seminario-ocupacao-urbana-e-macrodrenagem-desafios-e-perspectivas\/\">Ocupa\u00e7\u00e3o Urbana e Macrodrenagem &#8211; Desafios e Perspectivas<\/a><\/p>\n<p><a href=\"http:\/\/www.saopaulo.sp.leg.br\/escoladoparlamento\/cursos\/cursos-anteriores\/cursos-realizados-em-2012\/oficina-de-capacitacao-na-plataforma-sao-paulo-democratica\/\">Oficina de Capacita\u00e7\u00e3o na Plataforma &#8220;S\u00e3o Paulo Democr\u00e1tica&#8221;<\/a><\/p>\n<p><a class=\"contentpagetitle\" href=\"http:\/\/www.saopaulo.sp.leg.br\/escoladoparlamento\/cursos\/cursos-anteriores\/cursos-realizados-em-2012\/pnaic-pacto-nacional-pela-alfabetizacao-na-idade-certa\/\">PNAIC &#8211; Pacto Nacional pela Alfabetiza\u00e7\u00e3o na Idade Certa<\/a><\/p>\n<p><a href=\"http:\/\/www.saopaulo.sp.leg.br\/escoladoparlamento\/cursos\/cursos-anteriores\/cursos-realizados-em-2012\/perspectivas-e-desafios-de-gestao-publica-na-cidade-de-sao-paulo\/\">Perspectivas e Desafios de Gest\u00e3o P\u00fablica na Cidade de S\u00e3o Paulo<\/a><\/p>\n<p><a href=\"http:\/\/www.saopaulo.sp.leg.br\/escoladoparlamento\/cursos\/cursos-anteriores\/cursos-realizados-em-2012\/ciclo-de-debates-pensando-sao-paulo\/\">Pensando S\u00e3o Paulo<\/a>\u00a0(Ciclo de Debates)<\/p>\n<p><a href=\"http:\/\/www.saopaulo.sp.leg.br\/escoladoparlamento\/cursos\/cursos-anteriores\/cursos-realizados-em-2012\/o-processo-legislativo\/\">Processo Legislativo 2012 <\/a><\/p>\n<p><a href=\"http:\/\/www.saopaulo.sp.leg.br\/escoladoparlamento\/cursos\/cursos-anteriores\/cursos-realizados-em-2012\/programa-de-formacao-de-conselheiros-de-juventude-de-sao-paulo\/\">Programa de Forma\u00e7\u00e3o de Conselheiros de Juventude de S\u00e3o Paulo<\/a><\/p>\n<p><a href=\"http:\/\/www.saopaulo.sp.leg.br\/escoladoparlamento\/cursos\/cursos-anteriores\/cursos-realizados-em-2012\/3471-2\/\">Tend\u00eancias Contempor\u00e2neas na Gest\u00e3o do Or\u00e7amento P\u00fablico<\/a><\/p>\n<p><a href=\"http:\/\/www.saopaulo.sp.leg.br\/escoladoparlamento\/cursos\/cursos-anteriores\/cursos-realizados-em-2012\/1o-congresso-nacional-dos-servidores-dos-legislativos-e-tribunais-de-contas-municipais\/\">1o Congresso Nacional dos Servidores dos Legislativos e Tribunais de Contas Municipais<\/a><\/p>\n<p><a href=\"http:\/\/www.saopaulo.sp.leg.br\/escoladoparlamento\/cursos\/cursos-anteriores\/cursos-realizados-em-2012\/2o-seminario-intersetorialidade-e-politicas-sociais-um-olhar-sobre-a-protecao-especial\/\">2o Semin\u00e1rio Intersetorialidade e Pol\u00edticas Sociais &#8211; Um olhar sobre a prote\u00e7\u00e3o especial<\/a><\/p>\n<p><a href=\"http:\/\/www.saopaulo.sp.leg.br\/escoladoparlamento\/cursos\/cursos-anteriores\/cursos-realizados-em-2012\/4o-encontro-estadual-de-agentes-publicos\/\">4o Encontro Estadual de Agentes P\u00fablicos<\/a><\/p>\n","protected":false},"excerpt":{"rendered":"<p>Apoio \u00e0 Transi\u00e7\u00e3o Municipal Atualidades do Processo Penal Capacita\u00e7\u00e3o em Gest\u00e3o P\u00fablica Aplicada ao Legislativo Cerimonial P\u00fablico 2012 1S Cerimonial P\u00fablico 2012 2S Consci\u00eancia Negra 2012 Controladoria Geral do Munic\u00edpio e Contas Abertas Mostra Cultural De Fora para Dentro &#8211; uma ocupa\u00e7\u00e3o po\u00e9tica da CMSP Democracia e Legislativo no Plano Municipal Democracia e o Legislativo [&hellip;]<\/p>\n","protected":false},"author":79,"featured_media":0,"parent":169,"menu_order":739,"comment_status":"open","ping_status":"open","template":"","meta":{"_acf_changed":false,"footnotes":""},"class_list":["post-1339","page","type-page","status-publish","hentry"],"acf":[],"_links":{"self":[{"href":"https:\/\/www.saopaulo.sp.leg.br\/escoladoparlamento\/wp-json\/wp\/v2\/pages\/1339","targetHints":{"allow":["GET"]}}],"collection":[{"href":"https:\/\/www.saopaulo.sp.leg.br\/escoladoparlamento\/wp-json\/wp\/v2\/pages"}],"about":[{"href":"https:\/\/www.saopaulo.sp.leg.br\/escoladoparlamento\/wp-json\/wp\/v2\/types\/page"}],"author":[{"embeddable":true,"href":"https:\/\/www.saopaulo.sp.leg.br\/escoladoparlamento\/wp-json\/wp\/v2\/users\/79"}],"replies":[{"embeddable":true,"href":"https:\/\/www.saopaulo.sp.leg.br\/escoladoparlamento\/wp-json\/wp\/v2\/comments?post=1339"}],"version-history":[{"count":0,"href":"https:\/\/www.saopaulo.sp.leg.br\/escoladoparlamento\/wp-json\/wp\/v2\/pages\/1339\/revisions"}],"up":[{"embeddable":true,"href":"https:\/\/www.saopaulo.sp.leg.br\/escoladoparlamento\/wp-json\/wp\/v2\/pages\/169"}],"wp:attachment":[{"href":"https:\/\/www.saopaulo.sp.leg.br\/escoladoparlamento\/wp-json\/wp\/v2\/media?parent=1339"}],"curies":[{"name":"wp","href":"https:\/\/api.w.org\/{rel}","templated":true}]}}

<p><a href="http://www.saopaulo.sp.leg.br/escoladoparlamento/cursos/cursos-anteriores/cursos-realizados-em-2012/apoio-a-transicao-municipal/">Apoio à Transição Municipal</a></p>
<p><a href="http://www.saopaulo.sp.leg.br/escoladoparlamento/cursos/cursos-anteriores/cursos-realizados-em-2012/atualidades-do-processo-penal-2/">Atualidades do Processo Penal</a></p>
<p><a href="http://www.saopaulo.sp.leg.br/escoladoparlamento/cursos/cursos-anteriores/cursos-realizados-em-2012/capacitacao-em-gestao-publica-aplicada-ao-legislativo-cgpal-2/">Capacitação em Gestão Pública Aplicada ao Legislativo</a></p>
<p><a href="http://www.saopaulo.sp.leg.br/escoladoparlamento/cursos/cursos-anteriores/cursos-realizados-em-2012/cerimonial-publico-2012/">Cerimonial Público 2012 1S</a></p>
<p><a href="http://www.saopaulo.sp.leg.br/escoladoparlamento/cursos/cursos-anteriores/cursos-realizados-em-2012/cerimonial-publico-2012-2s/">Cerimonial Público 2012 2S</a></p>
<p><a href="http://www.saopaulo.sp.leg.br/escoladoparlamento/cursos/cursos-anteriores/cursos-realizados-em-2012/encontro-consciencia-negra/">Consciência Negra 2012</a></p>
<p><a href="http://www.saopaulo.sp.leg.br/escoladoparlamento/cursos/cursos-anteriores/cursos-realizados-em-2012/controladoria-geral-do-municipio-e-contas-abertas/">Controladoria Geral do Município e Contas Abertas</a></p>
<p><a href="http://www.saopaulo.sp.leg.br/escoladoparlamento/cursos/cursos-anteriores/cursos-realizados-em-2012/mostra-cultural-de-fora-para-dentro-uma-ocupacao-poetica-da-cmsp/">Mostra Cultural De Fora para Dentro &#8211; uma ocupação poética da CMSP</a></p>
<p><a href="http://www.saopaulo.sp.leg.br/escoladoparlamento/cursos/cursos-anteriores/cursos-realizados-em-2012/democracia-e-legislativo-no-plano-municipal/">Democracia e Legislativo no Plano Municipal</a></p>
<p><a href="http://www.saopaulo.sp.leg.br/escoladoparlamento/cursos/cursos-anteriores/cursos-realizados-em-2012/curso-democracia-e-o-legislativo-no-plano-municipal-2a-edicao/">Democracia e o Legislativo no Plano Municipal (2ª edição)</a></p>
<p><a href="http://www.saopaulo.sp.leg.br/escoladoparlamento/cursos/cursos-anteriores/cursos-realizados-em-2012/direito-eleitoral-as-resolucoes-do-tse-para-as-eleicoes-de-2012/">Direito Eleitoral – As Resoluções do TSE para as Eleições de 2012</a></p>
<p><a href="http://www.saopaulo.sp.leg.br/escoladoparlamento/cursos/cursos-anteriores/cursos-realizados-em-2012/seminario-distritalizacao-de-sao-paulo-os-21-anos-da-divisao-territorial-da-cidade/">Distritalização de São Paulo – Os 21 anos da divisão territorial da cidade</a> (Seminário)</p>
<p><a href="http://www.saopaulo.sp.leg.br/escoladoparlamento/cursos/cursos-anteriores/cursos-realizados-em-2012/estrategias-e-inovacoes-tecnologicas-para-comunicacao-politica-na-internet/">Estratégias e Inovações Tecnológicas para Comunicação Política na Internet</a></p>
<p><a class="contentpagetitle" href="http://www.saopaulo.sp.leg.br/escoladoparlamento/lancamento-do-livro-ciclo-de-debates-pensando-sao-paulo/">Lançamento Livro Ciclo de Debates Pensando São Paulo</a></p>
<p><a href="http://www.saopaulo.sp.leg.br/escoladoparlamento/cursos/cursos-anteriores/cursos-realizados-em-2012/ii-premio-de-boas-praticas-legislativas/">II Prêmio Boas Práticas Legislativas</a></p>
<p><a href="http://www.saopaulo.sp.leg.br/escoladoparlamento/cursos/cursos-anteriores/cursos-realizados-em-2012/seminario-ocupacao-urbana-e-macrodrenagem-desafios-e-perspectivas/">Ocupação Urbana e Macrodrenagem &#8211; Desafios e Perspectivas</a></p>
<p><a href="http://www.saopaulo.sp.leg.br/escoladoparlamento/cursos/cursos-anteriores/cursos-realizados-em-2012/oficina-de-capacitacao-na-plataforma-sao-paulo-democratica/">Oficina de Capacitação na Plataforma &#8220;São Paulo Democrática&#8221;</a></p>
<p><a class="contentpagetitle" href="http://www.saopaulo.sp.leg.br/escoladoparlamento/cursos/cursos-anteriores/cursos-realizados-em-2012/pnaic-pacto-nacional-pela-alfabetizacao-na-idade-certa/">PNAIC &#8211; Pacto Nacional pela Alfabetização na Idade Certa</a></p>
<p><a href="http://www.saopaulo.sp.leg.br/escoladoparlamento/cursos/cursos-anteriores/cursos-realizados-em-2012/perspectivas-e-desafios-de-gestao-publica-na-cidade-de-sao-paulo/">Perspectivas e Desafios de Gestão Pública na Cidade de São Paulo</a></p>
<p><a href="http://www.saopaulo.sp.leg.br/escoladoparlamento/cursos/cursos-anteriores/cursos-realizados-em-2012/ciclo-de-debates-pensando-sao-paulo/">Pensando São Paulo</a> (Ciclo de Debates)</p>
<p><a href="http://www.saopaulo.sp.leg.br/escoladoparlamento/cursos/cursos-anteriores/cursos-realizados-em-2012/o-processo-legislativo/">Processo Legislativo 2012 </a></p>
<p><a href="http://www.saopaulo.sp.leg.br/escoladoparlamento/cursos/cursos-anteriores/cursos-realizados-em-2012/programa-de-formacao-de-conselheiros-de-juventude-de-sao-paulo/">Programa de Formação de Conselheiros de Juventude de São Paulo</a></p>
<p><a href="http://www.saopaulo.sp.leg.br/escoladoparlamento/cursos/cursos-anteriores/cursos-realizados-em-2012/3471-2/">Tendências Contemporâneas na Gestão do Orçamento Público</a></p>
<p><a href="http://www.saopaulo.sp.leg.br/escoladoparlamento/cursos/cursos-anteriores/cursos-realizados-em-2012/1o-congresso-nacional-dos-servidores-dos-legislativos-e-tribunais-de-contas-municipais/">1o Congresso Nacional dos Servidores dos Legislativos e Tribunais de Contas Municipais</a></p>
<p><a href="http://www.saopaulo.sp.leg.br/escoladoparlamento/cursos/cursos-anteriores/cursos-realizados-em-2012/2o-seminario-intersetorialidade-e-politicas-sociais-um-olhar-sobre-a-protecao-especial/">2o Seminário Intersetorialidade e Políticas Sociais &#8211; Um olhar sobre a proteção especial</a></p>
<p><a href="http://www.saopaulo.sp.leg.br/escoladoparlamento/cursos/cursos-anteriores/cursos-realizados-em-2012/4o-encontro-estadual-de-agentes-publicos/">4o Encontro Estadual de Agentes Públicos</a></p>

<p>Apoio à Transição Municipal Atualidades do Processo Penal Capacitação em Gestão Pública Aplicada ao Legislativo Cerimonial Público 2012 1S Cerimonial Público 2012 2S Consciência Negra 2012 Controladoria Geral do Município e Contas Abertas Mostra Cultural De Fora para Dentro &#8211; uma ocupação poética da CMSP Democracia e Legislativo no Plano Municipal Democracia e o Legislativo [&hellip;]</p>
