{"id":1336,"date":"2015-08-11T17:08:40","date_gmt":"2015-08-11T20:08:40","guid":{"rendered":"http:\/\/www.saopaulo.sp.leg.br\/escoladoparlamento\/?page_id=1336"},"modified":"2018-05-24T16:35:18","modified_gmt":"2018-05-24T19:35:18","slug":"cursos-realizados-em-2013","status":"publish","type":"page","link":"https:\/\/www.saopaulo.sp.leg.br\/escoladoparlamento\/cursos\/cursos-anteriores\/cursos-realizados-em-2013\/","title":{"rendered":"Cursos realizados em 2013"},"content":{"rendered":"<p><a href=\"http:\/\/www.saopaulo.sp.leg.br\/escoladoparlamento\/cursos\/cursos-anteriores\/cursos-realizados-em-2013\/a-democracia-e-os-movimentos-sociais\/\">A Democracia e os Movimentos Sociais<\/a><\/p>\n<p><a href=\"http:\/\/www.saopaulo.sp.leg.br\/escoladoparlamento\/cursos\/cursos-anteriores\/cursos-realizados-em-2013\/semana-da-transparencia-orcamentaria\/\">Semana da Transpar\u00eancia Or\u00e7ament\u00e1ria<\/a><\/p>\n<p><a href=\"http:\/\/www.saopaulo.sp.leg.br\/escoladoparlamento\/cursos\/cursos-anteriores\/cursos-realizados-em-2013\/administracao-publica-e-a-profissionalizacao-em-perspectiva-comparada-brasil-e-eua\/\">Administra\u00e7\u00e3o P\u00fablica e a Profissionaliza\u00e7\u00e3o em Perspectiva Comparada: Brasil e EUA<\/a><\/p>\n<p><a href=\"http:\/\/www.saopaulo.sp.leg.br\/escoladoparlamento\/cursos\/cursos-anteriores\/cursos-realizados-em-2013\/agenda-politica-para-a-promocao-da-igualdade-racial\/\">Agenda Pol\u00edtica para a Promo\u00e7\u00e3o da Igualdade Racial<\/a> (Consci\u00eancia Negra 2013)<\/p>\n<p><a href=\"http:\/\/www.saopaulo.sp.leg.br\/escoladoparlamento\/cursos\/cursos-anteriores\/cursos-realizados-em-2013\/atuacao-parlamentar-na-america-latina\/\">Atua\u00e7\u00e3o Parlamentar na Am\u00e9rica Latina<\/a><\/p>\n<p><a href=\"http:\/\/www.saopaulo.sp.leg.br\/escoladoparlamento\/cursos\/cursos-anteriores\/cursos-realizados-em-2013\/capacitacao-em-contabilidade-aplicada-ao-setor-publico\/\">Capacita\u00e7\u00e3o em Contabilidade Aplicada ao Setor P\u00fablico<\/a><\/p>\n<p><a href=\"http:\/\/www.saopaulo.sp.leg.br\/escoladoparlamento\/cursos\/cursos-anteriores\/cursos-realizados-em-2013\/cerimonial-publico-2013\/\">Cerimonial P\u00fablico 2013<\/a><\/p>\n<p><a href=\"http:\/\/www.saopaulo.sp.leg.br\/escoladoparlamento\/cursos\/cursos-anteriores\/cursos-realizados-em-2013\/democracia-e-parlamento\/\">Democracia e Parlamento<\/a><\/p>\n<p><a href=\"http:\/\/www.saopaulo.sp.leg.br\/escoladoparlamento\/cursos\/cursos-anteriores\/cursos-realizados-em-2013\/8598-2\/\">Democracia, Cidadania e Legislativo<\/a>\u00a0(Treinamento Estagi\u00e1rios)<\/p>\n<p><a href=\"http:\/\/www.saopaulo.sp.leg.br\/escoladoparlamento\/cursos\/cursos-anteriores\/cursos-realizados-em-2013\/desafios-para-integrar-o-plano-de-metas-aos-instrumentos-de-planejamento-e-orcamento-ppa-ldo-e-loa\/\">Desafios para Integrar o Plano de Metas aos Instrumentos de Planejamento e Or\u00e7amento (PPA, LDO e LOA)<\/a><\/p>\n<p><a href=\"http:\/\/www.saopaulo.sp.leg.br\/escoladoparlamento\/cursos\/cursos-anteriores\/cursos-realizados-em-2013\/reporter-do-futuro-2013\/\">Descobrir S\u00e3o Paulo, Descobrir-se Rep\u00f3rter \u2013 2013 &#8211; Rep\u00f3rter do Futuro<\/a><\/p>\n<p><a href=\"http:\/\/www.saopaulo.sp.leg.br\/escoladoparlamento\/cursos\/cursos-anteriores\/cursos-realizados-em-2013\/dialogo-para-mediacao-de-conflitos-e-participacao-da-sociedade\/\">Di\u00e1logo para Media\u00e7\u00e3o de Conflitos e Participa\u00e7\u00e3o da Sociedade<\/a><\/p>\n<p><a href=\"http:\/\/www.saopaulo.sp.leg.br\/escoladoparlamento\/cursos\/cursos-anteriores\/cursos-realizados-em-2013\/docencia-nas-escolas-de-governo-de-contas-e-do-poder-legislativo\/\">Doc\u00eancia nas Escolas de Governo, de Contas e do Poder Legislativo<\/a><\/p>\n<p><a href=\"http:\/\/www.saopaulo.sp.leg.br\/escoladoparlamento\/cursos\/cursos-anteriores\/cursos-realizados-em-2013\/8663-2\/\">Edif\u00edcios Sustent\u00e1veis &#8211; Mostra ECOFALANTE<\/a><\/p>\n<p><a href=\"http:\/\/www.saopaulo.sp.leg.br\/escoladoparlamento\/cursos\/cursos-anteriores\/cursos-realizados-em-2013\/formacao-para-atuacao-nos-conselhos-participativos\/\">Forma\u00e7\u00e3o para Atua\u00e7\u00e3o nos Conselhos Participativos<\/a><\/p>\n<p><a href=\"http:\/\/www.saopaulo.sp.leg.br\/escoladoparlamento\/cursos\/cursos-anteriores\/cursos-realizados-em-2013\/gestao-de-processos-em-organizacoes-publicas\/\">Gest\u00e3o de Processos em Organiza\u00e7\u00f5es P\u00fablicas \u2013 GPOP<\/a><\/p>\n<p><a href=\"http:\/\/www.saopaulo.sp.leg.br\/escoladoparlamento\/cursos\/cursos-anteriores\/cursos-realizados-em-2013\/seminario-gestao-democratica-de-sao-paulo\/\">Gest\u00e3o Democr\u00e1tica de S\u00e3o Paulo<\/a><\/p>\n<p><a href=\"http:\/\/www.saopaulo.sp.leg.br\/escoladoparlamento\/cursos\/cursos-anteriores\/cursos-realizados-em-2013\/gestao-publica-aplicada-ao-legislativo\/\">Gest\u00e3o P\u00fablica aplicada ao Legislativo \u2013 CGPAL<\/a><\/p>\n<p><a href=\"http:\/\/www.saopaulo.sp.leg.br\/escoladoparlamento\/cursos\/cursos-anteriores\/cursos-realizados-em-2013\/i-encontro-estadual-de-escolas-do-legislativo\/\">I Encontro Estadual das Escolas do Legislativo de SP<\/a><\/p>\n<p><a href=\"http:\/\/www.saopaulo.sp.leg.br\/escoladoparlamento\/cursos\/cursos-anteriores\/cursos-realizados-em-2013\/igualdade-de-genero-feminista\/\">Igualdade de G\u00eanero (Feminista) 2013<\/a><\/p>\n<p><a href=\"http:\/\/www.saopaulo.sp.leg.br\/escoladoparlamento\/cursos\/cursos-anteriores\/cursos-realizados-em-2013\/igualdade-de-genero-lgbt\/\">Igualdade de G\u00eanero (LGBT) 2013<\/a><\/p>\n<p><a href=\"http:\/\/www.saopaulo.sp.leg.br\/escoladoparlamento\/cursos\/cursos-anteriores\/cursos-realizados-em-2013\/lei-10-639-de-2003-ensino-de-historia-e-cultura-afro-brasileira\/\">Lei 10.639 de 2003: Ensino de Hist\u00f3ria e Cultura Afro-Brasileira<\/a>\u00a0(Consci\u00eancia Negra 2013)<\/p>\n<p><a href=\"http:\/\/www.saopaulo.sp.leg.br\/escoladoparlamento\/cursos\/cursos-anteriores\/cursos-realizados-em-2013\/literatura-e-politica\/\">Literatura e Pol\u00edtica<\/a><\/p>\n<p><a href=\"http:\/\/www.saopaulo.sp.leg.br\/escoladoparlamento\/cursos\/cursos-anteriores\/cursos-realizados-em-2013\/literatura-paulistana\/\">Literatura Paulistana<\/a><\/p>\n<p>Neg\u00f3cios Sociais (Semin\u00e1rio) &#8211; Prof. Muhammad Yunus<\/p>\n<p><a href=\"http:\/\/www.saopaulo.sp.leg.br\/escoladoparlamento\/cursos\/cursos-anteriores\/cursos-realizados-em-2013\/oficina-de-capacitacao-sao-paulo-democratica\/\">Oficina de Capacita\u00e7\u00e3o S\u00e3o Paulo\u00a0Democr\u00e1tica<\/a><\/p>\n<p><a href=\"http:\/\/www.saopaulo.sp.leg.br\/escoladoparlamento\/cursos\/cursos-anteriores\/cursos-realizados-em-2013\/partidos-politicos-brasileiros-2013\/\">Partidos Pol\u00edticos Brasileiros 2013<\/a><\/p>\n<p><a href=\"http:\/\/www.saopaulo.sp.leg.br\/escoladoparlamento\/cursos\/cursos-anteriores\/cursos-realizados-em-2012\/sao-paulo-democratica\/\">S\u00e3o Paulo Democr\u00e1tica<\/a><\/p>\n<p><a href=\"http:\/\/www.saopaulo.sp.leg.br\/escoladoparlamento\/cursos\/cursos-anteriores\/cursos-realizados-em-2013\/tendencias-contemporaneas-na-gestao-do-orcamento-publico-2013\/\">Tend\u00eancias Contempor\u00e2neas na Gest\u00e3o do Or\u00e7amento P\u00fablico<\/a><\/p>\n","protected":false},"excerpt":{"rendered":"<p>A Democracia e os Movimentos Sociais Semana da Transpar\u00eancia Or\u00e7ament\u00e1ria Administra\u00e7\u00e3o P\u00fablica e a Profissionaliza\u00e7\u00e3o em Perspectiva Comparada: Brasil e EUA Agenda Pol\u00edtica para a Promo\u00e7\u00e3o da Igualdade Racial (Consci\u00eancia Negra 2013) Atua\u00e7\u00e3o Parlamentar na Am\u00e9rica Latina Capacita\u00e7\u00e3o em Contabilidade Aplicada ao Setor P\u00fablico Cerimonial P\u00fablico 2013 Democracia e Parlamento Democracia, Cidadania e Legislativo\u00a0(Treinamento Estagi\u00e1rios) [&hellip;]<\/p>\n","protected":false},"author":79,"featured_media":0,"parent":169,"menu_order":728,"comment_status":"open","ping_status":"open","template":"","meta":{"_acf_changed":false,"footnotes":""},"class_list":["post-1336","page","type-page","status-publish","hentry"],"acf":[],"_links":{"self":[{"href":"https:\/\/www.saopaulo.sp.leg.br\/escoladoparlamento\/wp-json\/wp\/v2\/pages\/1336","targetHints":{"allow":["GET"]}}],"collection":[{"href":"https:\/\/www.saopaulo.sp.leg.br\/escoladoparlamento\/wp-json\/wp\/v2\/pages"}],"about":[{"href":"https:\/\/www.saopaulo.sp.leg.br\/escoladoparlamento\/wp-json\/wp\/v2\/types\/page"}],"author":[{"embeddable":true,"href":"https:\/\/www.saopaulo.sp.leg.br\/escoladoparlamento\/wp-json\/wp\/v2\/users\/79"}],"replies":[{"embeddable":true,"href":"https:\/\/www.saopaulo.sp.leg.br\/escoladoparlamento\/wp-json\/wp\/v2\/comments?post=1336"}],"version-history":[{"count":0,"href":"https:\/\/www.saopaulo.sp.leg.br\/escoladoparlamento\/wp-json\/wp\/v2\/pages\/1336\/revisions"}],"up":[{"embeddable":true,"href":"https:\/\/www.saopaulo.sp.leg.br\/escoladoparlamento\/wp-json\/wp\/v2\/pages\/169"}],"wp:attachment":[{"href":"https:\/\/www.saopaulo.sp.leg.br\/escoladoparlamento\/wp-json\/wp\/v2\/media?parent=1336"}],"curies":[{"name":"wp","href":"https:\/\/api.w.org\/{rel}","templated":true}]}}