{"id":1334,"date":"2015-08-11T17:07:50","date_gmt":"2015-08-11T20:07:50","guid":{"rendered":"http:\/\/www.saopaulo.sp.leg.br\/escoladoparlamento\/?page_id=1334"},"modified":"2018-03-15T20:11:13","modified_gmt":"2018-03-15T23:11:13","slug":"cursos-realizados-em-2014","status":"publish","type":"page","link":"https:\/\/www.saopaulo.sp.leg.br\/escoladoparlamento\/cursos\/cursos-anteriores\/cursos-realizados-em-2014\/","title":{"rendered":"Cursos realizados em 2014"},"content":{"rendered":"<p><a href=\"http:\/\/www.saopaulo.sp.leg.br\/escoladoparlamento\/cursos\/cursos-anteriores\/cursos-realizados-em-2014\/cerimonial-publico-2014\/\">Cerimonial P\u00fablico 2014<\/a><\/p>\n<p><a href=\"http:\/\/www.saopaulo.sp.leg.br\/escoladoparlamento\/cursos\/cursos-anteriores\/cursos-realizados-em-2014\/ciclo-de-gestao-nas-politicas-publicas\/\">Ciclo de Gest\u00e3o nas Pol\u00edticas P\u00fablicas<\/a><\/p>\n<p><a href=\"http:\/\/www.saopaulo.sp.leg.br\/escoladoparlamento\/cursos\/cursos-anteriores\/cursos-realizados-em-2014\/clube-de-cinema-belas-artes-a-esquina-do-cinema\/\">Clube de Cinema \u2013 Belas Artes: a Esquina do Cinema<\/a><\/p>\n<p><a href=\"http:\/\/www.saopaulo.sp.leg.br\/escoladoparlamento\/cursos\/cursos-anteriores\/cursos-realizados-em-2014\/seminario-consciencia-negra\/\">Semin\u00e1rio Consci\u00eancia Negra 2014<\/a><\/p>\n<p><a href=\"http:\/\/www.saopaulo.sp.leg.br\/escoladoparlamento\/cursos\/cursos-anteriores\/cursos-realizados-em-2014\/descobrir-sao-paulo-descobrir-se-reporter-2014\/\">Descobrir S\u00e3o Paulo, Descobrir-se Rep\u00f3rter (Rep\u00f3rter do Futuro) \u2013 2014<\/a><\/p>\n<p><a href=\"http:\/\/www.saopaulo.sp.leg.br\/escoladoparlamento\/cursos\/cursos-anteriores\/cursos-realizados-em-2014\/direito-eleitoral-e-as-eleicoes-de-2014\/\">Direito Eleitoral e as Elei\u00e7\u00f5es de 2014<\/a><\/p>\n<p><a href=\"http:\/\/www.saopaulo.sp.leg.br\/escoladoparlamento\/cursos\/cursos-anteriores\/cursos-realizados-em-2014\/educacao-e-cidadania-turma-1\/\">Educa\u00e7\u00e3o e Cidadania, turma 1<\/a><\/p>\n<p><a href=\"http:\/\/www.saopaulo.sp.leg.br\/escoladoparlamento\/cursos\/cursos-anteriores\/cursos-realizados-em-2014\/educacao-e-cidadania-turma-2\/\">Educa\u00e7\u00e3o e Cidadania, turma 2<\/a><\/p>\n<p><a href=\"http:\/\/www.saopaulo.sp.leg.br\/escoladoparlamento\/cursos\/cursos-anteriores\/cursos-realizados-em-2014\/2968-2\/\">Forma\u00e7\u00e3o dos Integrantes do Conselho Municipal de Planejamento e Or\u00e7amento Participativos \u2013 CPOP<\/a><\/p>\n<p><a href=\"http:\/\/www.saopaulo.sp.leg.br\/escoladoparlamento\/cursos\/cursos-anteriores\/cursos-realizados-em-2014\/formacao-para-gestores-em-orcamento-participativo\/\">Forma\u00e7\u00e3o para Gestores em Or\u00e7amento Participativo<\/a><\/p>\n<p><a href=\"http:\/\/www.saopaulo.sp.leg.br\/escoladoparlamento\/cursos\/cursos-anteriores\/cursos-realizados-em-2014\/formacao-politica-e-cidadania\/\">Forma\u00e7\u00e3o Pol\u00edtica e Cidadania<\/a><\/p>\n<p><a href=\"http:\/\/www.saopaulo.sp.leg.br\/escoladoparlamento\/cursos\/cursos-anteriores\/cursos-realizados-em-2014\/gestao-de-processos-em-administracao-publica\/\">Gest\u00e3o de Processos em Administra\u00e7\u00e3o P\u00fablica<\/a><\/p>\n<p><a href=\"http:\/\/www.saopaulo.sp.leg.br\/escoladoparlamento\/curso-de-gestao-publica-aplicada-ao-legislativo-cgpal\/\">Curso de Gest\u00e3o P\u00fablica Aplicada ao Legislativo &#8211; CGPAL<\/a><\/p>\n<p><a href=\"http:\/\/www.saopaulo.sp.leg.br\/escoladoparlamento\/cursos\/cursos-anteriores\/cursos-realizados-em-2014\/igualdade-de-genero-feminista-2014\/\">Igualdade de G\u00eanero &#8211; Perspectiva Feminista 2014<\/a><\/p>\n<p><a href=\"http:\/\/www.saopaulo.sp.leg.br\/escoladoparlamento\/cursos\/cursos-anteriores\/cursos-realizados-em-2014\/igualdade-de-genero-lgbt-2014\/\">Igualdade de G\u00eanero &#8211; Perspectiva LGBT 2014<\/a><\/p>\n<p><a href=\"http:\/\/www.saopaulo.sp.leg.br\/escoladoparlamento\/cursos\/cursos-anteriores\/cursos-realizados-em-2014\/introducao-a-politica-brasileira\/\">Introdu\u00e7\u00e3o \u00e0 Pol\u00edtica Brasileira<\/a><\/p>\n<p><a href=\"http:\/\/www.saopaulo.sp.leg.br\/escoladoparlamento\/cursos\/cursos-anteriores\/cursos-realizados-em-2014\/legislacao-para-o-lixo-zero\/\">Legisla\u00e7\u00e3o para o Lixo Zero<\/a><\/p>\n<p><a href=\"http:\/\/www.saopaulo.sp.leg.br\/escoladoparlamento\/cursos\/cursos-anteriores\/cursos-realizados-em-2014\/literatura-politica-e-historia\/\">Literatura, Pol\u00edtica e Hist\u00f3ria<\/a><\/p>\n<p><a href=\"http:\/\/www.saopaulo.sp.leg.br\/escoladoparlamento\/cursos\/cursos-anteriores\/cursos-realizados-em-2014\/literatura-paulistana\/\">Literatura Paulistana<\/a><\/p>\n<p><a href=\"http:\/\/www.saopaulo.sp.leg.br\/escoladoparlamento\/cursos\/cursos-anteriores\/cursos-realizados-em-2014\/o-renascimento-do-parto\/\">O Renascimento do Parto<\/a><\/p>\n<p><a href=\"http:\/\/www.saopaulo.sp.leg.br\/escoladoparlamento\/oficina-docencia-nas-escolas-de-governo-de-contas-e-do-poder-legislativo\/\">Oficina Doc\u00eancia nas Escolas de Governo, de Contas e do Poder Legislativo<\/a><\/p>\n<p><a href=\"http:\/\/www.saopaulo.sp.leg.br\/escoladoparlamento\/cursos\/cursos-anteriores\/cursos-realizados-em-2014\/partidos-politicos-brasileiros-2014\/\">Partidos Pol\u00edticos Brasileiros 2014<\/a><\/p>\n<p><a href=\"http:\/\/www.saopaulo.sp.leg.br\/escoladoparlamento\/cursos\/cursos-anteriores\/cursos-realizados-em-2014\/planejamento-e-gestao-governamental\/\">Planejamento e Gest\u00e3o Governamental<\/a><\/p>\n<p><a href=\"http:\/\/www.saopaulo.sp.leg.br\/escoladoparlamento\/cursos\/cursos-anteriores\/cursos-realizados-em-2014\/processo-legislativo-2014\/\">Processo Legislativo 2014<\/a><\/p>\n<p><a href=\"http:\/\/www.saopaulo.sp.leg.br\/escoladoparlamento\/cursos\/cursos-anteriores\/cursos-realizados-em-2014\/sao-paulo-de-todos-os-imigrantes-2014\/\">S\u00e3o Paulo de Todos os Imigrantes<\/a><\/p>\n<p><a href=\"http:\/\/www.saopaulo.sp.leg.br\/escoladoparlamento\/cursos\/cursos-anteriores\/cursos-realizados-em-2014\/semana-da-transparencia-orcamentaria\/\">Semana da Transpar\u00eancia Or\u00e7ament\u00e1ria<\/a><\/p>\n<p><a href=\"http:\/\/www.saopaulo.sp.leg.br\/escoladoparlamento\/cursos\/cursos-anteriores\/cursos-realizados-em-2014\/tendencias-contemporaneas-na-gestao-do-orcamento-publico-mod-av-2014\/\">Tend\u00eancias Contempor\u00e2neas na Gest\u00e3o do Or\u00e7amento P\u00fablico<\/a><\/p>\n","protected":false},"excerpt":{"rendered":"<p>Cerimonial P\u00fablico 2014 Ciclo de Gest\u00e3o nas Pol\u00edticas P\u00fablicas Clube de Cinema \u2013 Belas Artes: a Esquina do Cinema Semin\u00e1rio Consci\u00eancia Negra 2014 Descobrir S\u00e3o Paulo, Descobrir-se Rep\u00f3rter (Rep\u00f3rter do Futuro) \u2013 2014 Direito Eleitoral e as Elei\u00e7\u00f5es de 2014 Educa\u00e7\u00e3o e Cidadania, turma 1 Educa\u00e7\u00e3o e Cidadania, turma 2 Forma\u00e7\u00e3o dos Integrantes do Conselho [&hellip;]<\/p>\n","protected":false},"author":79,"featured_media":0,"parent":169,"menu_order":738,"comment_status":"open","ping_status":"open","template":"","meta":{"_acf_changed":false,"footnotes":""},"class_list":["post-1334","page","type-page","status-publish","hentry"],"acf":[],"_links":{"self":[{"href":"https:\/\/www.saopaulo.sp.leg.br\/escoladoparlamento\/wp-json\/wp\/v2\/pages\/1334","targetHints":{"allow":["GET"]}}],"collection":[{"href":"https:\/\/www.saopaulo.sp.leg.br\/escoladoparlamento\/wp-json\/wp\/v2\/pages"}],"about":[{"href":"https:\/\/www.saopaulo.sp.leg.br\/escoladoparlamento\/wp-json\/wp\/v2\/types\/page"}],"author":[{"embeddable":true,"href":"https:\/\/www.saopaulo.sp.leg.br\/escoladoparlamento\/wp-json\/wp\/v2\/users\/79"}],"replies":[{"embeddable":true,"href":"https:\/\/www.saopaulo.sp.leg.br\/escoladoparlamento\/wp-json\/wp\/v2\/comments?post=1334"}],"version-history":[{"count":0,"href":"https:\/\/www.saopaulo.sp.leg.br\/escoladoparlamento\/wp-json\/wp\/v2\/pages\/1334\/revisions"}],"up":[{"embeddable":true,"href":"https:\/\/www.saopaulo.sp.leg.br\/escoladoparlamento\/wp-json\/wp\/v2\/pages\/169"}],"wp:attachment":[{"href":"https:\/\/www.saopaulo.sp.leg.br\/escoladoparlamento\/wp-json\/wp\/v2\/media?parent=1334"}],"curies":[{"name":"wp","href":"https:\/\/api.w.org\/{rel}","templated":true}]}}