{"id":10969,"date":"2018-11-09T15:57:00","date_gmt":"2018-11-09T17:57:00","guid":{"rendered":"http:\/\/www.saopaulo.sp.leg.br\/escoladoparlamento\/?page_id=10969"},"modified":"2018-12-05T15:10:07","modified_gmt":"2018-12-05T17:10:07","slug":"fucando-e-aprendendo-investigando-o-orcamento","status":"publish","type":"page","link":"https:\/\/www.saopaulo.sp.leg.br\/escoladoparlamento\/cursos\/cursos-anteriores\/cursos-realizados-2018\/fucando-e-aprendendo-investigando-o-orcamento\/","title":{"rendered":"Fu\u00e7ando e aprendendo: investigando o or\u00e7amento"},"content":{"rendered":"<p><strong>Diretora Respons\u00e1vel:<\/strong> Ilza Jorge<\/p>\n<p><strong>Coordenador:<\/strong> Guilherme N. Pereira<\/p>\n<p>A Escola do Parlamento abre as portas para mais uma edi\u00e7\u00e3o do <em>Programa Agentes de Governo Aberto, <\/em>que realiza oficinas pela cidade, visando a forma\u00e7\u00e3o de cidad\u00e3os e gestores p\u00fablicos a partir de temas importantes para entender a din\u00e2mica da Administra\u00e7\u00e3o P\u00fablica e essenciais para a Democracia, como a transpar\u00eancia e dados abertos, a inova\u00e7\u00e3o e a tecnologia aberta e colaborativa, or\u00e7amento p\u00fablico, entre outros.<\/p>\n<p>Nesta oficina ser\u00e3o apresentados fundamentos b\u00e1sicos e introdut\u00f3rios sobre a import\u00e2ncia e o funcionamento do Or\u00e7amento P\u00fablico na cidade de S\u00e3o Paulo, contribuindo para o empoderamento de servidores, conselheiros municipais, lideran\u00e7as locais e estudantes. Entenderemos como funciona o Plano de Metas, como realizar buscas pelo Portal da Transpar\u00eancia e utilizar as informa\u00e7\u00f5es de acordo com as necessidades. Esse programa tem o apoio do Comit\u00ea Intersecretarial de Governo Aberto da Cidade de S\u00e3o Paulo \u2013 CIGA-SP.<\/p>\n<p><strong>Objetivos: <\/strong>capacitar servidores p\u00fablicos, conselheiros e a popula\u00e7\u00e3o em geral sobre o Or\u00e7amento P\u00fablico na cidade de S\u00e3o Paulo.<\/p>\n<p><strong>P\u00fablico\u00a0alvo: <\/strong>servidores, conselheiros e demais interessados no tema.<\/p>\n<p><strong>Vagas:<\/strong> 50<\/p>\n<h3><strong>Programa\u00e7\u00e3o:<\/strong><\/h3>\n<h2>03\/12 \u2013 14h00 as 17h30<\/h2>\n<h2><a href=\"http:\/\/www.saopaulo.sp.leg.br\/transparencia\/auditorios-online\/sala-tiradentes\/\">Sala Tiradentes<\/a><\/h2>\n<p><strong>Guilherme Nunes Pereira<\/strong> \u2013 <em>Mestrando em Pol\u00edticas P\u00fablicas pela UFABC. Pesquisador do projeto \u201cPara al\u00e9m da transfer\u00eancia de renda: Desafios da articula\u00e7\u00e3o intersetorial de pol\u00edticas sociais&#8221;, sediado no Centro de Estudos da Metr\u00f3pole \u2013 CEM-CEBRAP<\/em><\/p>\n<h2><strong>Inscri\u00e7\u00f5es: <span style=\"color: #ff0000\">encerradas<\/span><\/strong><\/h2>\n","protected":false},"excerpt":{"rendered":"<p>Diretora Respons\u00e1vel: Ilza Jorge Coordenador: Guilherme N. Pereira A Escola do Parlamento abre as portas para mais uma edi\u00e7\u00e3o do Programa Agentes de Governo Aberto, que realiza oficinas pela cidade, visando a forma\u00e7\u00e3o de cidad\u00e3os e gestores p\u00fablicos a partir de temas importantes para entender a din\u00e2mica da Administra\u00e7\u00e3o P\u00fablica e essenciais para a Democracia, [&hellip;]<\/p>\n","protected":false},"author":522,"featured_media":0,"parent":8438,"menu_order":323,"comment_status":"closed","ping_status":"closed","template":"","meta":{"_acf_changed":false,"footnotes":""},"class_list":["post-10969","page","type-page","status-publish","hentry"],"acf":[],"_links":{"self":[{"href":"https:\/\/www.saopaulo.sp.leg.br\/escoladoparlamento\/wp-json\/wp\/v2\/pages\/10969","targetHints":{"allow":["GET"]}}],"collection":[{"href":"https:\/\/www.saopaulo.sp.leg.br\/escoladoparlamento\/wp-json\/wp\/v2\/pages"}],"about":[{"href":"https:\/\/www.saopaulo.sp.leg.br\/escoladoparlamento\/wp-json\/wp\/v2\/types\/page"}],"author":[{"embeddable":true,"href":"https:\/\/www.saopaulo.sp.leg.br\/escoladoparlamento\/wp-json\/wp\/v2\/users\/522"}],"replies":[{"embeddable":true,"href":"https:\/\/www.saopaulo.sp.leg.br\/escoladoparlamento\/wp-json\/wp\/v2\/comments?post=10969"}],"version-history":[{"count":0,"href":"https:\/\/www.saopaulo.sp.leg.br\/escoladoparlamento\/wp-json\/wp\/v2\/pages\/10969\/revisions"}],"up":[{"embeddable":true,"href":"https:\/\/www.saopaulo.sp.leg.br\/escoladoparlamento\/wp-json\/wp\/v2\/pages\/8438"}],"wp:attachment":[{"href":"https:\/\/www.saopaulo.sp.leg.br\/escoladoparlamento\/wp-json\/wp\/v2\/media?parent=10969"}],"curies":[{"name":"wp","href":"https:\/\/api.w.org\/{rel}","templated":true}]}}