{"id":10522,"date":"2018-09-10T15:09:36","date_gmt":"2018-09-10T18:09:36","guid":{"rendered":"http:\/\/www.saopaulo.sp.leg.br\/escoladoparlamento\/?page_id=10522"},"modified":"2018-09-18T13:36:27","modified_gmt":"2018-09-18T16:36:27","slug":"como-a-desigualdade-afeta-o-envelhecimento","status":"publish","type":"page","link":"https:\/\/www.saopaulo.sp.leg.br\/escoladoparlamento\/cursos\/cursos-anteriores\/cursos-realizados-2018\/como-a-desigualdade-afeta-o-envelhecimento\/","title":{"rendered":"Como a Desigualdade afeta o Envelhecimento?"},"content":{"rendered":"<p><strong>Diretora respons\u00e1vel:<\/strong> Ilza Jorge<\/p>\n<p><strong>Coordenadora:<\/strong> Tamara Ilinsky Crantschaninov<\/p>\n<p>O Brasil tem a sexta maior popula\u00e7\u00e3o acima dos 60 anos e a s\u00e9tima acima dos 80. Por\u00e9m, os cuidados recebidos pelas pessoas idosas, de acordo com a\u00a0Pesquisa Nacional de Sa\u00fade s\u00e3o preocupantes. De acordo com os dados, 5,7% n\u00e3o t\u00eam qualquer ajuda; 81,9% recebem ajuda informal (de familiares ou amigos). Al\u00e9m disso, as Pol\u00edticas P\u00fablicas teriam o papel de minimizar a exposi\u00e7\u00e3o dos idosos a riscos e tamb\u00e9m\u00a0garantir qualidade de vida para essa popula\u00e7\u00e3o.<\/p>\n<p>O debate promovido pela <em>Escola do Parlamento<\/em> em parceria com o coletivo <em>Faz Diferen\u00e7a? Debates sobre Desigualdades<\/em> objetiva apresentar dados, discutir o papel das pol\u00edticas p\u00fablicas no envelhecimento e, principalmente, verificar se a cidade est\u00e1 preparada para o atendimento \u00e0s pessoas idosas.<\/p>\n<p><strong>Objetivos:<\/strong> trazer elementos que colaborem no debate com os participantes sobre as desigualdades no envelhecimento.<\/p>\n<p><strong>P\u00fablico alvo:<\/strong> servidores, assessores parlamentares, estudantes e demais interessados no tema.<\/p>\n<h3><strong>Programa\u00e7\u00e3o:<\/strong><\/h3>\n<h3>17 de setembro &#8211; 19h\/22h<\/h3>\n<p><a href=\"http:\/\/www.saopaulo.sp.leg.br\/transparencia\/auditorios-online\/auditorio-prestes-maia\/\">Audit\u00f3rio Prestes Maia<\/a><\/p>\n<p><strong>Sandra Gomes <em>(SMDHC)<\/em><\/strong><\/p>\n<p><strong>Yeda Duarte <em>(USP)<\/em><\/strong><\/p>\n<p><strong>Rog\u00e9rio Pedro<em> (ONG Eternamente Sou)<\/em><\/strong><\/p>\n<p>Mediadora: <strong>Tamara Ilinsky Crantschaninov <\/strong><em>(Faz Diferen\u00e7a? Debates sobre desigualdades)<\/em><\/p>\n<h2><strong>Inscri\u00e7\u00f5es: <span style=\"color: #ff0000\">encerradas<\/span><\/strong><\/h2>\n","protected":false},"excerpt":{"rendered":"<p>Diretora respons\u00e1vel: Ilza Jorge Coordenadora: Tamara Ilinsky Crantschaninov O Brasil tem a sexta maior popula\u00e7\u00e3o acima dos 60 anos e a s\u00e9tima acima dos 80. Por\u00e9m, os cuidados recebidos pelas pessoas idosas, de acordo com a\u00a0Pesquisa Nacional de Sa\u00fade s\u00e3o preocupantes. De acordo com os dados, 5,7% n\u00e3o t\u00eam qualquer ajuda; 81,9% recebem ajuda informal [&hellip;]<\/p>\n","protected":false},"author":522,"featured_media":0,"parent":8438,"menu_order":334,"comment_status":"closed","ping_status":"closed","template":"","meta":{"_acf_changed":false,"footnotes":""},"class_list":["post-10522","page","type-page","status-publish","hentry"],"acf":[],"_links":{"self":[{"href":"https:\/\/www.saopaulo.sp.leg.br\/escoladoparlamento\/wp-json\/wp\/v2\/pages\/10522","targetHints":{"allow":["GET"]}}],"collection":[{"href":"https:\/\/www.saopaulo.sp.leg.br\/escoladoparlamento\/wp-json\/wp\/v2\/pages"}],"about":[{"href":"https:\/\/www.saopaulo.sp.leg.br\/escoladoparlamento\/wp-json\/wp\/v2\/types\/page"}],"author":[{"embeddable":true,"href":"https:\/\/www.saopaulo.sp.leg.br\/escoladoparlamento\/wp-json\/wp\/v2\/users\/522"}],"replies":[{"embeddable":true,"href":"https:\/\/www.saopaulo.sp.leg.br\/escoladoparlamento\/wp-json\/wp\/v2\/comments?post=10522"}],"version-history":[{"count":0,"href":"https:\/\/www.saopaulo.sp.leg.br\/escoladoparlamento\/wp-json\/wp\/v2\/pages\/10522\/revisions"}],"up":[{"embeddable":true,"href":"https:\/\/www.saopaulo.sp.leg.br\/escoladoparlamento\/wp-json\/wp\/v2\/pages\/8438"}],"wp:attachment":[{"href":"https:\/\/www.saopaulo.sp.leg.br\/escoladoparlamento\/wp-json\/wp\/v2\/media?parent=10522"}],"curies":[{"name":"wp","href":"https:\/\/api.w.org\/{rel}","templated":true}]}}