{"id":10488,"date":"2018-09-04T16:59:21","date_gmt":"2018-09-04T19:59:21","guid":{"rendered":"http:\/\/www.saopaulo.sp.leg.br\/escoladoparlamento\/?page_id=10488"},"modified":"2018-09-26T15:42:41","modified_gmt":"2018-09-26T18:42:41","slug":"desigualdade-e-mobilidade-urbana","status":"publish","type":"page","link":"https:\/\/www.saopaulo.sp.leg.br\/escoladoparlamento\/cursos\/cursos-anteriores\/cursos-realizados-2018\/desigualdade-e-mobilidade-urbana\/","title":{"rendered":"Desigualdade e Mobilidade Urbana"},"content":{"rendered":"<p><strong>Diretora\u00a0respons\u00e1vel:<\/strong> Ilza Jorge<\/p>\n<p><strong>Coordenadora:<\/strong> Tamara Ilinsky Crantschaninov<\/p>\n<p>Para al\u00e9m de ser um fator que afeta a qualidade de vida dos cidad\u00e3os, a MOBILIDADE URBANA, de acordo com a efici\u00eancia ou n\u00e3o do transporte p\u00fablico, por exemplo, tamb\u00e9m\u00a0colabora para a desigualdade social, pois costuma prejudicar os cidad\u00e3os mais pobres e que est\u00e3o mais distantes do centro da cidade.<\/p>\n<p>O acesso ao transporte p\u00fablico, a seguran\u00e7a nas vias, o incentivo ao uso de outros modais como a bicicleta, o andar a p\u00e9, a facilita\u00e7\u00e3o\u00a0para pessoas com defici\u00eancia e\/ou idosos s\u00e3o fatores que influenciam para a qualidade e equidade da vida das pessoas.<\/p>\n<p>Em mais um encontro do <em>Ciclo de Debates sobre Desigualdades<\/em>, a <em>Escola do Parlamento<\/em> e o coletivo <em>Faz Diferen\u00e7a? Debates sobre Desigualdades<\/em> trazem especialistas, estudiosos e usu\u00e1rios para discutir o tema.<\/p>\n<p><strong>Objetivos:<\/strong> levantar elementos que colaborem no debate com os participantes\u00a0 sobre o combate \u00e0 desigualdade da mobilidade urbana.<\/p>\n<p><strong>P\u00fablico alvo:<\/strong> servidores, assessores parlamentares, estudantes e demais interessados no tema.<\/p>\n<p><strong>Carga hor\u00e1ria:<\/strong> 3 horas<\/p>\n<h2><strong>Programa\u00e7\u00e3o:\u00a0<\/strong><strong>25 de setembro<\/strong> &#8211; 19h-22h<\/h2>\n<h3><a href=\"http:\/\/www.saopaulo.sp.leg.br\/transparencia\/auditorios-online\/sala-sergio-vieira-de-mello-sala\/\">Sala S\u00e9rgio Vieira de Mello<\/a><\/h3>\n<p><strong>Ciro Biderman<\/strong> \u2013 <em>Professor da FGV\/SP, ex-Chefe de Gabinete da Companhia de Tr\u00e2nsito de S\u00e3o Paulo &#8211; SPTrans<\/em><\/p>\n<p><strong>Ana Carolina Nunes<\/strong> \u2013 <em>Diretora e vice-presidente da SampaP\u00e9 e mestre em Pol\u00edticas P\u00fablicas pela UFABC<\/em><\/p>\n<p><strong>Tuca Munhoz<\/strong>\u00a0&#8211; <em>ativista da causa da mobilidade e dos direitos humanos,\u00a0 ex-secret\u00e1rio-adjunto da Secretaria Municipal da Pessoa com Defici\u00eancia de S\u00e3o Paulo<\/em><\/p>\n<p><strong>Jos\u00e9 Police Neto<\/strong> \u2013 <em>vereador CMSP<\/em><\/p>\n<h2><strong>Inscri\u00e7\u00f5es: <span style=\"color: #ff0000\">encerradas<\/span><\/strong><\/h2>\n","protected":false},"excerpt":{"rendered":"<p>Diretora\u00a0respons\u00e1vel: Ilza Jorge Coordenadora: Tamara Ilinsky Crantschaninov Para al\u00e9m de ser um fator que afeta a qualidade de vida dos cidad\u00e3os, a MOBILIDADE URBANA, de acordo com a efici\u00eancia ou n\u00e3o do transporte p\u00fablico, por exemplo, tamb\u00e9m\u00a0colabora para a desigualdade social, pois costuma prejudicar os cidad\u00e3os mais pobres e que est\u00e3o mais distantes do centro [&hellip;]<\/p>\n","protected":false},"author":522,"featured_media":0,"parent":8438,"menu_order":337,"comment_status":"closed","ping_status":"closed","template":"","meta":{"_acf_changed":false,"footnotes":""},"class_list":["post-10488","page","type-page","status-publish","hentry"],"acf":[],"_links":{"self":[{"href":"https:\/\/www.saopaulo.sp.leg.br\/escoladoparlamento\/wp-json\/wp\/v2\/pages\/10488","targetHints":{"allow":["GET"]}}],"collection":[{"href":"https:\/\/www.saopaulo.sp.leg.br\/escoladoparlamento\/wp-json\/wp\/v2\/pages"}],"about":[{"href":"https:\/\/www.saopaulo.sp.leg.br\/escoladoparlamento\/wp-json\/wp\/v2\/types\/page"}],"author":[{"embeddable":true,"href":"https:\/\/www.saopaulo.sp.leg.br\/escoladoparlamento\/wp-json\/wp\/v2\/users\/522"}],"replies":[{"embeddable":true,"href":"https:\/\/www.saopaulo.sp.leg.br\/escoladoparlamento\/wp-json\/wp\/v2\/comments?post=10488"}],"version-history":[{"count":0,"href":"https:\/\/www.saopaulo.sp.leg.br\/escoladoparlamento\/wp-json\/wp\/v2\/pages\/10488\/revisions"}],"up":[{"embeddable":true,"href":"https:\/\/www.saopaulo.sp.leg.br\/escoladoparlamento\/wp-json\/wp\/v2\/pages\/8438"}],"wp:attachment":[{"href":"https:\/\/www.saopaulo.sp.leg.br\/escoladoparlamento\/wp-json\/wp\/v2\/media?parent=10488"}],"curies":[{"name":"wp","href":"https:\/\/api.w.org\/{rel}","templated":true}]}}