{"id":10129,"date":"2018-08-02T18:29:48","date_gmt":"2018-08-02T21:29:48","guid":{"rendered":"http:\/\/www.saopaulo.sp.leg.br\/escoladoparlamento\/?page_id=10129"},"modified":"2018-09-05T18:04:33","modified_gmt":"2018-09-05T21:04:33","slug":"50-anos-da-pedagogia-do-oprimido-de-paulo-freire","status":"publish","type":"page","link":"https:\/\/www.saopaulo.sp.leg.br\/escoladoparlamento\/cursos\/cursos-anteriores\/cursos-realizados-2018\/50-anos-da-pedagogia-do-oprimido-de-paulo-freire\/","title":{"rendered":"50 anos da Pedagogia do Oprimido de Paulo Freire"},"content":{"rendered":"<h2>A atualidade de suas ideias e seu impacto na educa\u00e7\u00e3o paulistana<\/h2>\n<p>&nbsp;<\/p>\n<p><strong>Diretores Respons\u00e1veis:<\/strong> Humberto Dantas\/Ilza Val\u00e9ria Moreira Jorge<\/p>\n<p><strong>Coordenadores:<\/strong> Silvia Aparecida Santos de Carvalho\/ Elio Araujo da Silva<\/p>\n<p>Curso na \u00e1rea da Educa\u00e7\u00e3o inserido no Programa de Capacita\u00e7\u00e3o de Agentes Pol\u00edticos e Comunit\u00e1rios e de Forma\u00e7\u00e3o para Cidadania da Escola do Parlamento da CMSP em parceria com SME e com o Instituto Paulo Freire<\/p>\n<p><strong>Objetivos:\u00a0<\/strong><\/p>\n<ul>\n<li>Realizar um encontro de forma\u00e7\u00e3o sobre a atualidade do pensamento de Paulo Freire e sua presen\u00e7a na educa\u00e7\u00e3o do munic\u00edpio de S\u00e3o Paulo, a partir das diretrizes da pol\u00edtica educacional da \u00e9poca em que foi Secret\u00e1rio da Educa\u00e7\u00e3o (democratiza\u00e7\u00e3o do acesso e garantia da perman\u00eancia, democratiza\u00e7\u00e3o da gest\u00e3o, qualidade social da educa\u00e7\u00e3o e educa\u00e7\u00e3o de jovens e adultos) demonstrando, fundamentalmente, pela Pedagogia do Oprimido que o legado <em>freiriano<\/em> continua vivo e se apresenta como uma importante alternativa civilizat\u00f3ria \u00e0s amea\u00e7as do \u201cconsenso\u201d neoconservador. Ser\u00e1 abordada a g\u00eanese e a evolu\u00e7\u00e3o da formula\u00e7\u00e3o da obra, a trajet\u00f3ria de seu manuscrito, at\u00e9 sua consagra\u00e7\u00e3o como um dos livros mais demandados e lidos no Planeta na \u00e1rea de humanas.<\/li>\n<li>Lan\u00e7ar o livro <em>Reiventando Freire: a praxis do Instituto Paulo Freire<\/em>, abordando com o Instituto de cuja funda\u00e7\u00e3o ele participou e vem dando continuidade ao seu legado.<\/li>\n<\/ul>\n<p>Ser\u00e3o <strong>4 palestras seguidas de debate no per\u00edodo da tarde<\/strong>, coordenadas por educadores que participaram da gest\u00e3o educacional quando Paulo Freire esteve \u00e0 frente da Secretaria da Educa\u00e7\u00e3o. <strong>\u00c0\u00a0noite, teremos uma mesa redonda<\/strong> tratando das contribui\u00e7\u00f5es da Pedagogia do Oprimido, encerrando a atividade com o lan\u00e7amento do livro <em>Reinventando Freire<\/em>. Ser\u00e1 oferecido um subs\u00eddio te\u00f3rico a cada participante, por meio de um caderno de forma\u00e7\u00e3o sobre os princ\u00edpios da pedagogia<em> freiriana<\/em>.<\/p>\n<p><strong>P\u00fablico Alvo:\u00a0<\/strong>Educadores, estudantes e\u00a0interessados pelo tema<\/p>\n<p><strong>Vagas:<\/strong> 300<\/p>\n<p><strong>Carga Hor\u00e1ria: <\/strong>8 horas<\/p>\n<p><strong>Crit\u00e9rio para Certifica\u00e7\u00e3o:<\/strong> 100% de presen\u00e7a<\/p>\n<h2>29 de agosto<\/h2>\n<hr \/>\n<p><strong>14h \u00e0s 15h30 <\/strong>-Abertura &#8211; Apresenta\u00e7\u00e3o Cultural &#8211; <a href=\"http:\/\/www.saopaulo.sp.leg.br\/transparencia\/auditorios-online\/auditorio-freitas-nobre-externo\/\">Audit\u00f3rio Freitas Nobre<\/a><\/p>\n<p>50 anos da Pedagogia do Oprimido de Paulo Freire: a atualidade de suas ideias e seu impacto na educa\u00e7\u00e3o paulistana<\/p>\n<hr \/>\n<p><strong>15h30 \u00e0s 17h30<\/strong> \u2013\u00a0Debates &#8211; <a href=\"http:\/\/www.saopaulo.sp.leg.br\/transparencia\/auditorios-online\/auditorio-prestes-maia\/\">Audit\u00f3rio Prestes Maia<\/a><\/p>\n<p>Democratiza\u00e7\u00e3o do Acesso e garantia da Perman\u00eancia \u2013 <strong>Prof\u00aa Dr\u00aa Sonia Kruppa <\/strong><em>&#8211;\u00a0<\/em><em>Professora Doutora da Faculdade de Educa\u00e7\u00e3o da USP, <\/em><em>coordenou pesquisa internacional sobre Avalia\u00e7\u00e3o Educacional, realizada em conjunto com pesquisadores da FPCE\/UP\/PT e da FE\/UNICAMP.<\/em><\/p>\n<p>Democratiza\u00e7\u00e3o da Gest\u00e3o \u2013 <strong>Prof\u00aa Dr\u00aa Cileda dos Santos Perrella<\/strong> &#8211; <em>integrante do GEPAE (Grupo de Estudos e Pesquisas em Administra\u00e7\u00e3o Escolar),\u00a0GEPGE (Grupo de Estudos e Pesquisas em Pol\u00edticas e Gest\u00e3o da Educa\u00e7\u00e3o) da UFSCar. <\/em><\/p>\n<p>Nova Qualidade do Ensino \u2013 <strong>Prof\u00ba Dr\u00ba Jo\u00e3o Vanderley Geraldi<\/strong> (a confirmar) &#8211; p<em>rofessor aposentado, colaborador visitante da Univ. do Porto (Portugal), atua principalmente nos seguintes temas: an\u00e1lise do discurso, estudos bakhtinianos e ensino de l\u00edngua portuguesa.<\/em><\/p>\n<p>Pol\u00edtica de Educa\u00e7\u00e3o de Jovens e Adultos \u2013 <strong>Prof\u00aa Dr\u00aa Sonia Couto<\/strong> <em>&#8211; Mestre e Doutora em Educa\u00e7\u00e3o pela Faculdade de Educa\u00e7\u00e3o da USP, membro da Comiss\u00e3o Nacional de Alfabetiza\u00e7\u00e3o e Educa\u00e7\u00e3o de Jovens e Adultos &#8211; CNAEJA,\u00a0coordenadora do Centro de Refer\u00eancia Paulo Freire.<\/em><\/p>\n<hr \/>\n<p><strong>17h30 \u00e0s 19h<\/strong> \u2013 Exposi\u00e7\u00e3o<\/p>\n<p>Paulo Freire \u2013 Vida e Obra \u2013 Projeto Mem\u00f3ria \u2013 Instituto Paulo Freire<\/p>\n<hr \/>\n<p><strong>19h \u00e0s 22h<\/strong> \u2013 Sess\u00e3o Solene &#8211; Comemora\u00e7\u00e3o dos 50 anos da Pedagogia do Oprimido de Paulo Freire &#8211; <a href=\"http:\/\/www.saopaulo.sp.leg.br\/transparencia\/auditorios-online\/salao-nobre-presidente-joao-brasil-vita\/\">Sal\u00e3o Nobre<\/a><\/p>\n<p><strong>Ant\u00f4nio\u00a0Donato<\/strong> &#8211; <em>vereador da C\u00e2mara Municipal de S\u00e3o Paulo,\u00a0foi Presidente da C\u00e2mara se Vereadores de S\u00e3o Paulo na gest\u00e3o 2015-2016.<\/em><\/p>\n<p><strong>Humberto Dantas:<\/strong> <em>cientista pol\u00edtico e Diretor Presidente da Escola do Parlamento.<\/em><\/p>\n<p><strong>Ladislau Dowbor <\/strong>&#8211; <em>economista e professor titular de p\u00f3s-gradua\u00e7\u00e3o da Pontif\u00edcia Universidade Cat\u00f3lica de S\u00e3o Paulo,\u00a0foi consultor de diversas ag\u00eancias das Na\u00e7\u00f5es Unidas, governos e munic\u00edpios, al\u00e9m de v\u00e1rias organiza\u00e7\u00f5es do sistema \u201cS\u201d. <\/em><\/p>\n<p><strong>Moacir Gadotti <\/strong>&#8211; <em>fil\u00f3sofo e pedagogo, doutor em Ci\u00eancias da Educa\u00e7\u00e3o pela Universidade de Genebra, Doutor Honoris Causa pela Universidade Federal Rural do Rio de Janeiro, Presidente de Honra do Instituto Paulo Freire.<\/em><\/p>\n<p><strong>Jos\u00e9 Eust\u00e1quio Rom\u00e3o<\/strong> &#8211; <em>Diretor e Professor do Programa de P\u00f3s-Gradua\u00e7\u00e3o em Educa\u00e7\u00e3o\u00a0na Universidade Nove de Julho (Uninove) onde coordena o Grupo de Pesquisas Freirianas em Educa\u00e7\u00e3o (GRUPEFREI), Diretor fundador do Instituto Paulo Freire, onde coordena a C\u00e1tedra do Oprimido. <\/em><\/p>\n<p><strong>Nita\u00a0Freire <\/strong>&#8211;\u00a0<em>Possui gradua\u00e7\u00e3o em Pedagogia pela Faculdade de Filosofia, Ci\u00eancias e Letras de Moema (1975), mestrado em Educa\u00e7\u00e3o: Hist\u00f3ria, Pol\u00edtica, Sociedade (1980) e doutorado em Educa\u00e7\u00e3o\u00a0(1994) pela\u00a0Pontif\u00edcia Universidade Cat\u00f3lica de S\u00e3o Paulo. Atualmente se dedica a organizar, publicar e divulgar a obra de Paulo Freire, como sucessora legal do educador.<\/em><\/p>\n<p><strong>Maria Selma de Moraes Rocha <\/strong>(a confirmar) &#8211; <em>diretora respons\u00e1vel pelo n\u00facleo de forma\u00e7\u00e3o da Funda\u00e7\u00e3o Perseu Abramo, participa\u00a0do Conselho Municipal de Educa\u00e7\u00e3o,\u00a0atua como consultora e palestrante na \u00e1rea de pol\u00edticas p\u00fablicas de educa\u00e7\u00e3o. <\/em><\/p>\n<hr \/>\n<h2><strong>Inscri\u00e7\u00f5es: <span style=\"color: #ff0000\">encerradas<\/span><\/strong><\/h2>\n","protected":false},"excerpt":{"rendered":"<p>A atualidade de suas ideias e seu impacto na educa\u00e7\u00e3o paulistana &nbsp; Diretores Respons\u00e1veis: Humberto Dantas\/Ilza Val\u00e9ria Moreira Jorge Coordenadores: Silvia Aparecida Santos de Carvalho\/ Elio Araujo da Silva Curso na \u00e1rea da Educa\u00e7\u00e3o inserido no Programa de Capacita\u00e7\u00e3o de Agentes Pol\u00edticos e Comunit\u00e1rios e de Forma\u00e7\u00e3o para Cidadania da Escola do Parlamento da CMSP [&hellip;]<\/p>\n","protected":false},"author":522,"featured_media":0,"parent":8438,"menu_order":347,"comment_status":"closed","ping_status":"closed","template":"","meta":{"_acf_changed":false,"footnotes":""},"class_list":["post-10129","page","type-page","status-publish","hentry"],"acf":[],"_links":{"self":[{"href":"https:\/\/www.saopaulo.sp.leg.br\/escoladoparlamento\/wp-json\/wp\/v2\/pages\/10129","targetHints":{"allow":["GET"]}}],"collection":[{"href":"https:\/\/www.saopaulo.sp.leg.br\/escoladoparlamento\/wp-json\/wp\/v2\/pages"}],"about":[{"href":"https:\/\/www.saopaulo.sp.leg.br\/escoladoparlamento\/wp-json\/wp\/v2\/types\/page"}],"author":[{"embeddable":true,"href":"https:\/\/www.saopaulo.sp.leg.br\/escoladoparlamento\/wp-json\/wp\/v2\/users\/522"}],"replies":[{"embeddable":true,"href":"https:\/\/www.saopaulo.sp.leg.br\/escoladoparlamento\/wp-json\/wp\/v2\/comments?post=10129"}],"version-history":[{"count":0,"href":"https:\/\/www.saopaulo.sp.leg.br\/escoladoparlamento\/wp-json\/wp\/v2\/pages\/10129\/revisions"}],"up":[{"embeddable":true,"href":"https:\/\/www.saopaulo.sp.leg.br\/escoladoparlamento\/wp-json\/wp\/v2\/pages\/8438"}],"wp:attachment":[{"href":"https:\/\/www.saopaulo.sp.leg.br\/escoladoparlamento\/wp-json\/wp\/v2\/media?parent=10129"}],"curies":[{"name":"wp","href":"https:\/\/api.w.org\/{rel}","templated":true}]}}