{"id":2158,"date":"2022-02-15T13:47:33","date_gmt":"2022-02-15T16:47:33","guid":{"rendered":"https:\/\/www.saopaulo.sp.leg.br\/biblioteca-novo\/?page_id=2158"},"modified":"2023-08-09T10:27:16","modified_gmt":"2023-08-09T13:27:16","slug":"hqs","status":"publish","type":"page","link":"https:\/\/www.saopaulo.sp.leg.br\/documentacao\/publicacoes-institucionais\/hqs\/","title":{"rendered":"Hist\u00f3rias em Quadrinhos"},"content":{"rendered":"<p>Nesta se\u00e7\u00e3o, apresentamos livros, peri\u00f3dicos e demais publica\u00e7\u00f5es produzidas por setores da <strong>C\u00e2mara Municipal de S\u00e3o Paulo<\/strong>, como o <strong>Centro de Comunica\u00e7\u00e3o Institucional, a Escola do Parlamento, a Consultoria T\u00e9cnica de Economia e Or\u00e7amento, a Consultoria T\u00e9cnico-Legislativa e a Procuradoria<\/strong>.<\/p>\n<p><span class=\"tipo voltar\"><a href=\"https:\/\/www.saopaulo.sp.leg.br\/documentacao\/publicacoes-institucionais\/\">Ver todas as Publica\u00e7\u00f5es Institucionais<\/a><\/span><\/p>\n<div class=\"filtro flex\">\n<div class=\"tecla livros\"><span class=\"tipo\"><a href=\"https:\/\/www.saopaulo.sp.leg.br\/documentacao\/publicacoes-institucionais\/livros\">Livros<\/a><\/span><\/div>\n<div class=\"tecla livros-digitais\"><span class=\"tipo\"><a href=\"https:\/\/www.saopaulo.sp.leg.br\/documentacao\/publicacoes-institucionais\/livros-digitais\">Livros Digitais<\/a><\/span><\/div>\n<div class=\"tecla periodicos\"><span class=\"tipo\"><a href=\"https:\/\/www.saopaulo.sp.leg.br\/documentacao\/publicacoes-institucionais\/periodicos\">Peri\u00f3dicos<\/a><\/span><\/div>\n<div class=\"tecla hqs\"><span class=\"tipo inativo\"><a href=\"https:\/\/www.saopaulo.sp.leg.br\/documentacao\/publicacoes-institucionais\/hqs\">Hist\u00f3rias em Quadrinhos<\/a><\/span><\/div>\n<\/div>\n","protected":false},"excerpt":{"rendered":"<p>Nesta se\u00e7\u00e3o, apresentamos livros, peri\u00f3dicos e demais publica\u00e7\u00f5es produzidas por setores da C\u00e2mara Municipal de S\u00e3o Paulo, como o Centro de Comunica\u00e7\u00e3o Institucional, a Escola do Parlamento, a Consultoria T\u00e9cnica&#8230;  <a class=\"excerpt-read-more\" href=\"https:\/\/www.saopaulo.sp.leg.br\/documentacao\/publicacoes-institucionais\/hqs\/\" title=\"Leia Hist\u00f3rias em Quadrinhos\">Leia mais &raquo;<\/a><\/p>\n","protected":false},"author":630,"featured_media":0,"parent":1163,"menu_order":0,"comment_status":"closed","ping_status":"closed","template":"page-publicacoes-hq.php","meta":{"_acf_changed":false,"footnotes":""},"class_list":["post-2158","page","type-page","status-publish","hentry"],"acf":[],"yoast_head":"<!-- This site is optimized with the Yoast SEO plugin v27.4 - https:\/\/yoast.com\/product\/yoast-seo-wordpress\/ -->\n<title>Hist\u00f3rias em Quadrinhos - Biblioteca e Documenta\u00e7\u00e3o<\/title>\n<meta name=\"robots\" content=\"index, follow, max-snippet:-1, max-image-preview:large, max-video-preview:-1\" \/>\n<link rel=\"canonical\" href=\"https:\/\/www.saopaulo.sp.leg.br\/documentacao\/publicacoes-institucionais\/hqs\/\" \/>\n<meta property=\"og:locale\" content=\"pt_BR\" \/>\n<meta property=\"og:type\" content=\"article\" \/>\n<meta property=\"og:title\" content=\"Hist\u00f3rias em Quadrinhos - Biblioteca e Documenta\u00e7\u00e3o\" \/>\n<meta property=\"og:description\" content=\"Nesta se\u00e7\u00e3o, apresentamos livros, peri\u00f3dicos e demais publica\u00e7\u00f5es produzidas por setores da C\u00e2mara Municipal de S\u00e3o Paulo, como o Centro de Comunica\u00e7\u00e3o Institucional, a Escola do Parlamento, a Consultoria T\u00e9cnica... Leia mais &raquo;\" \/>\n<meta property=\"og:url\" content=\"https:\/\/www.saopaulo.sp.leg.br\/documentacao\/publicacoes-institucionais\/hqs\/\" \/>\n<meta property=\"og:site_name\" content=\"Biblioteca e Documenta\u00e7\u00e3o\" \/>\n<meta property=\"article:modified_time\" content=\"2023-08-09T13:27:16+00:00\" \/>\n<meta name=\"twitter:card\" content=\"summary_large_image\" \/>\n<meta name=\"twitter:label1\" content=\"Est. tempo de leitura\" \/>\n\t<meta name=\"twitter:data1\" content=\"1 minuto\" \/>\n<script type=\"application\/ld+json\" class=\"yoast-schema-graph\">{\"@context\":\"https:\\\/\\\/schema.org\",\"@graph\":[{\"@type\":\"WebPage\",\"@id\":\"https:\\\/\\\/www.saopaulo.sp.leg.br\\\/documentacao\\\/publicacoes-institucionais\\\/hqs\\\/\",\"url\":\"https:\\\/\\\/www.saopaulo.sp.leg.br\\\/documentacao\\\/publicacoes-institucionais\\\/hqs\\\/\",\"name\":\"Hist\u00f3rias em Quadrinhos - Biblioteca e Documenta\u00e7\u00e3o\",\"isPartOf\":{\"@id\":\"https:\\\/\\\/www.saopaulo.sp.leg.br\\\/documentacao\\\/#website\"},\"datePublished\":\"2022-02-15T16:47:33+00:00\",\"dateModified\":\"2023-08-09T13:27:16+00:00\",\"breadcrumb\":{\"@id\":\"https:\\\/\\\/www.saopaulo.sp.leg.br\\\/documentacao\\\/publicacoes-institucionais\\\/hqs\\\/#breadcrumb\"},\"inLanguage\":\"pt-BR\",\"potentialAction\":[{\"@type\":\"ReadAction\",\"target\":[\"https:\\\/\\\/www.saopaulo.sp.leg.br\\\/documentacao\\\/publicacoes-institucionais\\\/hqs\\\/\"]}]},{\"@type\":\"BreadcrumbList\",\"@id\":\"https:\\\/\\\/www.saopaulo.sp.leg.br\\\/documentacao\\\/publicacoes-institucionais\\\/hqs\\\/#breadcrumb\",\"itemListElement\":[{\"@type\":\"ListItem\",\"position\":1,\"name\":\"In\u00edcio\",\"item\":\"https:\\\/\\\/www.saopaulo.sp.leg.br\\\/documentacao\\\/\"},{\"@type\":\"ListItem\",\"position\":2,\"name\":\"Publica\u00e7\u00f5es Institucionais\",\"item\":\"https:\\\/\\\/www.saopaulo.sp.leg.br\\\/documentacao\\\/publicacoes-institucionais\\\/\"},{\"@type\":\"ListItem\",\"position\":3,\"name\":\"Hist\u00f3rias em Quadrinhos\"}]},{\"@type\":\"WebSite\",\"@id\":\"https:\\\/\\\/www.saopaulo.sp.leg.br\\\/documentacao\\\/#website\",\"url\":\"https:\\\/\\\/www.saopaulo.sp.leg.br\\\/documentacao\\\/\",\"name\":\"Biblioteca e Documenta\u00e7\u00e3o\",\"description\":\"Secretaria de Documenta\u00e7\u00e3o\",\"potentialAction\":[{\"@type\":\"SearchAction\",\"target\":{\"@type\":\"EntryPoint\",\"urlTemplate\":\"https:\\\/\\\/www.saopaulo.sp.leg.br\\\/documentacao\\\/?s={search_term_string}\"},\"query-input\":{\"@type\":\"PropertyValueSpecification\",\"valueRequired\":true,\"valueName\":\"search_term_string\"}}],\"inLanguage\":\"pt-BR\"}]}<\/script>\n<!-- \/ Yoast SEO plugin. -->","yoast_head_json":{"title":"Hist\u00f3rias em Quadrinhos - Biblioteca e Documenta\u00e7\u00e3o","robots":{"index":"index","follow":"follow","max-snippet":"max-snippet:-1","max-image-preview":"max-image-preview:large","max-video-preview":"max-video-preview:-1"},"canonical":"https:\/\/www.saopaulo.sp.leg.br\/documentacao\/publicacoes-institucionais\/hqs\/","og_locale":"pt_BR","og_type":"article","og_title":"Hist\u00f3rias em Quadrinhos - Biblioteca e Documenta\u00e7\u00e3o","og_description":"Nesta se\u00e7\u00e3o, apresentamos livros, peri\u00f3dicos e demais publica\u00e7\u00f5es produzidas por setores da C\u00e2mara Municipal de S\u00e3o Paulo, como o Centro de Comunica\u00e7\u00e3o Institucional, a Escola do Parlamento, a Consultoria T\u00e9cnica... Leia mais &raquo;","og_url":"https:\/\/www.saopaulo.sp.leg.br\/documentacao\/publicacoes-institucionais\/hqs\/","og_site_name":"Biblioteca e Documenta\u00e7\u00e3o","article_modified_time":"2023-08-09T13:27:16+00:00","twitter_card":"summary_large_image","twitter_misc":{"Est. tempo de leitura":"1 minuto"},"schema":{"@context":"https:\/\/schema.org","@graph":[{"@type":"WebPage","@id":"https:\/\/www.saopaulo.sp.leg.br\/documentacao\/publicacoes-institucionais\/hqs\/","url":"https:\/\/www.saopaulo.sp.leg.br\/documentacao\/publicacoes-institucionais\/hqs\/","name":"Hist\u00f3rias em Quadrinhos - Biblioteca e Documenta\u00e7\u00e3o","isPartOf":{"@id":"https:\/\/www.saopaulo.sp.leg.br\/documentacao\/#website"},"datePublished":"2022-02-15T16:47:33+00:00","dateModified":"2023-08-09T13:27:16+00:00","breadcrumb":{"@id":"https:\/\/www.saopaulo.sp.leg.br\/documentacao\/publicacoes-institucionais\/hqs\/#breadcrumb"},"inLanguage":"pt-BR","potentialAction":[{"@type":"ReadAction","target":["https:\/\/www.saopaulo.sp.leg.br\/documentacao\/publicacoes-institucionais\/hqs\/"]}]},{"@type":"BreadcrumbList","@id":"https:\/\/www.saopaulo.sp.leg.br\/documentacao\/publicacoes-institucionais\/hqs\/#breadcrumb","itemListElement":[{"@type":"ListItem","position":1,"name":"In\u00edcio","item":"https:\/\/www.saopaulo.sp.leg.br\/documentacao\/"},{"@type":"ListItem","position":2,"name":"Publica\u00e7\u00f5es Institucionais","item":"https:\/\/www.saopaulo.sp.leg.br\/documentacao\/publicacoes-institucionais\/"},{"@type":"ListItem","position":3,"name":"Hist\u00f3rias em Quadrinhos"}]},{"@type":"WebSite","@id":"https:\/\/www.saopaulo.sp.leg.br\/documentacao\/#website","url":"https:\/\/www.saopaulo.sp.leg.br\/documentacao\/","name":"Biblioteca e Documenta\u00e7\u00e3o","description":"Secretaria de Documenta\u00e7\u00e3o","potentialAction":[{"@type":"SearchAction","target":{"@type":"EntryPoint","urlTemplate":"https:\/\/www.saopaulo.sp.leg.br\/documentacao\/?s={search_term_string}"},"query-input":{"@type":"PropertyValueSpecification","valueRequired":true,"valueName":"search_term_string"}}],"inLanguage":"pt-BR"}]}},"_links":{"self":[{"href":"https:\/\/www.saopaulo.sp.leg.br\/documentacao\/wp-json\/wp\/v2\/pages\/2158","targetHints":{"allow":["GET"]}}],"collection":[{"href":"https:\/\/www.saopaulo.sp.leg.br\/documentacao\/wp-json\/wp\/v2\/pages"}],"about":[{"href":"https:\/\/www.saopaulo.sp.leg.br\/documentacao\/wp-json\/wp\/v2\/types\/page"}],"author":[{"embeddable":true,"href":"https:\/\/www.saopaulo.sp.leg.br\/documentacao\/wp-json\/wp\/v2\/users\/630"}],"replies":[{"embeddable":true,"href":"https:\/\/www.saopaulo.sp.leg.br\/documentacao\/wp-json\/wp\/v2\/comments?post=2158"}],"version-history":[{"count":0,"href":"https:\/\/www.saopaulo.sp.leg.br\/documentacao\/wp-json\/wp\/v2\/pages\/2158\/revisions"}],"up":[{"embeddable":true,"href":"https:\/\/www.saopaulo.sp.leg.br\/documentacao\/wp-json\/wp\/v2\/pages\/1163"}],"wp:attachment":[{"href":"https:\/\/www.saopaulo.sp.leg.br\/documentacao\/wp-json\/wp\/v2\/media?parent=2158"}],"curies":[{"name":"wp","href":"https:\/\/api.w.org\/{rel}","templated":true}]}}