{"id":1345,"date":"2020-10-16T14:17:19","date_gmt":"2020-10-16T17:17:19","guid":{"rendered":"http:\/\/www.saopaulo.sp.leg.br\/biblioteca-novo\/?page_id=1345"},"modified":"2026-03-02T13:39:38","modified_gmt":"2026-03-02T16:39:38","slug":"documentos-historicos","status":"publish","type":"page","link":"https:\/\/www.saopaulo.sp.leg.br\/documentacao\/pesquisa\/documentos-historicos\/","title":{"rendered":"Documentos Hist\u00f3ricos"},"content":{"rendered":"<p>Os documentos legislativos produzidos pela C\u00e2mara Municipal de S\u00e3o Paulo podem ser acessados em diferentes bases de dados.<\/p>\n<ul>\n<li>A base de dados das <a href=\"https:\/\/www.saopaulo.sp.leg.br\/documentacao\/pesquisa\/atas-e-anais\/\">Atas e Anais da C\u00e2mara Municipal<\/a> abrange transcri\u00e7\u00f5es das sess\u00f5es plen\u00e1rias e de registros de atividades a partir de 1555 (os manuscritos originais destes documentos est\u00e3o sob a guarda do <a href=\"https:\/\/www.prefeitura.sp.gov.br\/cidade\/secretarias\/cultura\/arquivo_historico\/arquivo_historico\" target=\"_blank\" rel=\"noopener\">Arquivo Hist\u00f3rico Municipal<\/a>).<\/li>\n<li>A base de dados de <a href=\"https:\/\/www.saopaulo.sp.leg.br\/documentacao\/pesquisa\/projetos\/\">Projetos<\/a> mantida pela Secretaria de Documenta\u00e7\u00e3o cont\u00e9m informa\u00e7\u00f5es sobre proposituras (projetos de lei e outros) apresentadas a partir de 1948.<\/li>\n<li>O sistema <a href=\"https:\/\/splegisconsulta.saopaulo.sp.leg.br\/\" target=\"_blank\" rel=\"noopener\">SPLegis<\/a> gerencia a \u00edntegra dos processos legislativos a partir de 1991.<\/li>\n<\/ul>\n<p>No que se refere a documentos legislativos de per\u00edodos anteriores a 1948 (lembrando que a C\u00e2mara Municipal permaneceu fechada de 1937 at\u00e9 1948), o <a href=\"..\/..\/a-secretaria-de-documentacao\/arquivo-geral\/\">Arquivo Geral<\/a> possui uma cole\u00e7\u00e3o de documentos originais produzidos ou recebidos pela C\u00e2mara entre 1892 e 1937. As origens desta cole\u00e7\u00e3o, incluindo o hist\u00f3rico da administra\u00e7\u00e3o municipal no per\u00edodo e a organiza\u00e7\u00e3o das s\u00e9ries documentais, est\u00e3o descritas no texto <em><a href=\"http:\/\/www.saopaulo.sp.leg.br\/biblioteca\/historicos\/documentos-da-camara-municipal-de-sao-paulo-entre-1892-e-1937\/\" target=\"_blank\" rel=\"noopener\">Documentos da C\u00e2mara Municipal de S\u00e3o Paulo entre 1892 e 1937<\/a><\/em>.<\/p>\n<p>A <a href=\"http:\/\/saopaulo.sp.leg.br\/cgi-bin\/wxis.bin\/iah\/scripts\/?IsisScript=iah.xis&amp;lang=pt&amp;base=histor\" target=\"_blank\" rel=\"noopener\">base de dados de Documentos Hist\u00f3ricos<\/a> cont\u00e9m informa\u00e7\u00f5es sobre os documentos desta cole\u00e7\u00e3o e permite o acesso \u00e0s suas vers\u00f5es digitalizadas. O acervo de aproximadamente 13 mil documentos inclui, entre outros:<\/p>\n<ul>\n<li>Projetos de lei.<\/li>\n<li>Projetos de resolu\u00e7\u00e3o.<\/li>\n<li>Indica\u00e7\u00f5es.<\/li>\n<li>Mo\u00e7\u00f5es.<\/li>\n<li>Requerimentos legislativos.<\/li>\n<li>Requerimentos administrativos.<\/li>\n<li>Requerimentos de mun\u00edcipes.<\/li>\n<li>Documentos administrativos.<\/li>\n<li>Of\u00edcios.<\/li>\n<li>Correspond\u00eancias recebidas.<\/li>\n<li>Plantas urban\u00edsticas.<\/li>\n<\/ul>\n<p>Nesta base, \u00e9 poss\u00edvel pesquisar por:<\/p>\n<ul>\n<li>Tipo, n\u00famero e ano do documento.<\/li>\n<li>Promovente ou produtor.<\/li>\n<li>Ementa ou t\u00edtulo.<\/li>\n<li>Assunto.<\/li>\n<\/ul>\n<div class=\"box-instrucoes\">\n<h3>COMO PESQUISAR<\/h3>\n<p class=\"accordion\">Instru\u00e7\u00f5es gerais<\/p>\n<div class=\"panel\">\n<ul>\n<li><b>Se a pesquisa n\u00e3o estiver aparecendo, verifique seu bloqueador de pop-ups.<\/b><\/li>\n<li><b>N\u00e3o utilize acentos ou caracteres especiais<\/b>, tais como os acentos grave (`), agudo (\u00b4), til (~), circunflexo (^), aspas (\u201c), ap\u00f3strofo (\u2018) e cedilha (\u00e7). Exemplos: direito a informacao; M Boi Mirim ; agua.<\/li>\n<li><b>N\u00e3o utilize barras (\/) ou hifens (-)<\/b> entre as palavras.<\/li>\n<li>Use o s\u00edmbolo de truncagem &#8220;$&#8221; (cifr\u00e3o) para pesquisar palavras com mesma raiz. Exemplo: &#8220;papel$&#8221; recupera &#8220;papel&#8221;, &#8220;papel\u00e3o&#8221;, &#8220;papeleiro&#8221;, etc.<\/li>\n<li>Clique no bot\u00e3o &#8220;Pesquisar&#8221; para executar a busca. <b>N\u00e3o aperte a tecla &lt;<i>enter<\/i>&gt;<\/b>.<\/li>\n<li>No resultado da pesquisa, para visualizar o texto completo dos documentos citados no registro, clique na express\u00e3o <i>Ver documento<\/i> correspondente.<\/li>\n<li>Existem dois tipos de formul\u00e1rios de pesquisa: o <em>formul\u00e1rio livre<\/em> (dispon\u00edvel quando se inicia a busca) e o <em>formul\u00e1rio avan\u00e7ado<\/em> (que pode ser acessado clicando-se no canto superior direito do formul\u00e1rio livre).<\/li>\n<\/ul>\n<\/div>\n<p class=\"accordion\">Formul\u00e1rio livre<\/p>\n<div class=\"panel\">\n<ul>\n<li>Na caixa de pesquisa do formul\u00e1rio livre digite uma ou mais palavras a serem pesquisadas, separadas apenas por espa\u00e7o.<\/li>\n<li>Escolha a op\u00e7\u00e3o desejada para a combina\u00e7\u00e3o das palavras na pesquisa: todas as palavras no mesmo documento (equivale ao <a href=\"#boolean\">operador booleano AND<\/a>) ou qualquer palavra (recupera documentos que tenham pelo menos uma das palavras e equivale ao <a href=\"#boolean\">operador booleano OR<\/a>).<\/li>\n<li><b>N\u00e3o digite <a href=\"#boolean\">operadores booleanos (AND, OR ou AND NOT)<\/a><\/b> na caixa de pesquisa.<\/li>\n<li>Se a pesquisa for feita pelo n\u00famero n\u00famero de um documento, utilize o formato <em>nnnn aaaa<\/em> (n\u00famero seguido de ano com quatro algarismos). <b>N\u00e3o utilize barra (\/)<\/b>. Exemplos: ao digitar <em>182 1937<\/em> na caixa de pesquisa, a busca trar\u00e1 como resultados o requerimento legislativo n\u00ba 182\/1937, a indica\u00e7\u00e3o n\u00ba 182\/1937 e o projeto de lei n\u00ba 182\/1937; ao digitar <em>2109 1937<\/em> na caixa de pesquisa, a busca trar\u00e1 como resultado o processo 2.109\/1937.<\/li>\n<\/ul>\n<\/div>\n<p class=\"accordion\">Formul\u00e1rio avan\u00e7ado<\/p>\n<div class=\"panel\">\n<p>A pesquisa no formul\u00e1rio avan\u00e7ado permite especificar o campo a ser pesquisado, selecionar palavras a partir dos \u00edndices e combinar operadores booleanos diferentes numa mesma pesquisa.<\/p>\n<ul>\n<li>Para especificar o campo em que a palavra ser\u00e1 pesquisada, digite apenas uma palavra em cada linha (1, 2, 3) e escolha o nome do campo. Para combin\u00e1-las, utilize os <a href=\"#boolean\">operadores booleanos (AND, OR ou AND NOT)<\/a> do pr\u00f3prio formul\u00e1rio.<\/li>\n<\/ul>\n<p>Exemplo:<br \/>\n<img loading=\"lazy\" decoding=\"async\" class=\"aligncenter wp-image-1642 size-full\" src=\"..\/..\/wp-content\/uploads\/sites\/34\/2021\/04\/img1.png\" alt=\"\" width=\"1025\" height=\"168\" srcset=\"https:\/\/www.saopaulo.sp.leg.br\/documentacao\/wp-content\/uploads\/sites\/34\/2021\/04\/img1.png 1025w, https:\/\/www.saopaulo.sp.leg.br\/documentacao\/wp-content\/uploads\/sites\/34\/2021\/04\/img1-300x49.png 300w, https:\/\/www.saopaulo.sp.leg.br\/documentacao\/wp-content\/uploads\/sites\/34\/2021\/04\/img1-768x126.png 768w\" sizes=\"auto, (max-width: 1025px) 100vw, 1025px\" \/><\/p>\n<p>(Esta pesquisa recupera projetos que tenham como assunto os termos \u201climpeza\u201d e \u201cpra\u00e7a\u201d).<\/p>\n<ul>\n<li style=\"list-style-type: none\">\n<ul>\n<li>\u00c9 poss\u00edvel utilizar as aspas (\u201c) para realizar a pesquisa de dois ou mais termos numa ordem determinada. Por exemplo: a express\u00e3o \u201cparque municipal\u201d ir\u00e1 recuperar os registros em que estas palavras aparecem exatamente nesta sequ\u00eancia e n\u00e3o ir\u00e1 recuperar os registros em que s\u00f3 aparecem as palavras \u201cparque\u201d e \u201cmunicipal\u201d sem estarem em sequ\u00eancia.<\/li>\n<li>Para selecionar as palavras mais adequadas \u00e0 pesquisa a partir de uma lista de termos, clique no bot\u00e3o &#8220;\u00edndice&#8221;: a partir da\u00ed ser\u00e1 poss\u00edvel verificar se o termo existe na base. Se o campo de pesquisa (ex. Assunto, Autor do projeto) estiver especificado, a busca ser\u00e1 feita somente nas palavras que ocorrem naquele campo. Para exibir a lista de termos, clique na letra inicial ou digite o come\u00e7o da palavra e acione \u201cmostrar \u00edndice\u201d. Em seguida, e s\u00f3 localizar o termo de interesse e pesquis\u00e1-lo diretamente ou adicion\u00e1-lo ao formul\u00e1rio para combina\u00e7\u00e3o com outros termos.<\/li>\n<li>Para pesquisar mais de tr\u00eas assuntos, pode-se digitar mais de uma palavra em uma mesma linha, desde que se utilize <a href=\"#boolean\">operadores booleanos (AND, OR ou AND NOT)<\/a> para combin\u00e1-las, <b>sem especificar o campo<\/b> (op\u00e7\u00e3o \u201cTodos os campos\u201d). Neste caso, use par\u00eanteses quando se quiser agrupar os termos da busca.<br \/>\nExemplo:<\/li>\n<\/ul>\n<\/li>\n<\/ul>\n<img loading=\"lazy\" decoding=\"async\" class=\"aligncenter size-full wp-image-1917\" src=\"..\/..\/wp-content\/uploads\/sites\/34\/2021\/09\/pesquisa-03.jpg\" alt=\"\" width=\"1045\" height=\"169\" srcset=\"https:\/\/www.saopaulo.sp.leg.br\/documentacao\/wp-content\/uploads\/sites\/34\/2021\/09\/pesquisa-03.jpg 1045w, https:\/\/www.saopaulo.sp.leg.br\/documentacao\/wp-content\/uploads\/sites\/34\/2021\/09\/pesquisa-03-300x49.jpg 300w, https:\/\/www.saopaulo.sp.leg.br\/documentacao\/wp-content\/uploads\/sites\/34\/2021\/09\/pesquisa-03-1024x166.jpg 1024w, https:\/\/www.saopaulo.sp.leg.br\/documentacao\/wp-content\/uploads\/sites\/34\/2021\/09\/pesquisa-03-768x124.jpg 768w, https:\/\/www.saopaulo.sp.leg.br\/documentacao\/wp-content\/uploads\/sites\/34\/2021\/09\/pesquisa-03-180x29.jpg 180w\" sizes=\"auto, (max-width: 1045px) 100vw, 1045px\" \/>\n<p>(Esta pesquisa recupera os documentos sobre imposto nos anos de 1910 at\u00e9 1911).<\/p>\n<\/div>\n<div id=\"boolean\" class=\"cf\"><\/div>\n<p class=\"accordion\">Operadores booleanos<\/p>\n<div class=\"panel\">\n<p>Operadores booleanos s\u00e3o comandos (neste caso, palavras em ingl\u00eas) que conectam termos de pesquisa para criar uma frase l\u00f3gica que a base de dados possa entender. Eles permitem criar pesquisas mais complexas que podem incluir m\u00faltiplos conceitos e termos alternativos. A seguir, \u00e9 apresentada uma lista dos operadores e das a\u00e7\u00f5es que eles realizam.<\/p>\n<table style=\"font-size: 0.75em\">\n<tbody>\n<tr>\n<td><strong>OPERADOR<\/strong><\/td>\n<td><strong>TRADU\u00c7\u00c3O<\/strong><\/td>\n<td><strong>EXEMPLO<\/strong><\/td>\n<td><strong>A\u00c7\u00c3O<\/strong><\/td>\n<td><strong>EFEITO<\/strong><\/td>\n<\/tr>\n<tr>\n<td><strong>and<\/strong><\/td>\n<td>e<\/td>\n<td>paciente and cuidados<\/td>\n<td>Recupera os documentos que contenham as duas palavras: \u201cpaciente\u201d e \u201ccuidados\u201d.<\/td>\n<td>Restringe a busca, diminui o n\u00famero de registros recuperados na base.<\/td>\n<\/tr>\n<tr>\n<td><strong>or<\/strong><\/td>\n<td>ou<\/td>\n<td>paciente or cuidados<\/td>\n<td>Recupera os documentos que contenham a palavra &#8220;paciente&#8221; ou a palavra &#8220;cuidados&#8221; ou documentos que contenham as duas palavras.<\/td>\n<td>Amplia a busca, aumenta o n\u00famero de registros recuperados na base.<\/td>\n<\/tr>\n<tr>\n<td><strong>and not<\/strong><\/td>\n<td>exceto<\/td>\n<td>paciente and not cuidados<\/td>\n<td>Recupera os documentos que contenham apenas a palavra &#8220;paciente&#8221; e n\u00e3o contenham a palavra &#8220;cuidados&#8221;.<\/td>\n<td>Remove resultados da busca, restringe o n\u00famero de registros recuperados na base.<\/td>\n<\/tr>\n<\/tbody>\n<\/table>\n<p>Al\u00e9m dos operadores booleanos, tamb\u00e9m \u00e9 poss\u00edvel usar os par\u00eanteses ( ) para agrupar os termos de busca e o cifr\u00e3o $ para buscar palavras com a mesma raiz. A combina\u00e7\u00e3o destes elementos permite a elabora\u00e7\u00e3o de estrat\u00e9gias de pesquisa bastante espec\u00edficas. A tabela a seguir apresenta um exemplo:<\/p>\n<table style=\"font-size: 0.75em\">\n<tbody>\n<tr>\n<td><strong>EXPRESS\u00c3O<\/strong><\/td>\n<td><strong>RESULTADOS<\/strong><\/td>\n<\/tr>\n<tr>\n<td>(tabaco or fumo or cigarr$) and cancer<\/td>\n<td>Recupera os documentos que contenham as palavras:<\/p>\n<ul>\n<li>\u201ctabaco\u201d e \u201cc\u00e2ncer\u201d;<\/li>\n<li>\u201cfumo\u201d e \u201cc\u00e2ncer\u201d;<\/li>\n<li>\u201ccigarro\u201d e \u201cc\u00e2ncer\u201d;<\/li>\n<li>\u201ccigarros\u201d e \u201cc\u00e2ncer\u201d.<\/li>\n<\/ul>\n<p>Exclui os documentos que contenham as palavras \u201ctabaco\u201d, \u201cfumo\u201d, \u201ccigarro\u201d, \u201ccigarros\u201d e n\u00e3o contenham a palavra \u201cc\u00e2ncer\u201d.<\/td>\n<\/tr>\n<\/tbody>\n<\/table>\n<\/div>\n<\/div>\n<hr \/>\n<p>Em caso de d\u00favidas na pesquisa da base de Documentos Hist\u00f3ricos, entrar em contato com:<\/p>\n<div style=\"font-size: 0.75em;margin-bottom: 25px;padding: 0 25px\"><b>Secretaria de Documenta\u00e7\u00e3o da C\u00e2mara Municipal de S\u00e3o Paulo (SGP.3)<\/b><br \/>\n<b>Equipe de Arquivo Geral (SGP.33)<\/b><br \/>\n<b>Telefones:<\/b> : (11)3396-3964, (11)3396-5288<br \/>\n<b>E-mail:<\/b> <a href=\"mailto:sgp33-atendimento@saopaulo.sp.leg.br\">sgp33-atendimento@saopaulo.sp.leg.br<\/a><\/div>\n","protected":false},"excerpt":{"rendered":"<p>Os documentos legislativos produzidos pela C\u00e2mara Municipal de S\u00e3o Paulo podem ser acessados em diferentes bases de dados. A base de dados das Atas e Anais da C\u00e2mara Municipal abrange&#8230;  <a class=\"excerpt-read-more\" href=\"https:\/\/www.saopaulo.sp.leg.br\/documentacao\/pesquisa\/documentos-historicos\/\" title=\"Leia Documentos Hist\u00f3ricos\">Leia mais &raquo;<\/a><\/p>\n","protected":false},"author":630,"featured_media":0,"parent":934,"menu_order":0,"comment_status":"closed","ping_status":"closed","template":"page-iframe.php","meta":{"_acf_changed":false,"footnotes":""},"class_list":["post-1345","page","type-page","status-publish","hentry"],"acf":[],"yoast_head":"<!-- This site is optimized with the Yoast SEO plugin v27.6 - https:\/\/yoast.com\/product\/yoast-seo-wordpress\/ -->\n<title>Documentos Hist\u00f3ricos - Biblioteca e Documenta\u00e7\u00e3o<\/title>\n<meta name=\"robots\" content=\"index, follow, max-snippet:-1, max-image-preview:large, max-video-preview:-1\" \/>\n<link rel=\"canonical\" href=\"https:\/\/www.saopaulo.sp.leg.br\/documentacao\/pesquisa\/documentos-historicos\/\" \/>\n<meta property=\"og:locale\" content=\"pt_BR\" \/>\n<meta property=\"og:type\" content=\"article\" \/>\n<meta property=\"og:title\" content=\"Documentos Hist\u00f3ricos - Biblioteca e Documenta\u00e7\u00e3o\" \/>\n<meta property=\"og:description\" content=\"Os documentos legislativos produzidos pela C\u00e2mara Municipal de S\u00e3o Paulo podem ser acessados em diferentes bases de dados. A base de dados das Atas e Anais da C\u00e2mara Municipal abrange... Leia mais &raquo;\" \/>\n<meta property=\"og:url\" content=\"https:\/\/www.saopaulo.sp.leg.br\/documentacao\/pesquisa\/documentos-historicos\/\" \/>\n<meta property=\"og:site_name\" content=\"Biblioteca e Documenta\u00e7\u00e3o\" \/>\n<meta property=\"article:modified_time\" content=\"2026-03-02T16:39:38+00:00\" \/>\n<meta name=\"twitter:card\" content=\"summary_large_image\" \/>\n<meta name=\"twitter:label1\" content=\"Est. tempo de leitura\" \/>\n\t<meta name=\"twitter:data1\" content=\"7 minutos\" \/>\n<script type=\"application\/ld+json\" class=\"yoast-schema-graph\">{\"@context\":\"https:\\\/\\\/schema.org\",\"@graph\":[{\"@type\":\"WebPage\",\"@id\":\"https:\\\/\\\/www.saopaulo.sp.leg.br\\\/documentacao\\\/pesquisa\\\/documentos-historicos\\\/\",\"url\":\"https:\\\/\\\/www.saopaulo.sp.leg.br\\\/documentacao\\\/pesquisa\\\/documentos-historicos\\\/\",\"name\":\"Documentos Hist\u00f3ricos - Biblioteca e Documenta\u00e7\u00e3o\",\"isPartOf\":{\"@id\":\"https:\\\/\\\/www.saopaulo.sp.leg.br\\\/documentacao\\\/#website\"},\"datePublished\":\"2020-10-16T17:17:19+00:00\",\"dateModified\":\"2026-03-02T16:39:38+00:00\",\"breadcrumb\":{\"@id\":\"https:\\\/\\\/www.saopaulo.sp.leg.br\\\/documentacao\\\/pesquisa\\\/documentos-historicos\\\/#breadcrumb\"},\"inLanguage\":\"pt-BR\",\"potentialAction\":[{\"@type\":\"ReadAction\",\"target\":[\"https:\\\/\\\/www.saopaulo.sp.leg.br\\\/documentacao\\\/pesquisa\\\/documentos-historicos\\\/\"]}]},{\"@type\":\"BreadcrumbList\",\"@id\":\"https:\\\/\\\/www.saopaulo.sp.leg.br\\\/documentacao\\\/pesquisa\\\/documentos-historicos\\\/#breadcrumb\",\"itemListElement\":[{\"@type\":\"ListItem\",\"position\":1,\"name\":\"In\u00edcio\",\"item\":\"https:\\\/\\\/www.saopaulo.sp.leg.br\\\/documentacao\\\/\"},{\"@type\":\"ListItem\",\"position\":2,\"name\":\"Pesquisa\",\"item\":\"https:\\\/\\\/www.saopaulo.sp.leg.br\\\/documentacao\\\/pesquisa\\\/\"},{\"@type\":\"ListItem\",\"position\":3,\"name\":\"Documentos Hist\u00f3ricos\"}]},{\"@type\":\"WebSite\",\"@id\":\"https:\\\/\\\/www.saopaulo.sp.leg.br\\\/documentacao\\\/#website\",\"url\":\"https:\\\/\\\/www.saopaulo.sp.leg.br\\\/documentacao\\\/\",\"name\":\"Biblioteca e Documenta\u00e7\u00e3o\",\"description\":\"Secretaria de Documenta\u00e7\u00e3o\",\"potentialAction\":[{\"@type\":\"SearchAction\",\"target\":{\"@type\":\"EntryPoint\",\"urlTemplate\":\"https:\\\/\\\/www.saopaulo.sp.leg.br\\\/documentacao\\\/?s={search_term_string}\"},\"query-input\":{\"@type\":\"PropertyValueSpecification\",\"valueRequired\":true,\"valueName\":\"search_term_string\"}}],\"inLanguage\":\"pt-BR\"}]}<\/script>\n<!-- \/ Yoast SEO plugin. -->","yoast_head_json":{"title":"Documentos Hist\u00f3ricos - Biblioteca e Documenta\u00e7\u00e3o","robots":{"index":"index","follow":"follow","max-snippet":"max-snippet:-1","max-image-preview":"max-image-preview:large","max-video-preview":"max-video-preview:-1"},"canonical":"https:\/\/www.saopaulo.sp.leg.br\/documentacao\/pesquisa\/documentos-historicos\/","og_locale":"pt_BR","og_type":"article","og_title":"Documentos Hist\u00f3ricos - Biblioteca e Documenta\u00e7\u00e3o","og_description":"Os documentos legislativos produzidos pela C\u00e2mara Municipal de S\u00e3o Paulo podem ser acessados em diferentes bases de dados. A base de dados das Atas e Anais da C\u00e2mara Municipal abrange... Leia mais &raquo;","og_url":"https:\/\/www.saopaulo.sp.leg.br\/documentacao\/pesquisa\/documentos-historicos\/","og_site_name":"Biblioteca e Documenta\u00e7\u00e3o","article_modified_time":"2026-03-02T16:39:38+00:00","twitter_card":"summary_large_image","twitter_misc":{"Est. tempo de leitura":"7 minutos"},"schema":{"@context":"https:\/\/schema.org","@graph":[{"@type":"WebPage","@id":"https:\/\/www.saopaulo.sp.leg.br\/documentacao\/pesquisa\/documentos-historicos\/","url":"https:\/\/www.saopaulo.sp.leg.br\/documentacao\/pesquisa\/documentos-historicos\/","name":"Documentos Hist\u00f3ricos - Biblioteca e Documenta\u00e7\u00e3o","isPartOf":{"@id":"https:\/\/www.saopaulo.sp.leg.br\/documentacao\/#website"},"datePublished":"2020-10-16T17:17:19+00:00","dateModified":"2026-03-02T16:39:38+00:00","breadcrumb":{"@id":"https:\/\/www.saopaulo.sp.leg.br\/documentacao\/pesquisa\/documentos-historicos\/#breadcrumb"},"inLanguage":"pt-BR","potentialAction":[{"@type":"ReadAction","target":["https:\/\/www.saopaulo.sp.leg.br\/documentacao\/pesquisa\/documentos-historicos\/"]}]},{"@type":"BreadcrumbList","@id":"https:\/\/www.saopaulo.sp.leg.br\/documentacao\/pesquisa\/documentos-historicos\/#breadcrumb","itemListElement":[{"@type":"ListItem","position":1,"name":"In\u00edcio","item":"https:\/\/www.saopaulo.sp.leg.br\/documentacao\/"},{"@type":"ListItem","position":2,"name":"Pesquisa","item":"https:\/\/www.saopaulo.sp.leg.br\/documentacao\/pesquisa\/"},{"@type":"ListItem","position":3,"name":"Documentos Hist\u00f3ricos"}]},{"@type":"WebSite","@id":"https:\/\/www.saopaulo.sp.leg.br\/documentacao\/#website","url":"https:\/\/www.saopaulo.sp.leg.br\/documentacao\/","name":"Biblioteca e Documenta\u00e7\u00e3o","description":"Secretaria de Documenta\u00e7\u00e3o","potentialAction":[{"@type":"SearchAction","target":{"@type":"EntryPoint","urlTemplate":"https:\/\/www.saopaulo.sp.leg.br\/documentacao\/?s={search_term_string}"},"query-input":{"@type":"PropertyValueSpecification","valueRequired":true,"valueName":"search_term_string"}}],"inLanguage":"pt-BR"}]}},"_links":{"self":[{"href":"https:\/\/www.saopaulo.sp.leg.br\/documentacao\/wp-json\/wp\/v2\/pages\/1345","targetHints":{"allow":["GET"]}}],"collection":[{"href":"https:\/\/www.saopaulo.sp.leg.br\/documentacao\/wp-json\/wp\/v2\/pages"}],"about":[{"href":"https:\/\/www.saopaulo.sp.leg.br\/documentacao\/wp-json\/wp\/v2\/types\/page"}],"author":[{"embeddable":true,"href":"https:\/\/www.saopaulo.sp.leg.br\/documentacao\/wp-json\/wp\/v2\/users\/630"}],"replies":[{"embeddable":true,"href":"https:\/\/www.saopaulo.sp.leg.br\/documentacao\/wp-json\/wp\/v2\/comments?post=1345"}],"version-history":[{"count":1,"href":"https:\/\/www.saopaulo.sp.leg.br\/documentacao\/wp-json\/wp\/v2\/pages\/1345\/revisions"}],"predecessor-version":[{"id":4042,"href":"https:\/\/www.saopaulo.sp.leg.br\/documentacao\/wp-json\/wp\/v2\/pages\/1345\/revisions\/4042"}],"up":[{"embeddable":true,"href":"https:\/\/www.saopaulo.sp.leg.br\/documentacao\/wp-json\/wp\/v2\/pages\/934"}],"wp:attachment":[{"href":"https:\/\/www.saopaulo.sp.leg.br\/documentacao\/wp-json\/wp\/v2\/media?parent=1345"}],"curies":[{"name":"wp","href":"https:\/\/api.w.org\/{rel}","templated":true}]}}