{"id":1196,"date":"2020-06-30T09:18:28","date_gmt":"2020-06-30T12:18:28","guid":{"rendered":"http:\/\/www.saopaulo.sp.leg.br\/biblioteca-novo\/?page_id=1196"},"modified":"2025-09-30T14:39:21","modified_gmt":"2025-09-30T17:39:21","slug":"emprestimo","status":"publish","type":"page","link":"https:\/\/www.saopaulo.sp.leg.br\/documentacao\/produtos-e-servicos\/emprestimo\/","title":{"rendered":"Empr\u00e9stimo"},"content":{"rendered":"<div id=\"attachment_2941\" style=\"width: 690px\" class=\"wp-caption aligncenter\"><img loading=\"lazy\" decoding=\"async\" aria-describedby=\"caption-attachment-2941\" class=\"wp-image-2941 size-large\" src=\"https:\/\/www.saopaulo.sp.leg.br\/documentacao\/wp-content\/uploads\/sites\/34\/2023\/08\/SiteSGP3-Emprestimos001-1024x683.jpg\" alt=\"Material para empr\u00e9stimo | Cr\u00e9dito: Andr\u00e9 Bueno \/ Rede C\u00e2mara SP\" width=\"680\" height=\"454\" srcset=\"https:\/\/www.saopaulo.sp.leg.br\/documentacao\/wp-content\/uploads\/sites\/34\/2023\/08\/SiteSGP3-Emprestimos001-1024x683.jpg 1024w, https:\/\/www.saopaulo.sp.leg.br\/documentacao\/wp-content\/uploads\/sites\/34\/2023\/08\/SiteSGP3-Emprestimos001-300x200.jpg 300w, https:\/\/www.saopaulo.sp.leg.br\/documentacao\/wp-content\/uploads\/sites\/34\/2023\/08\/SiteSGP3-Emprestimos001-768x512.jpg 768w, https:\/\/www.saopaulo.sp.leg.br\/documentacao\/wp-content\/uploads\/sites\/34\/2023\/08\/SiteSGP3-Emprestimos001-1536x1024.jpg 1536w, https:\/\/www.saopaulo.sp.leg.br\/documentacao\/wp-content\/uploads\/sites\/34\/2023\/08\/SiteSGP3-Emprestimos001-2048x1365.jpg 2048w, https:\/\/www.saopaulo.sp.leg.br\/documentacao\/wp-content\/uploads\/sites\/34\/2023\/08\/SiteSGP3-Emprestimos001-180x120.jpg 180w\" sizes=\"auto, (max-width: 680px) 100vw, 680px\" \/><p id=\"caption-attachment-2941\" class=\"wp-caption-text\">Material para empr\u00e9stimo | Cr\u00e9dito: Andr\u00e9 Bueno \/ Rede C\u00e2mara SP<\/p><\/div>\n<p>O acesso \u00e0 <a href=\"https:\/\/www.saopaulo.sp.leg.br\/documentacao\/a-secretaria-de-documentacao\/biblioteca\/\">Biblioteca<\/a> \u00e9 permitido a todos os cidad\u00e3os. A consulta \u00e0s cole\u00e7\u00f5es do seu acervo \u00e9 feita mediante solicita\u00e7\u00e3o do material desejado a um dos funcion\u00e1rios do setor.<\/p>\n<p>J\u00e1 a <strong>inscri\u00e7\u00e3o na Biblioteca<\/strong> para realizar <strong>empr\u00e9stimos de livros<\/strong> do seu acervo <strong>s\u00f3 pode ser feita pelos seguintes usu\u00e1rios<\/strong>:<\/p>\n<ul>\n<li>Vereadores da C\u00e2mara Municipal de S\u00e3o Paulo (CMSP).<\/li>\n<li>Servidores efetivos, celetistas, ocupantes de cargo em comiss\u00e3o e comissionados da CMSP.<\/li>\n<li>Estagi\u00e1rios da CMSP.<\/li>\n<li>Terceirizados ou empregados de empresas prestadoras de servi\u00e7os contratadas pela CMSP.<\/li>\n<li>Alunos regularmente matriculados nos cursos de p\u00f3s-gradua\u00e7\u00e3o da Escola do Parlamento da CMSP.<\/li>\n<li>Bibliotecas sediadas no munic\u00edpio de S\u00e3o Paulo que tenham bibliotec\u00e1rio respons\u00e1vel pela administra\u00e7\u00e3o do acervo.<\/li>\n<\/ul>\n<h3>DOCUMENTOS NECESS\u00c1RIOS PARA FAZER A INSCRI\u00c7\u00c3O NA BIBLIOTECA<\/h3>\n<ul>\n<li>Para vereadores, servidores efetivos, celetistas, ocupantes de cargo em comiss\u00e3o, comissionados, estagi\u00e1rios e terceirizados ou empregados de empresas prestadoras de servi\u00e7os contratadas pela CMSP: <strong>crach\u00e1 de identifica\u00e7\u00e3o funcional<\/strong>.<\/li>\n<li>Para alunos regularmente matriculados nos cursos de p\u00f3s-gradua\u00e7\u00e3o da Escola do Parlamento da CMSP: <strong>comprovante de matr\u00edcula<\/strong> e <strong>documento de identifica\u00e7\u00e3o<\/strong>.<\/li>\n<\/ul>\n<h3>COMO REALIZAR O EMPR\u00c9STIMO DE LIVROS<\/h3>\n<p>Cada usu\u00e1rio inscrito na Biblioteca pode retirar, ap\u00f3s a apresenta\u00e7\u00e3o dos documentos necess\u00e1rios, <strong>2 (dois) livros<\/strong> simultaneamente pelo prazo de <strong>15 (quinze) dias<\/strong>.<\/p>\n<p>N\u00e3o \u00e9 permitido:<\/p>\n<ul>\n<li>O empr\u00e9stimo simult\u00e2neo de dois ou mais exemplares do mesmo livro.<\/li>\n<li>A retirada de livros em nome de outro usu\u00e1rio.<\/li>\n<li>O empr\u00e9stimo de livros e materiais das cole\u00e7\u00f5es Obras de refer\u00eancia, Aureliano Leite, Obras raras, Peri\u00f3dicos, Recortes de jornais e Di\u00e1rios oficiais.<\/li>\n<li>O empr\u00e9stimo de livros particularmente valiosos, a ju\u00edzo da Biblioteca.<\/li>\n<\/ul>\n<p>Os empr\u00e9stimos da Biblioteca da C\u00e2mara Municipal podem ser renovados pessoalmente, pelo e-mail, ou pelo telefone. Para que a renova\u00e7\u00e3o seja feita, o empr\u00e9stimo precisa estar dentro do prazo de devolu\u00e7\u00e3o inicialmente estipulado, sendo dispensada a apresenta\u00e7\u00e3o das obras.<\/p>\n<p>A Biblioteca conceder\u00e1 a renova\u00e7\u00e3o por mais 15 dias at\u00e9 duas vezes. A renova\u00e7\u00e3o poder\u00e1 ser feita desde que n\u00e3o haja reserva pr\u00e9via dos livros para outro usu\u00e1rio e desde que o solicitante da renova\u00e7\u00e3o n\u00e3o esteja em d\u00e9bito com a Biblioteca.<\/p>\n<p>Se a obra solicitada estiver emprestada, \u00e9 poss\u00edvel solicitar a sua reserva. Neste caso, no momento da devolu\u00e7\u00e3o, o livro ficar\u00e1 em reserva e o usu\u00e1rio interessado ser\u00e1 comunicado da sua disponibilidade. A partir dessa comunica\u00e7\u00e3o, o livro reservado estar\u00e1 dispon\u00edvel por um per\u00edodo de dois dias \u00fateis.<\/p>\n<h3>EMPR\u00c9STIMO ENTRE BIBLIOTECAS<\/h3>\n<p>As instru\u00e7\u00f5es apresentadas acima tamb\u00e9m s\u00e3o v\u00e1lidas para usu\u00e1rios de outras bibliotecas do munic\u00edpio que desejam acessar os livros do acervo da C\u00e2mara. Para solicitar o empr\u00e9stimo ou pedir mais informa\u00e7\u00f5es, basta entrar em contato pelo e-mail <a href=\"mailto:biblioteca@saopaulo.sp.leg.br\">biblioteca@saopaulo.sp.leg.br<\/a>.<\/p>\n<p>Para que a biblioteca onde o usu\u00e1rio est\u00e1 inscrito possa solicitar um empr\u00e9stimo, \u00e9 preciso que nela haja um bibliotec\u00e1rio respons\u00e1vel pela administra\u00e7\u00e3o do acervo.<\/p>\n<h3>LOCAL DE ATENDIMENTO:<\/h3>\n<p>BIBLIOTECA \u2013 2\u00ba andar, sala 207.<br \/>\nTelefones: (11) 3396-4331, (11) 3396-4741<br \/>\nE-mail: <a href=\"mailto:biblioteca@saopaulo.sp.leg.br\">biblioteca@saopaulo.sp.leg.br<\/a><\/p>\n<h3>HOR\u00c1RIO DE ATENDIMENTO:<\/h3>\n<p>Segunda-feira a sexta-feira, das 10h \u00e0s 18h30.<\/p>\n","protected":false},"excerpt":{"rendered":"<p>O acesso \u00e0 Biblioteca \u00e9 permitido a todos os cidad\u00e3os. A consulta \u00e0s cole\u00e7\u00f5es do seu acervo \u00e9 feita mediante solicita\u00e7\u00e3o do material desejado a um dos funcion\u00e1rios do setor&#8230;.  <a class=\"excerpt-read-more\" href=\"https:\/\/www.saopaulo.sp.leg.br\/documentacao\/produtos-e-servicos\/emprestimo\/\" title=\"Leia Empr\u00e9stimo\">Leia mais &raquo;<\/a><\/p>\n","protected":false},"author":544,"featured_media":0,"parent":1179,"menu_order":0,"comment_status":"closed","ping_status":"closed","template":"page-menuprodutos.php","meta":{"_acf_changed":false,"footnotes":""},"class_list":["post-1196","page","type-page","status-publish","hentry"],"acf":[],"yoast_head":"<!-- This site is optimized with the Yoast SEO plugin v27.4 - https:\/\/yoast.com\/product\/yoast-seo-wordpress\/ -->\n<title>Empr\u00e9stimo - Biblioteca e Documenta\u00e7\u00e3o<\/title>\n<meta name=\"robots\" content=\"index, follow, max-snippet:-1, max-image-preview:large, max-video-preview:-1\" \/>\n<link rel=\"canonical\" href=\"https:\/\/www.saopaulo.sp.leg.br\/documentacao\/produtos-e-servicos\/emprestimo\/\" \/>\n<meta property=\"og:locale\" content=\"pt_BR\" \/>\n<meta property=\"og:type\" content=\"article\" \/>\n<meta property=\"og:title\" content=\"Empr\u00e9stimo - Biblioteca e Documenta\u00e7\u00e3o\" \/>\n<meta property=\"og:description\" content=\"O acesso \u00e0 Biblioteca \u00e9 permitido a todos os cidad\u00e3os. A consulta \u00e0s cole\u00e7\u00f5es do seu acervo \u00e9 feita mediante solicita\u00e7\u00e3o do material desejado a um dos funcion\u00e1rios do setor.... Leia mais &raquo;\" \/>\n<meta property=\"og:url\" content=\"https:\/\/www.saopaulo.sp.leg.br\/documentacao\/produtos-e-servicos\/emprestimo\/\" \/>\n<meta property=\"og:site_name\" content=\"Biblioteca e Documenta\u00e7\u00e3o\" \/>\n<meta property=\"article:modified_time\" content=\"2025-09-30T17:39:21+00:00\" \/>\n<meta property=\"og:image\" content=\"https:\/\/www.saopaulo.sp.leg.br\/documentacao\/wp-content\/uploads\/sites\/34\/2023\/08\/SiteSGP3-Emprestimos001-scaled.jpg\" \/>\n\t<meta property=\"og:image:width\" content=\"2560\" \/>\n\t<meta property=\"og:image:height\" content=\"1707\" \/>\n\t<meta property=\"og:image:type\" content=\"image\/jpeg\" \/>\n<meta name=\"twitter:card\" content=\"summary_large_image\" \/>\n<meta name=\"twitter:label1\" content=\"Est. tempo de leitura\" \/>\n\t<meta name=\"twitter:data1\" content=\"3 minutos\" \/>\n<script type=\"application\/ld+json\" class=\"yoast-schema-graph\">{\"@context\":\"https:\\\/\\\/schema.org\",\"@graph\":[{\"@type\":\"WebPage\",\"@id\":\"https:\\\/\\\/www.saopaulo.sp.leg.br\\\/documentacao\\\/produtos-e-servicos\\\/emprestimo\\\/\",\"url\":\"https:\\\/\\\/www.saopaulo.sp.leg.br\\\/documentacao\\\/produtos-e-servicos\\\/emprestimo\\\/\",\"name\":\"Empr\u00e9stimo - Biblioteca e Documenta\u00e7\u00e3o\",\"isPartOf\":{\"@id\":\"https:\\\/\\\/www.saopaulo.sp.leg.br\\\/documentacao\\\/#website\"},\"primaryImageOfPage\":{\"@id\":\"https:\\\/\\\/www.saopaulo.sp.leg.br\\\/documentacao\\\/produtos-e-servicos\\\/emprestimo\\\/#primaryimage\"},\"image\":{\"@id\":\"https:\\\/\\\/www.saopaulo.sp.leg.br\\\/documentacao\\\/produtos-e-servicos\\\/emprestimo\\\/#primaryimage\"},\"thumbnailUrl\":\"https:\\\/\\\/www.saopaulo.sp.leg.br\\\/documentacao\\\/wp-content\\\/uploads\\\/sites\\\/34\\\/2023\\\/08\\\/SiteSGP3-Emprestimos001-1024x683.jpg\",\"datePublished\":\"2020-06-30T12:18:28+00:00\",\"dateModified\":\"2025-09-30T17:39:21+00:00\",\"breadcrumb\":{\"@id\":\"https:\\\/\\\/www.saopaulo.sp.leg.br\\\/documentacao\\\/produtos-e-servicos\\\/emprestimo\\\/#breadcrumb\"},\"inLanguage\":\"pt-BR\",\"potentialAction\":[{\"@type\":\"ReadAction\",\"target\":[\"https:\\\/\\\/www.saopaulo.sp.leg.br\\\/documentacao\\\/produtos-e-servicos\\\/emprestimo\\\/\"]}]},{\"@type\":\"ImageObject\",\"inLanguage\":\"pt-BR\",\"@id\":\"https:\\\/\\\/www.saopaulo.sp.leg.br\\\/documentacao\\\/produtos-e-servicos\\\/emprestimo\\\/#primaryimage\",\"url\":\"https:\\\/\\\/www.saopaulo.sp.leg.br\\\/documentacao\\\/wp-content\\\/uploads\\\/sites\\\/34\\\/2023\\\/08\\\/SiteSGP3-Emprestimos001-scaled.jpg\",\"contentUrl\":\"https:\\\/\\\/www.saopaulo.sp.leg.br\\\/documentacao\\\/wp-content\\\/uploads\\\/sites\\\/34\\\/2023\\\/08\\\/SiteSGP3-Emprestimos001-scaled.jpg\",\"width\":2560,\"height\":1707,\"caption\":\"Material para empr\u00e9stimo | Cr\u00e9dito: Andr\u00e9 Bueno \\\/ Rede C\u00e2mara SP\"},{\"@type\":\"BreadcrumbList\",\"@id\":\"https:\\\/\\\/www.saopaulo.sp.leg.br\\\/documentacao\\\/produtos-e-servicos\\\/emprestimo\\\/#breadcrumb\",\"itemListElement\":[{\"@type\":\"ListItem\",\"position\":1,\"name\":\"In\u00edcio\",\"item\":\"https:\\\/\\\/www.saopaulo.sp.leg.br\\\/documentacao\\\/\"},{\"@type\":\"ListItem\",\"position\":2,\"name\":\"Produtos e Servi\u00e7os\",\"item\":\"https:\\\/\\\/www.saopaulo.sp.leg.br\\\/documentacao\\\/produtos-e-servicos\\\/\"},{\"@type\":\"ListItem\",\"position\":3,\"name\":\"Empr\u00e9stimo\"}]},{\"@type\":\"WebSite\",\"@id\":\"https:\\\/\\\/www.saopaulo.sp.leg.br\\\/documentacao\\\/#website\",\"url\":\"https:\\\/\\\/www.saopaulo.sp.leg.br\\\/documentacao\\\/\",\"name\":\"Biblioteca e Documenta\u00e7\u00e3o\",\"description\":\"Secretaria de Documenta\u00e7\u00e3o\",\"potentialAction\":[{\"@type\":\"SearchAction\",\"target\":{\"@type\":\"EntryPoint\",\"urlTemplate\":\"https:\\\/\\\/www.saopaulo.sp.leg.br\\\/documentacao\\\/?s={search_term_string}\"},\"query-input\":{\"@type\":\"PropertyValueSpecification\",\"valueRequired\":true,\"valueName\":\"search_term_string\"}}],\"inLanguage\":\"pt-BR\"}]}<\/script>\n<!-- \/ Yoast SEO plugin. -->","yoast_head_json":{"title":"Empr\u00e9stimo - Biblioteca e Documenta\u00e7\u00e3o","robots":{"index":"index","follow":"follow","max-snippet":"max-snippet:-1","max-image-preview":"max-image-preview:large","max-video-preview":"max-video-preview:-1"},"canonical":"https:\/\/www.saopaulo.sp.leg.br\/documentacao\/produtos-e-servicos\/emprestimo\/","og_locale":"pt_BR","og_type":"article","og_title":"Empr\u00e9stimo - Biblioteca e Documenta\u00e7\u00e3o","og_description":"O acesso \u00e0 Biblioteca \u00e9 permitido a todos os cidad\u00e3os. A consulta \u00e0s cole\u00e7\u00f5es do seu acervo \u00e9 feita mediante solicita\u00e7\u00e3o do material desejado a um dos funcion\u00e1rios do setor.... Leia mais &raquo;","og_url":"https:\/\/www.saopaulo.sp.leg.br\/documentacao\/produtos-e-servicos\/emprestimo\/","og_site_name":"Biblioteca e Documenta\u00e7\u00e3o","article_modified_time":"2025-09-30T17:39:21+00:00","og_image":[{"width":2560,"height":1707,"url":"https:\/\/www.saopaulo.sp.leg.br\/documentacao\/wp-content\/uploads\/sites\/34\/2023\/08\/SiteSGP3-Emprestimos001-scaled.jpg","type":"image\/jpeg"}],"twitter_card":"summary_large_image","twitter_misc":{"Est. tempo de leitura":"3 minutos"},"schema":{"@context":"https:\/\/schema.org","@graph":[{"@type":"WebPage","@id":"https:\/\/www.saopaulo.sp.leg.br\/documentacao\/produtos-e-servicos\/emprestimo\/","url":"https:\/\/www.saopaulo.sp.leg.br\/documentacao\/produtos-e-servicos\/emprestimo\/","name":"Empr\u00e9stimo - Biblioteca e Documenta\u00e7\u00e3o","isPartOf":{"@id":"https:\/\/www.saopaulo.sp.leg.br\/documentacao\/#website"},"primaryImageOfPage":{"@id":"https:\/\/www.saopaulo.sp.leg.br\/documentacao\/produtos-e-servicos\/emprestimo\/#primaryimage"},"image":{"@id":"https:\/\/www.saopaulo.sp.leg.br\/documentacao\/produtos-e-servicos\/emprestimo\/#primaryimage"},"thumbnailUrl":"https:\/\/www.saopaulo.sp.leg.br\/documentacao\/wp-content\/uploads\/sites\/34\/2023\/08\/SiteSGP3-Emprestimos001-1024x683.jpg","datePublished":"2020-06-30T12:18:28+00:00","dateModified":"2025-09-30T17:39:21+00:00","breadcrumb":{"@id":"https:\/\/www.saopaulo.sp.leg.br\/documentacao\/produtos-e-servicos\/emprestimo\/#breadcrumb"},"inLanguage":"pt-BR","potentialAction":[{"@type":"ReadAction","target":["https:\/\/www.saopaulo.sp.leg.br\/documentacao\/produtos-e-servicos\/emprestimo\/"]}]},{"@type":"ImageObject","inLanguage":"pt-BR","@id":"https:\/\/www.saopaulo.sp.leg.br\/documentacao\/produtos-e-servicos\/emprestimo\/#primaryimage","url":"https:\/\/www.saopaulo.sp.leg.br\/documentacao\/wp-content\/uploads\/sites\/34\/2023\/08\/SiteSGP3-Emprestimos001-scaled.jpg","contentUrl":"https:\/\/www.saopaulo.sp.leg.br\/documentacao\/wp-content\/uploads\/sites\/34\/2023\/08\/SiteSGP3-Emprestimos001-scaled.jpg","width":2560,"height":1707,"caption":"Material para empr\u00e9stimo | Cr\u00e9dito: Andr\u00e9 Bueno \/ Rede C\u00e2mara SP"},{"@type":"BreadcrumbList","@id":"https:\/\/www.saopaulo.sp.leg.br\/documentacao\/produtos-e-servicos\/emprestimo\/#breadcrumb","itemListElement":[{"@type":"ListItem","position":1,"name":"In\u00edcio","item":"https:\/\/www.saopaulo.sp.leg.br\/documentacao\/"},{"@type":"ListItem","position":2,"name":"Produtos e Servi\u00e7os","item":"https:\/\/www.saopaulo.sp.leg.br\/documentacao\/produtos-e-servicos\/"},{"@type":"ListItem","position":3,"name":"Empr\u00e9stimo"}]},{"@type":"WebSite","@id":"https:\/\/www.saopaulo.sp.leg.br\/documentacao\/#website","url":"https:\/\/www.saopaulo.sp.leg.br\/documentacao\/","name":"Biblioteca e Documenta\u00e7\u00e3o","description":"Secretaria de Documenta\u00e7\u00e3o","potentialAction":[{"@type":"SearchAction","target":{"@type":"EntryPoint","urlTemplate":"https:\/\/www.saopaulo.sp.leg.br\/documentacao\/?s={search_term_string}"},"query-input":{"@type":"PropertyValueSpecification","valueRequired":true,"valueName":"search_term_string"}}],"inLanguage":"pt-BR"}]}},"_links":{"self":[{"href":"https:\/\/www.saopaulo.sp.leg.br\/documentacao\/wp-json\/wp\/v2\/pages\/1196","targetHints":{"allow":["GET"]}}],"collection":[{"href":"https:\/\/www.saopaulo.sp.leg.br\/documentacao\/wp-json\/wp\/v2\/pages"}],"about":[{"href":"https:\/\/www.saopaulo.sp.leg.br\/documentacao\/wp-json\/wp\/v2\/types\/page"}],"author":[{"embeddable":true,"href":"https:\/\/www.saopaulo.sp.leg.br\/documentacao\/wp-json\/wp\/v2\/users\/544"}],"replies":[{"embeddable":true,"href":"https:\/\/www.saopaulo.sp.leg.br\/documentacao\/wp-json\/wp\/v2\/comments?post=1196"}],"version-history":[{"count":3,"href":"https:\/\/www.saopaulo.sp.leg.br\/documentacao\/wp-json\/wp\/v2\/pages\/1196\/revisions"}],"predecessor-version":[{"id":3824,"href":"https:\/\/www.saopaulo.sp.leg.br\/documentacao\/wp-json\/wp\/v2\/pages\/1196\/revisions\/3824"}],"up":[{"embeddable":true,"href":"https:\/\/www.saopaulo.sp.leg.br\/documentacao\/wp-json\/wp\/v2\/pages\/1179"}],"wp:attachment":[{"href":"https:\/\/www.saopaulo.sp.leg.br\/documentacao\/wp-json\/wp\/v2\/media?parent=1196"}],"curies":[{"name":"wp","href":"https:\/\/api.w.org\/{rel}","templated":true}]}}