{"id":890,"date":"2020-04-09T14:47:23","date_gmt":"2020-04-09T17:47:23","guid":{"rendered":"http:\/\/www.saopaulo.sp.leg.br\/coronavirus\/?page_id=890"},"modified":"2020-05-13T16:18:02","modified_gmt":"2020-05-13T19:18:02","slug":"qual-a-importancia-de-higienizar-objetos-e-celulares-durante-a-pandemia","status":"publish","type":"page","link":"https:\/\/www.saopaulo.sp.leg.br\/coronavirus\/duvidas\/qual-a-importancia-de-higienizar-objetos-e-celulares-durante-a-pandemia\/","title":{"rendered":"Qual a import\u00e2ncia de higienizar objetos e celulares durante a pandemia?"},"content":{"rendered":"<p>Na pandemia de coronav\u00edrus (Covid-19) vivida atualmente, al\u00e9m do isolamento social, a principal recomenda\u00e7\u00e3o da OMS (Organiza\u00e7\u00e3o Mundial da Sa\u00fade) e do Minist\u00e9rio da Sa\u00fade \u00e9 o cuidado com a higiene pessoal e dos objetos manuseados com frequ\u00eancia.<\/p>\n<p>A orienta\u00e7\u00e3o \u00e9 lavar bem as m\u00e3os (dedos, unhas, punho, palma e dorso) com \u00e1gua e sab\u00e3o, e, de prefer\u00eancia, utilizar toalhas de papel para sec\u00e1-las. Al\u00e9m do sab\u00e3o, outro produto indicado para higienizar as m\u00e3os \u00e9 o \u00e1lcool gel 70%, que tamb\u00e9m serve para limpar objetos como teclados, cadeiras, ma\u00e7anetas, etc.<\/p>\n<h2>SOBREVIV\u00caNCIA DO V\u00cdRUS<\/h2>\n<p>A import\u00e2ncia da higieniza\u00e7\u00e3o, principalmente dos objetos, se justifica pois estudos mostram que a\u00a0<a href=\"https:\/\/www.ufrgs.br\/telessauders\/posts_coronavirus\/quanto-tempo-o-virus-que-causa-o-covid-19-sobrevive-em-superficies\/\" target=\"_blank\" rel=\"noopener noreferrer\" data-saferedirecturl=\"https:\/\/www.google.com\/url?q=https:\/\/www.ufrgs.br\/telessauders\/posts_coronavirus\/quanto-tempo-o-virus-que-causa-o-covid-19-sobrevive-em-superficies\/&amp;source=gmail&amp;ust=1586537860760000&amp;usg=AFQjCNF17ac_knKpaIH6DwyWeBcJmqIBDQ\">sobreviv\u00eancia do coronav\u00edrus<\/a>\u00a0pode variar de 2 horas a 9 dias, conforme diferentes condi\u00e7\u00f5es, como o tipo de superf\u00edcie, temperatura, umidade do ambiente, incid\u00eancia de luz solar, e cepa espec\u00edfica do v\u00edrus.<\/p>\n<p>O Covid-19 pode, por exemplo, sobreviver at\u00e9 72 horas no pl\u00e1stico (em estudo que compara SARS-CoV-1 e SARS-CoV-2 (3)\/ at\u00e9 9 dias em revis\u00e3o com outros coronav\u00edrus); 5 dias em metal, cer\u00e2mica, papel e vidro; 4 dias em madeira; 3 dias em a\u00e7o inoxid\u00e1vel; 2 dias em aventais descart\u00e1veis; 24h em papel\u00e3o; 8h em l\u00e1tex e alum\u00ednio; e 4h em cobre.<\/p>\n<h2>CELULARES<\/h2>\n<p>Nesse contexto, h\u00e1 um objeto que precisa de aten\u00e7\u00e3o especial. Usado para ouvir m\u00fasica, navegar pelas redes sociais, jogar e se comunicar de diferentes formas, o celular \u00e9 a principal ferramenta utilizada diariamente pelos brasileiros em todos os lugares: em casa, no trabalho, na rua, no transporte p\u00fablico, etc.<\/p>\n<p>Por conta disso, o aparelho tamb\u00e9m tem potencial de carregar todo o tipo poss\u00edvel de impurezas, v\u00edrus e bact\u00e9rias, inclusive o coronav\u00edrus. Portanto, negligenciar sua higieniza\u00e7\u00e3o pode ser crucial para a contamina\u00e7\u00e3o pela doen\u00e7a.<\/p>\n<p>Os produtos mais eficientes para higieniza\u00e7\u00e3o de celulares s\u00e3o o \u00e1lcool etanol com concentra\u00e7\u00e3o 70% e o \u00e1lcool isoprop\u00edlico com concentra\u00e7\u00e3o 70%. O primeiro \u00e9 recomendado para aparelhos com revestimento ou superf\u00edcie em cer\u00e2mica, vidro e metal. J\u00e1 a segunda op\u00e7\u00e3o \u00e9 uma recomenda\u00e7\u00e3o para aparelhos revestidos ou cujas superf\u00edcies s\u00e3o de outros materiais.<\/p>\n<h2>HIGIENIZA\u00c7\u00c3O<\/h2>\n<p>Para higienizar o celular, em primeiro lugar, \u00e9 essencial que o aparelho esteja desligado. Tamb\u00e9m \u00e9 importante remover todos os acess\u00f3rios conectados e capas, que devem ser higienizadas separadamente.<\/p>\n<p>O ideal para a limpeza do celular \u00e9 que o \u00e1lcool etanol ou \u00e1lcool isoprop\u00edlico seja aplicado utilizando len\u00e7os de papel ou guardanapos de microfibra que n\u00e3o soltem fiapos. Lembre-se de passar o produto em todo o corpo do aparelho, nas bordas e na tela. Espere secar e passe mais uma camada para garantir, uma vez que a primeira limpeza vai eliminar mais a sujeira vis\u00edvel. Espere secar novamente e, s\u00f3 ent\u00e3o, ligue o aparelho.<\/p>\n<h2>RECOMENDA\u00c7\u00d5ES<\/h2>\n<p>Nunca aplique o \u00e1lcool etanol ou o \u00e1lcool isoprop\u00edlico diretamente no celular. Outra recomenda\u00e7\u00e3o \u00e9 n\u00e3o encharcar o pano, evitando que gotas entrem no aparelho e possam causar danos ao equipamento.<\/p>\n<p>N\u00e3o use nos produtos abrasivos como cloro, \u00e1gua sanit\u00e1ria ou \u00e1lcool em gel, tanto de farm\u00e1cia quanto de limpeza geral. Quando em contato com os smartphones, o resultado do gel pode prejudicar a durabilidade do equipamento. Produtos abrasivos tamb\u00e9m podem danificar o revestimento e a parte interna do celular, caso escorram para o interior da carca\u00e7a, resultando em danos irrevers\u00edveis.<\/p>\n","protected":false},"excerpt":{"rendered":"<p>Na pandemia de coronav\u00edrus (Covid-19) vivida atualmente, al\u00e9m do isolamento social, a principal recomenda\u00e7\u00e3o da OMS (Organiza\u00e7\u00e3o Mundial da Sa\u00fade) e do Minist\u00e9rio da Sa\u00fade \u00e9 o cuidado com a higiene pessoal e dos objetos manuseados com frequ\u00eancia. A orienta\u00e7\u00e3o \u00e9 lavar bem as m\u00e3os (dedos, unhas, punho, palma e dorso) com \u00e1gua e sab\u00e3o,&#8230;  <a class=\"excerpt-read-more\" href=\"https:\/\/www.saopaulo.sp.leg.br\/coronavirus\/duvidas\/qual-a-importancia-de-higienizar-objetos-e-celulares-durante-a-pandemia\/\" title=\"Read Qual a import\u00e2ncia de higienizar objetos e celulares durante a pandemia?\">Ler mais &raquo;<\/a><\/p>\n","protected":false},"author":630,"featured_media":0,"parent":454,"menu_order":0,"comment_status":"closed","ping_status":"closed","template":"page-simple.php","meta":{"_acf_changed":false,"footnotes":""},"class_list":["post-890","page","type-page","status-publish","hentry"],"acf":[],"yoast_head":"<!-- This site is optimized with the Yoast SEO plugin v27.3 - https:\/\/yoast.com\/product\/yoast-seo-wordpress\/ -->\n<title>Qual a import\u00e2ncia de higienizar objetos e celulares durante a pandemia? - Coronav\u00edrus<\/title>\n<meta name=\"robots\" content=\"index, follow, max-snippet:-1, max-image-preview:large, max-video-preview:-1\" \/>\n<link rel=\"canonical\" href=\"https:\/\/www.saopaulo.sp.leg.br\/coronavirus\/duvidas\/qual-a-importancia-de-higienizar-objetos-e-celulares-durante-a-pandemia\/\" \/>\n<meta property=\"og:locale\" content=\"pt_BR\" \/>\n<meta property=\"og:type\" content=\"article\" \/>\n<meta property=\"og:title\" content=\"Qual a import\u00e2ncia de higienizar objetos e celulares durante a pandemia? - Coronav\u00edrus\" \/>\n<meta property=\"og:description\" content=\"Na pandemia de coronav\u00edrus (Covid-19) vivida atualmente, al\u00e9m do isolamento social, a principal recomenda\u00e7\u00e3o da OMS (Organiza\u00e7\u00e3o Mundial da Sa\u00fade) e do Minist\u00e9rio da Sa\u00fade \u00e9 o cuidado com a higiene pessoal e dos objetos manuseados com frequ\u00eancia. A orienta\u00e7\u00e3o \u00e9 lavar bem as m\u00e3os (dedos, unhas, punho, palma e dorso) com \u00e1gua e sab\u00e3o,... Ler mais &raquo;\" \/>\n<meta property=\"og:url\" content=\"https:\/\/www.saopaulo.sp.leg.br\/coronavirus\/duvidas\/qual-a-importancia-de-higienizar-objetos-e-celulares-durante-a-pandemia\/\" \/>\n<meta property=\"og:site_name\" content=\"Coronav\u00edrus\" \/>\n<meta property=\"article:modified_time\" content=\"2020-05-13T19:18:02+00:00\" \/>\n<meta name=\"twitter:card\" content=\"summary_large_image\" \/>\n<meta name=\"twitter:label1\" content=\"Est. tempo de leitura\" \/>\n\t<meta name=\"twitter:data1\" content=\"3 minutos\" \/>\n<script type=\"application\/ld+json\" class=\"yoast-schema-graph\">{\"@context\":\"https:\\\/\\\/schema.org\",\"@graph\":[{\"@type\":\"WebPage\",\"@id\":\"https:\\\/\\\/www.saopaulo.sp.leg.br\\\/coronavirus\\\/duvidas\\\/qual-a-importancia-de-higienizar-objetos-e-celulares-durante-a-pandemia\\\/\",\"url\":\"https:\\\/\\\/www.saopaulo.sp.leg.br\\\/coronavirus\\\/duvidas\\\/qual-a-importancia-de-higienizar-objetos-e-celulares-durante-a-pandemia\\\/\",\"name\":\"Qual a import\u00e2ncia de higienizar objetos e celulares durante a pandemia? - Coronav\u00edrus\",\"isPartOf\":{\"@id\":\"https:\\\/\\\/www.saopaulo.sp.leg.br\\\/coronavirus\\\/#website\"},\"datePublished\":\"2020-04-09T17:47:23+00:00\",\"dateModified\":\"2020-05-13T19:18:02+00:00\",\"breadcrumb\":{\"@id\":\"https:\\\/\\\/www.saopaulo.sp.leg.br\\\/coronavirus\\\/duvidas\\\/qual-a-importancia-de-higienizar-objetos-e-celulares-durante-a-pandemia\\\/#breadcrumb\"},\"inLanguage\":\"pt-BR\",\"potentialAction\":[{\"@type\":\"ReadAction\",\"target\":[\"https:\\\/\\\/www.saopaulo.sp.leg.br\\\/coronavirus\\\/duvidas\\\/qual-a-importancia-de-higienizar-objetos-e-celulares-durante-a-pandemia\\\/\"]}]},{\"@type\":\"BreadcrumbList\",\"@id\":\"https:\\\/\\\/www.saopaulo.sp.leg.br\\\/coronavirus\\\/duvidas\\\/qual-a-importancia-de-higienizar-objetos-e-celulares-durante-a-pandemia\\\/#breadcrumb\",\"itemListElement\":[{\"@type\":\"ListItem\",\"position\":1,\"name\":\"In\u00edcio\",\"item\":\"https:\\\/\\\/www.saopaulo.sp.leg.br\\\/coronavirus\\\/\"},{\"@type\":\"ListItem\",\"position\":2,\"name\":\"D\u00favidas\",\"item\":\"https:\\\/\\\/www.saopaulo.sp.leg.br\\\/coronavirus\\\/?page_id=454\"},{\"@type\":\"ListItem\",\"position\":3,\"name\":\"Qual a import\u00e2ncia de higienizar objetos e celulares durante a pandemia?\"}]},{\"@type\":\"WebSite\",\"@id\":\"https:\\\/\\\/www.saopaulo.sp.leg.br\\\/coronavirus\\\/#website\",\"url\":\"https:\\\/\\\/www.saopaulo.sp.leg.br\\\/coronavirus\\\/\",\"name\":\"Coronav\u00edrus\",\"description\":\"Informa\u00e7\u00e3o no combate ao COVID-19\",\"potentialAction\":[{\"@type\":\"SearchAction\",\"target\":{\"@type\":\"EntryPoint\",\"urlTemplate\":\"https:\\\/\\\/www.saopaulo.sp.leg.br\\\/coronavirus\\\/?s={search_term_string}\"},\"query-input\":{\"@type\":\"PropertyValueSpecification\",\"valueRequired\":true,\"valueName\":\"search_term_string\"}}],\"inLanguage\":\"pt-BR\"}]}<\/script>\n<!-- \/ Yoast SEO plugin. -->","yoast_head_json":{"title":"Qual a import\u00e2ncia de higienizar objetos e celulares durante a pandemia? - Coronav\u00edrus","robots":{"index":"index","follow":"follow","max-snippet":"max-snippet:-1","max-image-preview":"max-image-preview:large","max-video-preview":"max-video-preview:-1"},"canonical":"https:\/\/www.saopaulo.sp.leg.br\/coronavirus\/duvidas\/qual-a-importancia-de-higienizar-objetos-e-celulares-durante-a-pandemia\/","og_locale":"pt_BR","og_type":"article","og_title":"Qual a import\u00e2ncia de higienizar objetos e celulares durante a pandemia? - Coronav\u00edrus","og_description":"Na pandemia de coronav\u00edrus (Covid-19) vivida atualmente, al\u00e9m do isolamento social, a principal recomenda\u00e7\u00e3o da OMS (Organiza\u00e7\u00e3o Mundial da Sa\u00fade) e do Minist\u00e9rio da Sa\u00fade \u00e9 o cuidado com a higiene pessoal e dos objetos manuseados com frequ\u00eancia. A orienta\u00e7\u00e3o \u00e9 lavar bem as m\u00e3os (dedos, unhas, punho, palma e dorso) com \u00e1gua e sab\u00e3o,... Ler mais &raquo;","og_url":"https:\/\/www.saopaulo.sp.leg.br\/coronavirus\/duvidas\/qual-a-importancia-de-higienizar-objetos-e-celulares-durante-a-pandemia\/","og_site_name":"Coronav\u00edrus","article_modified_time":"2020-05-13T19:18:02+00:00","twitter_card":"summary_large_image","twitter_misc":{"Est. tempo de leitura":"3 minutos"},"schema":{"@context":"https:\/\/schema.org","@graph":[{"@type":"WebPage","@id":"https:\/\/www.saopaulo.sp.leg.br\/coronavirus\/duvidas\/qual-a-importancia-de-higienizar-objetos-e-celulares-durante-a-pandemia\/","url":"https:\/\/www.saopaulo.sp.leg.br\/coronavirus\/duvidas\/qual-a-importancia-de-higienizar-objetos-e-celulares-durante-a-pandemia\/","name":"Qual a import\u00e2ncia de higienizar objetos e celulares durante a pandemia? - Coronav\u00edrus","isPartOf":{"@id":"https:\/\/www.saopaulo.sp.leg.br\/coronavirus\/#website"},"datePublished":"2020-04-09T17:47:23+00:00","dateModified":"2020-05-13T19:18:02+00:00","breadcrumb":{"@id":"https:\/\/www.saopaulo.sp.leg.br\/coronavirus\/duvidas\/qual-a-importancia-de-higienizar-objetos-e-celulares-durante-a-pandemia\/#breadcrumb"},"inLanguage":"pt-BR","potentialAction":[{"@type":"ReadAction","target":["https:\/\/www.saopaulo.sp.leg.br\/coronavirus\/duvidas\/qual-a-importancia-de-higienizar-objetos-e-celulares-durante-a-pandemia\/"]}]},{"@type":"BreadcrumbList","@id":"https:\/\/www.saopaulo.sp.leg.br\/coronavirus\/duvidas\/qual-a-importancia-de-higienizar-objetos-e-celulares-durante-a-pandemia\/#breadcrumb","itemListElement":[{"@type":"ListItem","position":1,"name":"In\u00edcio","item":"https:\/\/www.saopaulo.sp.leg.br\/coronavirus\/"},{"@type":"ListItem","position":2,"name":"D\u00favidas","item":"https:\/\/www.saopaulo.sp.leg.br\/coronavirus\/?page_id=454"},{"@type":"ListItem","position":3,"name":"Qual a import\u00e2ncia de higienizar objetos e celulares durante a pandemia?"}]},{"@type":"WebSite","@id":"https:\/\/www.saopaulo.sp.leg.br\/coronavirus\/#website","url":"https:\/\/www.saopaulo.sp.leg.br\/coronavirus\/","name":"Coronav\u00edrus","description":"Informa\u00e7\u00e3o no combate ao COVID-19","potentialAction":[{"@type":"SearchAction","target":{"@type":"EntryPoint","urlTemplate":"https:\/\/www.saopaulo.sp.leg.br\/coronavirus\/?s={search_term_string}"},"query-input":{"@type":"PropertyValueSpecification","valueRequired":true,"valueName":"search_term_string"}}],"inLanguage":"pt-BR"}]}},"_links":{"self":[{"href":"https:\/\/www.saopaulo.sp.leg.br\/coronavirus\/wp-json\/wp\/v2\/pages\/890","targetHints":{"allow":["GET"]}}],"collection":[{"href":"https:\/\/www.saopaulo.sp.leg.br\/coronavirus\/wp-json\/wp\/v2\/pages"}],"about":[{"href":"https:\/\/www.saopaulo.sp.leg.br\/coronavirus\/wp-json\/wp\/v2\/types\/page"}],"author":[{"embeddable":true,"href":"https:\/\/www.saopaulo.sp.leg.br\/coronavirus\/wp-json\/wp\/v2\/users\/630"}],"replies":[{"embeddable":true,"href":"https:\/\/www.saopaulo.sp.leg.br\/coronavirus\/wp-json\/wp\/v2\/comments?post=890"}],"version-history":[{"count":0,"href":"https:\/\/www.saopaulo.sp.leg.br\/coronavirus\/wp-json\/wp\/v2\/pages\/890\/revisions"}],"up":[{"embeddable":true,"href":"https:\/\/www.saopaulo.sp.leg.br\/coronavirus\/wp-json\/wp\/v2\/pages\/454"}],"wp:attachment":[{"href":"https:\/\/www.saopaulo.sp.leg.br\/coronavirus\/wp-json\/wp\/v2\/media?parent=890"}],"curies":[{"name":"wp","href":"https:\/\/api.w.org\/{rel}","templated":true}]}}