{"id":598,"date":"2020-03-30T09:59:32","date_gmt":"2020-03-30T12:59:32","guid":{"rendered":"http:\/\/www.saopaulo.sp.leg.br\/coronavirus\/?page_id=598"},"modified":"2021-02-08T17:23:06","modified_gmt":"2021-02-08T20:23:06","slug":"em-casa-quais-os-cuidados-para-isolar-um-paciente-contaminado","status":"publish","type":"page","link":"https:\/\/www.saopaulo.sp.leg.br\/coronavirus\/duvidas\/em-casa-quais-os-cuidados-para-isolar-um-paciente-contaminado\/","title":{"rendered":"Quais os cuidados para isolar um paciente contaminado?"},"content":{"rendered":"<p>O isolamento domiciliar \u00e9 uma conduta prevista pelo Minist\u00e9rio da Sa\u00fade e que pode ser indicada pelo m\u00e9dico, a depender da condi\u00e7\u00e3o cl\u00ednica do paciente contaminado, para casos confirmados de Covid-19 que n\u00e3o precisam de interna\u00e7\u00e3o imediata, e tamb\u00e9m para casos suspeitos. O paciente deve ser mantido em casa at\u00e9 n\u00e3o ter mais os sintomas e ser dispensado pelo servi\u00e7o m\u00e9dico ou pela vigil\u00e2ncia epidemiol\u00f3gica que est\u00e1 acompanhando o caso.<\/p>\n<p>Segundo\u00a0<a href=\"https:\/\/www.saude.gov.br\/images\/pdf\/2020\/marco\/20\/20200318-ProtocoloManejo-ver002.pdf\" target=\"_blank\" rel=\"noopener noreferrer\">recomenda\u00e7\u00f5es do Minist\u00e9rio da Sa\u00fade<\/a>, o isolamento domiciliar deve ser feito por 14 dias, a contar da data de in\u00edcio dos sintomas. Tamb\u00e9m deve ser feita uma revis\u00e3o cl\u00ednica a cada 48 horas, preferencialmente por telefone, al\u00e9m de manter repouso, alimenta\u00e7\u00e3o balanceada e boa oferta de l\u00edquidos para o paciente. Entre as medidas para o isolamento seguro, o Minist\u00e9rio da Sa\u00fade determina o seguinte:<\/p>\n<h3>1 &#8211; Para isolamento do paciente contaminado:<\/h3>\n<p>Permanecer em quarto isolado e bem ventilado. Caso n\u00e3o seja poss\u00edvel isolar em um quarto \u00fanico, manter pelo menos 1 metro de dist\u00e2ncia do paciente; dormir em cama separada (exce\u00e7\u00e3o: m\u00e3es que est\u00e3o amamentando devem continuar amamentando com o uso de m\u00e1scara e medidas de higiene, como a lavagem constante de m\u00e3os); limitar a movimenta\u00e7\u00e3o do paciente pela casa; locais com compartilhamento, como cozinha e banheiro, devem estar bem ventilados; utiliza\u00e7\u00e3o de m\u00e1scara cir\u00fargica todo o tempo.<\/p>\n<p>Caso o paciente n\u00e3o tolere ficar por muito tempo, realizar medidas de higiene respirat\u00f3ria com mais frequ\u00eancia; trocar m\u00e1scara cir\u00fargica sempre que esta estiver \u00famida ou danificada; em idas ao banheiro ou outro ambiente, o doente deve usar obrigatoriamente m\u00e1scara; realizar higiene frequente das m\u00e3os, com \u00e1gua e sab\u00e3o ou \u00e1lcool em gel, especialmente antes de comer ou cozinhar e ap\u00f3s ir ao banheiro; sem visitas ao doente; o paciente s\u00f3 poder\u00e1 sair de casa em casos de emerg\u00eancia, sempre com m\u00e1scara e evitar multid\u00f5es, preferindo transportes individuais ou a p\u00e9, sempre que poss\u00edvel.<\/p>\n<h3>2 &#8211; Precau\u00e7\u00f5es para o cuidador:<\/h3>\n<p>O cuidador deve utilizar uma m\u00e1scara (descart\u00e1vel) quando estiver perto do paciente. Caso a m\u00e1scara fique \u00famida ou com secre\u00e7\u00f5es, deve ser trocada imediatamente; nunca tocar ou mexer na m\u00e1scara enquanto estiver perto do paciente.<\/p>\n<p>Ap\u00f3s retirar a m\u00e1scara, o cuidador deve lavar as m\u00e3os; deve ser realizada higiene das m\u00e3os toda vez que elas parecerem sujas, antes\/depois do contato com o paciente, antes\/depois de ir ao banheiro, antes\/depois de cozinhar e comer ou toda vez que julgar necess\u00e1rio; pode ser utilizado \u00e1lcool em gel quando as m\u00e3os estiverem secas e \u00e1gua e sab\u00e3o quando as m\u00e3os parecerem oleosas ou sujas; toda vez que lavar as m\u00e3os com \u00e1gua e sab\u00e3o, dar prefer\u00eancia ao papel-toalha.<\/p>\n<p>Caso n\u00e3o seja poss\u00edvel, utilizar toalha de tecido e troc\u00e1-la toda vez que ficar \u00famida; caso algu\u00e9m do domic\u00edlio apresentar sintomas, iniciar com os mesmos cuidados de precau\u00e7\u00e3o para pacientes e solicitar atendimento na sua UBS.<\/p>\n<h3>3 \u2013 Precau\u00e7\u00f5es gerais para isolamento domiciliar:<\/h3>\n<p>Toda vez que lavar as m\u00e3os com \u00e1gua e sab\u00e3o, dar prefer\u00eancia ao papel-toalha. Caso n\u00e3o seja poss\u00edvel, utilizar toalha de tecido e troc\u00e1-la toda vez que ficar \u00famida.<\/p>\n<p>Todos os moradores da casa devem cobrir a boca e o nariz quando forem tossir ou espirrar, seja com as m\u00e3os ou m\u00e1scaras; lavar as m\u00e3os e jogar as m\u00e1scaras ap\u00f3s o uso; evitar o contato com as secre\u00e7\u00f5es do paciente; quando for descartar o lixo do paciente, utilizar luvas descart\u00e1veis; limpar frequentemente (mais de uma vez por dia) as superf\u00edcies que s\u00e3o frequentemente tocadas com solu\u00e7\u00e3o contendo alvejante.<\/p>\n<p>Fa\u00e7a o mesmo para banheiros e toaletes; lave roupas pessoais, roupas de cama e roupas de banho do paciente com sab\u00e3o comum e \u00e1gua entre 60-90\u00baC, deixe secar.<\/p>\n<p>\u00c9 importante que os familiares do paciente contaminado sempre reportem \u00e0 equipe de sa\u00fade que acompanha o caso o surgimento de algum novo sintoma ou piora dos sintomas j\u00e1 presentes. O paciente deve procurar o atendimento m\u00e9dico se tiver piora dos sintomas e o deslocamento deve ser realizado com m\u00e1scara.<\/p>\n<p><a class=\"botao\" style=\"margin-top: 40px\" href=\"http:\/\/www.saopaulo.sp.leg.br\/coronavirus\/duvidas\/\">Todas as d\u00favidas<\/a><\/p>\n","protected":false},"excerpt":{"rendered":"<p>O isolamento domiciliar \u00e9 uma conduta prevista pelo Minist\u00e9rio da Sa\u00fade e que pode ser indicada pelo m\u00e9dico, a depender da condi\u00e7\u00e3o cl\u00ednica do paciente contaminado, para casos confirmados de Covid-19 que n\u00e3o precisam de interna\u00e7\u00e3o imediata, e tamb\u00e9m para casos suspeitos. O paciente deve ser mantido em casa at\u00e9 n\u00e3o ter mais os sintomas&#8230;  <a class=\"excerpt-read-more\" href=\"https:\/\/www.saopaulo.sp.leg.br\/coronavirus\/duvidas\/em-casa-quais-os-cuidados-para-isolar-um-paciente-contaminado\/\" title=\"Read Quais os cuidados para isolar um paciente contaminado?\">Ler mais &raquo;<\/a><\/p>\n","protected":false},"author":630,"featured_media":0,"parent":454,"menu_order":0,"comment_status":"closed","ping_status":"closed","template":"page-simple.php","meta":{"_acf_changed":false,"footnotes":""},"class_list":["post-598","page","type-page","status-publish","hentry"],"acf":[],"yoast_head":"<!-- This site is optimized with the Yoast SEO plugin v27.6 - https:\/\/yoast.com\/product\/yoast-seo-wordpress\/ -->\n<title>Quais os cuidados para isolar um paciente contaminado? - Coronav\u00edrus<\/title>\n<meta name=\"description\" content=\"O isolamento domiciliar \u00e9 uma conduta prevista pelo Minist\u00e9rio da Sa\u00fade e que pode ser indicada a depender da condi\u00e7\u00e3o cl\u00ednica do paciente contaminado.\" \/>\n<meta name=\"robots\" content=\"index, follow, max-snippet:-1, max-image-preview:large, max-video-preview:-1\" \/>\n<link rel=\"canonical\" href=\"https:\/\/www.saopaulo.sp.leg.br\/coronavirus\/duvidas\/em-casa-quais-os-cuidados-para-isolar-um-paciente-contaminado\/\" \/>\n<meta property=\"og:locale\" content=\"pt_BR\" \/>\n<meta property=\"og:type\" content=\"article\" \/>\n<meta property=\"og:title\" content=\"Quais os cuidados para isolar um paciente contaminado? - Coronav\u00edrus\" \/>\n<meta property=\"og:description\" content=\"O isolamento domiciliar \u00e9 uma conduta prevista pelo Minist\u00e9rio da Sa\u00fade e que pode ser indicada a depender da condi\u00e7\u00e3o cl\u00ednica do paciente contaminado.\" \/>\n<meta property=\"og:url\" content=\"https:\/\/www.saopaulo.sp.leg.br\/coronavirus\/duvidas\/em-casa-quais-os-cuidados-para-isolar-um-paciente-contaminado\/\" \/>\n<meta property=\"og:site_name\" content=\"Coronav\u00edrus\" \/>\n<meta property=\"article:modified_time\" content=\"2021-02-08T20:23:06+00:00\" \/>\n<meta name=\"twitter:card\" content=\"summary_large_image\" \/>\n<meta name=\"twitter:label1\" content=\"Est. tempo de leitura\" \/>\n\t<meta name=\"twitter:data1\" content=\"4 minutos\" \/>\n<script type=\"application\/ld+json\" class=\"yoast-schema-graph\">{\"@context\":\"https:\\\/\\\/schema.org\",\"@graph\":[{\"@type\":\"WebPage\",\"@id\":\"https:\\\/\\\/www.saopaulo.sp.leg.br\\\/coronavirus\\\/duvidas\\\/em-casa-quais-os-cuidados-para-isolar-um-paciente-contaminado\\\/\",\"url\":\"https:\\\/\\\/www.saopaulo.sp.leg.br\\\/coronavirus\\\/duvidas\\\/em-casa-quais-os-cuidados-para-isolar-um-paciente-contaminado\\\/\",\"name\":\"Quais os cuidados para isolar um paciente contaminado? - Coronav\u00edrus\",\"isPartOf\":{\"@id\":\"https:\\\/\\\/www.saopaulo.sp.leg.br\\\/coronavirus\\\/#website\"},\"datePublished\":\"2020-03-30T12:59:32+00:00\",\"dateModified\":\"2021-02-08T20:23:06+00:00\",\"description\":\"O isolamento domiciliar \u00e9 uma conduta prevista pelo Minist\u00e9rio da Sa\u00fade e que pode ser indicada a depender da condi\u00e7\u00e3o cl\u00ednica do paciente contaminado.\",\"breadcrumb\":{\"@id\":\"https:\\\/\\\/www.saopaulo.sp.leg.br\\\/coronavirus\\\/duvidas\\\/em-casa-quais-os-cuidados-para-isolar-um-paciente-contaminado\\\/#breadcrumb\"},\"inLanguage\":\"pt-BR\",\"potentialAction\":[{\"@type\":\"ReadAction\",\"target\":[\"https:\\\/\\\/www.saopaulo.sp.leg.br\\\/coronavirus\\\/duvidas\\\/em-casa-quais-os-cuidados-para-isolar-um-paciente-contaminado\\\/\"]}]},{\"@type\":\"BreadcrumbList\",\"@id\":\"https:\\\/\\\/www.saopaulo.sp.leg.br\\\/coronavirus\\\/duvidas\\\/em-casa-quais-os-cuidados-para-isolar-um-paciente-contaminado\\\/#breadcrumb\",\"itemListElement\":[{\"@type\":\"ListItem\",\"position\":1,\"name\":\"In\u00edcio\",\"item\":\"https:\\\/\\\/www.saopaulo.sp.leg.br\\\/coronavirus\\\/\"},{\"@type\":\"ListItem\",\"position\":2,\"name\":\"D\u00favidas\",\"item\":\"https:\\\/\\\/www.saopaulo.sp.leg.br\\\/coronavirus\\\/?page_id=454\"},{\"@type\":\"ListItem\",\"position\":3,\"name\":\"Quais os cuidados para isolar um paciente contaminado?\"}]},{\"@type\":\"WebSite\",\"@id\":\"https:\\\/\\\/www.saopaulo.sp.leg.br\\\/coronavirus\\\/#website\",\"url\":\"https:\\\/\\\/www.saopaulo.sp.leg.br\\\/coronavirus\\\/\",\"name\":\"Coronav\u00edrus\",\"description\":\"Informa\u00e7\u00e3o no combate ao COVID-19\",\"potentialAction\":[{\"@type\":\"SearchAction\",\"target\":{\"@type\":\"EntryPoint\",\"urlTemplate\":\"https:\\\/\\\/www.saopaulo.sp.leg.br\\\/coronavirus\\\/?s={search_term_string}\"},\"query-input\":{\"@type\":\"PropertyValueSpecification\",\"valueRequired\":true,\"valueName\":\"search_term_string\"}}],\"inLanguage\":\"pt-BR\"}]}<\/script>\n<!-- \/ Yoast SEO plugin. -->","yoast_head_json":{"title":"Quais os cuidados para isolar um paciente contaminado? - Coronav\u00edrus","description":"O isolamento domiciliar \u00e9 uma conduta prevista pelo Minist\u00e9rio da Sa\u00fade e que pode ser indicada a depender da condi\u00e7\u00e3o cl\u00ednica do paciente contaminado.","robots":{"index":"index","follow":"follow","max-snippet":"max-snippet:-1","max-image-preview":"max-image-preview:large","max-video-preview":"max-video-preview:-1"},"canonical":"https:\/\/www.saopaulo.sp.leg.br\/coronavirus\/duvidas\/em-casa-quais-os-cuidados-para-isolar-um-paciente-contaminado\/","og_locale":"pt_BR","og_type":"article","og_title":"Quais os cuidados para isolar um paciente contaminado? - Coronav\u00edrus","og_description":"O isolamento domiciliar \u00e9 uma conduta prevista pelo Minist\u00e9rio da Sa\u00fade e que pode ser indicada a depender da condi\u00e7\u00e3o cl\u00ednica do paciente contaminado.","og_url":"https:\/\/www.saopaulo.sp.leg.br\/coronavirus\/duvidas\/em-casa-quais-os-cuidados-para-isolar-um-paciente-contaminado\/","og_site_name":"Coronav\u00edrus","article_modified_time":"2021-02-08T20:23:06+00:00","twitter_card":"summary_large_image","twitter_misc":{"Est. tempo de leitura":"4 minutos"},"schema":{"@context":"https:\/\/schema.org","@graph":[{"@type":"WebPage","@id":"https:\/\/www.saopaulo.sp.leg.br\/coronavirus\/duvidas\/em-casa-quais-os-cuidados-para-isolar-um-paciente-contaminado\/","url":"https:\/\/www.saopaulo.sp.leg.br\/coronavirus\/duvidas\/em-casa-quais-os-cuidados-para-isolar-um-paciente-contaminado\/","name":"Quais os cuidados para isolar um paciente contaminado? - Coronav\u00edrus","isPartOf":{"@id":"https:\/\/www.saopaulo.sp.leg.br\/coronavirus\/#website"},"datePublished":"2020-03-30T12:59:32+00:00","dateModified":"2021-02-08T20:23:06+00:00","description":"O isolamento domiciliar \u00e9 uma conduta prevista pelo Minist\u00e9rio da Sa\u00fade e que pode ser indicada a depender da condi\u00e7\u00e3o cl\u00ednica do paciente contaminado.","breadcrumb":{"@id":"https:\/\/www.saopaulo.sp.leg.br\/coronavirus\/duvidas\/em-casa-quais-os-cuidados-para-isolar-um-paciente-contaminado\/#breadcrumb"},"inLanguage":"pt-BR","potentialAction":[{"@type":"ReadAction","target":["https:\/\/www.saopaulo.sp.leg.br\/coronavirus\/duvidas\/em-casa-quais-os-cuidados-para-isolar-um-paciente-contaminado\/"]}]},{"@type":"BreadcrumbList","@id":"https:\/\/www.saopaulo.sp.leg.br\/coronavirus\/duvidas\/em-casa-quais-os-cuidados-para-isolar-um-paciente-contaminado\/#breadcrumb","itemListElement":[{"@type":"ListItem","position":1,"name":"In\u00edcio","item":"https:\/\/www.saopaulo.sp.leg.br\/coronavirus\/"},{"@type":"ListItem","position":2,"name":"D\u00favidas","item":"https:\/\/www.saopaulo.sp.leg.br\/coronavirus\/?page_id=454"},{"@type":"ListItem","position":3,"name":"Quais os cuidados para isolar um paciente contaminado?"}]},{"@type":"WebSite","@id":"https:\/\/www.saopaulo.sp.leg.br\/coronavirus\/#website","url":"https:\/\/www.saopaulo.sp.leg.br\/coronavirus\/","name":"Coronav\u00edrus","description":"Informa\u00e7\u00e3o no combate ao COVID-19","potentialAction":[{"@type":"SearchAction","target":{"@type":"EntryPoint","urlTemplate":"https:\/\/www.saopaulo.sp.leg.br\/coronavirus\/?s={search_term_string}"},"query-input":{"@type":"PropertyValueSpecification","valueRequired":true,"valueName":"search_term_string"}}],"inLanguage":"pt-BR"}]}},"_links":{"self":[{"href":"https:\/\/www.saopaulo.sp.leg.br\/coronavirus\/wp-json\/wp\/v2\/pages\/598","targetHints":{"allow":["GET"]}}],"collection":[{"href":"https:\/\/www.saopaulo.sp.leg.br\/coronavirus\/wp-json\/wp\/v2\/pages"}],"about":[{"href":"https:\/\/www.saopaulo.sp.leg.br\/coronavirus\/wp-json\/wp\/v2\/types\/page"}],"author":[{"embeddable":true,"href":"https:\/\/www.saopaulo.sp.leg.br\/coronavirus\/wp-json\/wp\/v2\/users\/630"}],"replies":[{"embeddable":true,"href":"https:\/\/www.saopaulo.sp.leg.br\/coronavirus\/wp-json\/wp\/v2\/comments?post=598"}],"version-history":[{"count":0,"href":"https:\/\/www.saopaulo.sp.leg.br\/coronavirus\/wp-json\/wp\/v2\/pages\/598\/revisions"}],"up":[{"embeddable":true,"href":"https:\/\/www.saopaulo.sp.leg.br\/coronavirus\/wp-json\/wp\/v2\/pages\/454"}],"wp:attachment":[{"href":"https:\/\/www.saopaulo.sp.leg.br\/coronavirus\/wp-json\/wp\/v2\/media?parent=598"}],"curies":[{"name":"wp","href":"https:\/\/api.w.org\/{rel}","templated":true}]}}