{"id":596,"date":"2020-03-30T09:55:49","date_gmt":"2020-03-30T12:55:49","guid":{"rendered":"http:\/\/www.saopaulo.sp.leg.br\/coronavirus\/?page_id=596"},"modified":"2021-02-08T17:22:22","modified_gmt":"2021-02-08T20:22:22","slug":"isolamento-social","status":"publish","type":"page","link":"https:\/\/www.saopaulo.sp.leg.br\/coronavirus\/duvidas\/isolamento-social\/","title":{"rendered":"Porque o isolamento social \u00e9 t\u00e3o importante agora?"},"content":{"rendered":"<p>Desde que a OMS (Organiza\u00e7\u00e3o Mundial da Sa\u00fade), ag\u00eancia especializada da ONU (Organiza\u00e7\u00e3o das Na\u00e7\u00f5es Unidas), caracterizou as infec\u00e7\u00f5es provocadas pelo novo coronav\u00edrus (Covid-19) como pandemia no dia 11 de mar\u00e7o, a principal recomenda\u00e7\u00e3o do \u00f3rg\u00e3o para conter o avan\u00e7o da doen\u00e7a tem sido o chamado distanciamento ou isolamento social.<\/p>\n<p>Contudo, essa medida ainda levanta algumas d\u00favidas. A principal delas: o que significa isolamento social e por que ele \u00e9 t\u00e3o importante?<\/p>\n<p>Segundo o Minist\u00e9rio da Sa\u00fade, o isolamento social prev\u00ea que pessoas em grupo de risco, contaminadas e com suspeita de contamina\u00e7\u00e3o, permane\u00e7am em casa. O objetivo \u00e9 inibir a propaga\u00e7\u00e3o da doen\u00e7a e a transmiss\u00e3o local por pessoas infectadas.<\/p>\n<p>A medida \u00e9 tida como eficaz porque a principal forma de cont\u00e1gio do coronav\u00edrus acontece pelo contato com pessoas que est\u00e3o infectadas. Cumprimentar, beijar, compartilhar copos e talheres s\u00e3o algumas das atitudes que devem ser evitadas, j\u00e1 que a transmiss\u00e3o pode ocorrer por got\u00edculas de saliva, espirro, tosse ou catarro, que podem ser repassados por toque ou aperto de m\u00e3o, objetos ou superf\u00edcies contaminadas pelo infectado.<\/p>\n<p>O distanciamento social tamb\u00e9m tem a inten\u00e7\u00e3o de retardar a propaga\u00e7\u00e3o do v\u00edrus porque, mesmo que algumas pessoas sejam contaminadas, o cont\u00e1gio n\u00e3o atingir\u00e1 toda a popula\u00e7\u00e3o de uma s\u00f3 vez, evitando a superlota\u00e7\u00e3o dos servi\u00e7os de sa\u00fade e diminuindo o n\u00famero de \u00f3bitos.<\/p>\n<h3>ISOLAMENTO SOCIAL MESMO PARA PESSOAS ASSINTOM\u00c1TICAS<\/h3>\n<p>Al\u00e9m disso, a medida diminui a possibilidade de propaga\u00e7\u00e3o da doen\u00e7a por pessoas assintom\u00e1ticas (que n\u00e3o apresentam sintomas). De acordo com Jo\u00e3o Gabardo, secret\u00e1rio executivo do Minist\u00e9rio da Sa\u00fade, 86% dos casos do novo coronav\u00edrus s\u00e3o assintom\u00e1ticos. Ou seja, a maioria das pessoas infectadas n\u00e3o sabe que est\u00e1 doente, o que dificulta a conten\u00e7\u00e3o da doen\u00e7a caso as pessoas continuem transitando livremente.<\/p>\n<p>\u00c9 importante destacar, ainda, que o isolamento social \u00e9 diferente da quarentena. Ambas s\u00e3o medidas de sa\u00fade p\u00fablica consideradas fundamentais para o enfrentamento da pandemia de Covid-19. Por\u00e9m, enquanto o isolamento social \u00e9 uma medida volunt\u00e1ria, de acordo com o Minist\u00e9rio da Sa\u00fade a quarentena \u00e9 uma medida obrigat\u00f3ria, restritiva para o tr\u00e2nsito de pessoas, que busca diminuir a velocidade de transmiss\u00e3o do novo coronav\u00edrus.<\/p>\n<p><a class=\"botao\" style=\"margin-top: 40px\" href=\"http:\/\/www.saopaulo.sp.leg.br\/coronavirus\/duvidas\/\">Todas as d\u00favidas<\/a><\/p>\n","protected":false},"excerpt":{"rendered":"<p>Desde que a OMS (Organiza\u00e7\u00e3o Mundial da Sa\u00fade), ag\u00eancia especializada da ONU (Organiza\u00e7\u00e3o das Na\u00e7\u00f5es Unidas), caracterizou as infec\u00e7\u00f5es provocadas pelo novo coronav\u00edrus (Covid-19) como pandemia no dia 11 de mar\u00e7o, a principal recomenda\u00e7\u00e3o do \u00f3rg\u00e3o para conter o avan\u00e7o da doen\u00e7a tem sido o chamado distanciamento ou isolamento social. Contudo, essa medida ainda levanta&#8230;  <a class=\"excerpt-read-more\" href=\"https:\/\/www.saopaulo.sp.leg.br\/coronavirus\/duvidas\/isolamento-social\/\" title=\"Read Porque o isolamento social \u00e9 t\u00e3o importante agora?\">Ler mais &raquo;<\/a><\/p>\n","protected":false},"author":630,"featured_media":0,"parent":454,"menu_order":0,"comment_status":"closed","ping_status":"closed","template":"page-simple.php","meta":{"_acf_changed":false,"footnotes":""},"class_list":["post-596","page","type-page","status-publish","hentry"],"acf":[],"yoast_head":"<!-- This site is optimized with the Yoast SEO plugin v27.3 - https:\/\/yoast.com\/product\/yoast-seo-wordpress\/ -->\n<title>Porque o isolamento social \u00e9 t\u00e3o importante agora? - Coronav\u00edrus<\/title>\n<meta name=\"description\" content=\"Desde que a OMS caracterizou as infec\u00e7\u00f5es provocadas pelo novo coronav\u00edrus (Covid-19) como pandemiaa principal recomenda\u00e7\u00e3o \u00e9 o isolamento social.\" \/>\n<meta name=\"robots\" content=\"index, follow, max-snippet:-1, max-image-preview:large, max-video-preview:-1\" \/>\n<link rel=\"canonical\" href=\"https:\/\/www.saopaulo.sp.leg.br\/coronavirus\/duvidas\/isolamento-social\/\" \/>\n<meta property=\"og:locale\" content=\"pt_BR\" \/>\n<meta property=\"og:type\" content=\"article\" \/>\n<meta property=\"og:title\" content=\"Porque o isolamento social \u00e9 t\u00e3o importante agora? - Coronav\u00edrus\" \/>\n<meta property=\"og:description\" content=\"Desde que a OMS caracterizou as infec\u00e7\u00f5es provocadas pelo novo coronav\u00edrus (Covid-19) como pandemiaa principal recomenda\u00e7\u00e3o \u00e9 o isolamento social.\" \/>\n<meta property=\"og:url\" content=\"https:\/\/www.saopaulo.sp.leg.br\/coronavirus\/duvidas\/isolamento-social\/\" \/>\n<meta property=\"og:site_name\" content=\"Coronav\u00edrus\" \/>\n<meta property=\"article:modified_time\" content=\"2021-02-08T20:22:22+00:00\" \/>\n<meta name=\"twitter:card\" content=\"summary_large_image\" \/>\n<meta name=\"twitter:label1\" content=\"Est. tempo de leitura\" \/>\n\t<meta name=\"twitter:data1\" content=\"2 minutos\" \/>\n<script type=\"application\/ld+json\" class=\"yoast-schema-graph\">{\"@context\":\"https:\\\/\\\/schema.org\",\"@graph\":[{\"@type\":\"WebPage\",\"@id\":\"https:\\\/\\\/www.saopaulo.sp.leg.br\\\/coronavirus\\\/duvidas\\\/isolamento-social\\\/\",\"url\":\"https:\\\/\\\/www.saopaulo.sp.leg.br\\\/coronavirus\\\/duvidas\\\/isolamento-social\\\/\",\"name\":\"Porque o isolamento social \u00e9 t\u00e3o importante agora? - Coronav\u00edrus\",\"isPartOf\":{\"@id\":\"https:\\\/\\\/www.saopaulo.sp.leg.br\\\/coronavirus\\\/#website\"},\"datePublished\":\"2020-03-30T12:55:49+00:00\",\"dateModified\":\"2021-02-08T20:22:22+00:00\",\"description\":\"Desde que a OMS caracterizou as infec\u00e7\u00f5es provocadas pelo novo coronav\u00edrus (Covid-19) como pandemiaa principal recomenda\u00e7\u00e3o \u00e9 o isolamento social.\",\"breadcrumb\":{\"@id\":\"https:\\\/\\\/www.saopaulo.sp.leg.br\\\/coronavirus\\\/duvidas\\\/isolamento-social\\\/#breadcrumb\"},\"inLanguage\":\"pt-BR\",\"potentialAction\":[{\"@type\":\"ReadAction\",\"target\":[\"https:\\\/\\\/www.saopaulo.sp.leg.br\\\/coronavirus\\\/duvidas\\\/isolamento-social\\\/\"]}]},{\"@type\":\"BreadcrumbList\",\"@id\":\"https:\\\/\\\/www.saopaulo.sp.leg.br\\\/coronavirus\\\/duvidas\\\/isolamento-social\\\/#breadcrumb\",\"itemListElement\":[{\"@type\":\"ListItem\",\"position\":1,\"name\":\"In\u00edcio\",\"item\":\"https:\\\/\\\/www.saopaulo.sp.leg.br\\\/coronavirus\\\/\"},{\"@type\":\"ListItem\",\"position\":2,\"name\":\"D\u00favidas\",\"item\":\"https:\\\/\\\/www.saopaulo.sp.leg.br\\\/coronavirus\\\/?page_id=454\"},{\"@type\":\"ListItem\",\"position\":3,\"name\":\"Porque o isolamento social \u00e9 t\u00e3o importante agora?\"}]},{\"@type\":\"WebSite\",\"@id\":\"https:\\\/\\\/www.saopaulo.sp.leg.br\\\/coronavirus\\\/#website\",\"url\":\"https:\\\/\\\/www.saopaulo.sp.leg.br\\\/coronavirus\\\/\",\"name\":\"Coronav\u00edrus\",\"description\":\"Informa\u00e7\u00e3o no combate ao COVID-19\",\"potentialAction\":[{\"@type\":\"SearchAction\",\"target\":{\"@type\":\"EntryPoint\",\"urlTemplate\":\"https:\\\/\\\/www.saopaulo.sp.leg.br\\\/coronavirus\\\/?s={search_term_string}\"},\"query-input\":{\"@type\":\"PropertyValueSpecification\",\"valueRequired\":true,\"valueName\":\"search_term_string\"}}],\"inLanguage\":\"pt-BR\"}]}<\/script>\n<!-- \/ Yoast SEO plugin. -->","yoast_head_json":{"title":"Porque o isolamento social \u00e9 t\u00e3o importante agora? - Coronav\u00edrus","description":"Desde que a OMS caracterizou as infec\u00e7\u00f5es provocadas pelo novo coronav\u00edrus (Covid-19) como pandemiaa principal recomenda\u00e7\u00e3o \u00e9 o isolamento social.","robots":{"index":"index","follow":"follow","max-snippet":"max-snippet:-1","max-image-preview":"max-image-preview:large","max-video-preview":"max-video-preview:-1"},"canonical":"https:\/\/www.saopaulo.sp.leg.br\/coronavirus\/duvidas\/isolamento-social\/","og_locale":"pt_BR","og_type":"article","og_title":"Porque o isolamento social \u00e9 t\u00e3o importante agora? - Coronav\u00edrus","og_description":"Desde que a OMS caracterizou as infec\u00e7\u00f5es provocadas pelo novo coronav\u00edrus (Covid-19) como pandemiaa principal recomenda\u00e7\u00e3o \u00e9 o isolamento social.","og_url":"https:\/\/www.saopaulo.sp.leg.br\/coronavirus\/duvidas\/isolamento-social\/","og_site_name":"Coronav\u00edrus","article_modified_time":"2021-02-08T20:22:22+00:00","twitter_card":"summary_large_image","twitter_misc":{"Est. tempo de leitura":"2 minutos"},"schema":{"@context":"https:\/\/schema.org","@graph":[{"@type":"WebPage","@id":"https:\/\/www.saopaulo.sp.leg.br\/coronavirus\/duvidas\/isolamento-social\/","url":"https:\/\/www.saopaulo.sp.leg.br\/coronavirus\/duvidas\/isolamento-social\/","name":"Porque o isolamento social \u00e9 t\u00e3o importante agora? - Coronav\u00edrus","isPartOf":{"@id":"https:\/\/www.saopaulo.sp.leg.br\/coronavirus\/#website"},"datePublished":"2020-03-30T12:55:49+00:00","dateModified":"2021-02-08T20:22:22+00:00","description":"Desde que a OMS caracterizou as infec\u00e7\u00f5es provocadas pelo novo coronav\u00edrus (Covid-19) como pandemiaa principal recomenda\u00e7\u00e3o \u00e9 o isolamento social.","breadcrumb":{"@id":"https:\/\/www.saopaulo.sp.leg.br\/coronavirus\/duvidas\/isolamento-social\/#breadcrumb"},"inLanguage":"pt-BR","potentialAction":[{"@type":"ReadAction","target":["https:\/\/www.saopaulo.sp.leg.br\/coronavirus\/duvidas\/isolamento-social\/"]}]},{"@type":"BreadcrumbList","@id":"https:\/\/www.saopaulo.sp.leg.br\/coronavirus\/duvidas\/isolamento-social\/#breadcrumb","itemListElement":[{"@type":"ListItem","position":1,"name":"In\u00edcio","item":"https:\/\/www.saopaulo.sp.leg.br\/coronavirus\/"},{"@type":"ListItem","position":2,"name":"D\u00favidas","item":"https:\/\/www.saopaulo.sp.leg.br\/coronavirus\/?page_id=454"},{"@type":"ListItem","position":3,"name":"Porque o isolamento social \u00e9 t\u00e3o importante agora?"}]},{"@type":"WebSite","@id":"https:\/\/www.saopaulo.sp.leg.br\/coronavirus\/#website","url":"https:\/\/www.saopaulo.sp.leg.br\/coronavirus\/","name":"Coronav\u00edrus","description":"Informa\u00e7\u00e3o no combate ao COVID-19","potentialAction":[{"@type":"SearchAction","target":{"@type":"EntryPoint","urlTemplate":"https:\/\/www.saopaulo.sp.leg.br\/coronavirus\/?s={search_term_string}"},"query-input":{"@type":"PropertyValueSpecification","valueRequired":true,"valueName":"search_term_string"}}],"inLanguage":"pt-BR"}]}},"_links":{"self":[{"href":"https:\/\/www.saopaulo.sp.leg.br\/coronavirus\/wp-json\/wp\/v2\/pages\/596","targetHints":{"allow":["GET"]}}],"collection":[{"href":"https:\/\/www.saopaulo.sp.leg.br\/coronavirus\/wp-json\/wp\/v2\/pages"}],"about":[{"href":"https:\/\/www.saopaulo.sp.leg.br\/coronavirus\/wp-json\/wp\/v2\/types\/page"}],"author":[{"embeddable":true,"href":"https:\/\/www.saopaulo.sp.leg.br\/coronavirus\/wp-json\/wp\/v2\/users\/630"}],"replies":[{"embeddable":true,"href":"https:\/\/www.saopaulo.sp.leg.br\/coronavirus\/wp-json\/wp\/v2\/comments?post=596"}],"version-history":[{"count":0,"href":"https:\/\/www.saopaulo.sp.leg.br\/coronavirus\/wp-json\/wp\/v2\/pages\/596\/revisions"}],"up":[{"embeddable":true,"href":"https:\/\/www.saopaulo.sp.leg.br\/coronavirus\/wp-json\/wp\/v2\/pages\/454"}],"wp:attachment":[{"href":"https:\/\/www.saopaulo.sp.leg.br\/coronavirus\/wp-json\/wp\/v2\/media?parent=596"}],"curies":[{"name":"wp","href":"https:\/\/api.w.org\/{rel}","templated":true}]}}