{"id":1340,"date":"2020-05-14T14:23:10","date_gmt":"2020-05-14T17:23:10","guid":{"rendered":"http:\/\/www.saopaulo.sp.leg.br\/coronavirus\/?page_id=1340"},"modified":"2021-02-16T14:00:55","modified_gmt":"2021-02-16T17:00:55","slug":"quarentena-e-aulas-virtuais-os-desafios-da-educacao-a-distancia","status":"publish","type":"page","link":"https:\/\/www.saopaulo.sp.leg.br\/coronavirus\/dicas\/quarentena-e-aulas-virtuais-os-desafios-da-educacao-a-distancia\/","title":{"rendered":"Quarentena e aulas virtuais: os desafios da educa\u00e7\u00e3o \u00e0 dist\u00e2ncia"},"content":{"rendered":"<p>Com os avan\u00e7os tecnol\u00f3gicos, o ensino \u00e0 dist\u00e2ncia j\u00e1 \u00e9 realidade para muitas pessoas. Esse modelo inovador de aprendizado por EAD, ao inv\u00e9s do tradicional aprendizado presencial, n\u00e3o \u00e9 t\u00e3o f\u00e1cil como aparenta. Os estudos demandam disciplina, organiza\u00e7\u00e3o e responsabilidade do aluno. Para que aulas gerem resultados positivos, algumas regras devem ser seguidas, mesmo que dentro de casa. As orienta\u00e7\u00f5es dos especialistas s\u00e3o v\u00e1lidas para crian\u00e7as e adultos.<\/p>\n<h2>COMO GARANTIR A PRODUTIVIDADE NOS ESTUDOS EM CASA<\/h2>\n<p><strong>Rotina:<\/strong> O ideal \u00e9 acordar no hor\u00e1rio habitual, alimentar-se de maneira saud\u00e1vel e dedicar-se ao estudo dos conte\u00fados que seriam trabalhados de forma presencial em sala de aula. Os adultos devem elaborar um cronograma de atividades, estudos e trabalho e respeitar cada os hor\u00e1rios estabelecidos.<\/p>\n<p><strong>Fa\u00e7a pausas:<\/strong> Sempre respeitar os momentos de intervalos. Assim como no col\u00e9gio ou faculdade, tire o tempo para relaxar. As crian\u00e7as podem brincar entre uma atividade. O importante \u00e9 que os estudantes n\u00e3o sejam sobrecarregados por conta da quarentena imposta pelo coronav\u00edrus.<\/p>\n<p><strong>Comunica\u00e7\u00e3o:<\/strong> Mesmo \u00e0 dist\u00e2ncia e de forma virtual, \u00e9 fundamental que o estudante interaja com a turma e com os professores. \u00c9 a oportunidade para sanar d\u00favidas e compartilhar ideias e resultados.<\/p>\n<p><strong>Suporte familiar:<\/strong> A fam\u00edlia dos alunos menores de idade deve refor\u00e7ar o contato com o professor, acompanhando se as mat\u00e9rias est\u00e3o sendo abordadas de maneira correta.<\/p>\n<p><strong>Movimente-se:<\/strong> Durante a quarentena \u00e9 importante que as pessoas se mantenham saud\u00e1veis, consumindo alimentos saud\u00e1veis e praticando exerc\u00edcios. A pr\u00e1tica auxilia a percep\u00e7\u00e3o corporal, a flexibilidade e a coordena\u00e7\u00e3o motora dos alunos, al\u00e9m de melhorar a concentra\u00e7\u00e3o para que os estudos rendam mais.<\/p>\n<p>Fontes: Governo de S\u00e3o Paulo, Portal Desafios da Educa\u00e7\u00e3o e Grupo EAD<\/p>\n","protected":false},"excerpt":{"rendered":"<p>Com os avan\u00e7os tecnol\u00f3gicos, o ensino \u00e0 dist\u00e2ncia j\u00e1 \u00e9 realidade para muitas pessoas. Esse modelo inovador de aprendizado por EAD, ao inv\u00e9s do tradicional aprendizado presencial, n\u00e3o \u00e9 t\u00e3o f\u00e1cil como aparenta. Os estudos demandam disciplina, organiza\u00e7\u00e3o e responsabilidade do aluno. Para que aulas gerem resultados positivos, algumas regras devem ser seguidas, mesmo que&#8230;  <a class=\"excerpt-read-more\" href=\"https:\/\/www.saopaulo.sp.leg.br\/coronavirus\/dicas\/quarentena-e-aulas-virtuais-os-desafios-da-educacao-a-distancia\/\" title=\"Read Quarentena e aulas virtuais: os desafios da educa\u00e7\u00e3o \u00e0 dist\u00e2ncia\">Ler mais &raquo;<\/a><\/p>\n","protected":false},"author":544,"featured_media":0,"parent":1064,"menu_order":0,"comment_status":"closed","ping_status":"closed","template":"page-simple.php","meta":{"_acf_changed":false,"footnotes":""},"class_list":["post-1340","page","type-page","status-publish","hentry"],"acf":[],"yoast_head":"<!-- This site is optimized with the Yoast SEO plugin v27.3 - https:\/\/yoast.com\/product\/yoast-seo-wordpress\/ -->\n<title>Quarentena e aulas virtuais: os desafios da educa\u00e7\u00e3o \u00e0 dist\u00e2ncia - Coronav\u00edrus<\/title>\n<meta name=\"robots\" content=\"index, follow, max-snippet:-1, max-image-preview:large, max-video-preview:-1\" \/>\n<link rel=\"canonical\" href=\"https:\/\/www.saopaulo.sp.leg.br\/coronavirus\/dicas\/quarentena-e-aulas-virtuais-os-desafios-da-educacao-a-distancia\/\" \/>\n<meta property=\"og:locale\" content=\"pt_BR\" \/>\n<meta property=\"og:type\" content=\"article\" \/>\n<meta property=\"og:title\" content=\"Quarentena e aulas virtuais: os desafios da educa\u00e7\u00e3o \u00e0 dist\u00e2ncia - Coronav\u00edrus\" \/>\n<meta property=\"og:description\" content=\"Com os avan\u00e7os tecnol\u00f3gicos, o ensino \u00e0 dist\u00e2ncia j\u00e1 \u00e9 realidade para muitas pessoas. Esse modelo inovador de aprendizado por EAD, ao inv\u00e9s do tradicional aprendizado presencial, n\u00e3o \u00e9 t\u00e3o f\u00e1cil como aparenta. Os estudos demandam disciplina, organiza\u00e7\u00e3o e responsabilidade do aluno. Para que aulas gerem resultados positivos, algumas regras devem ser seguidas, mesmo que... Ler mais &raquo;\" \/>\n<meta property=\"og:url\" content=\"https:\/\/www.saopaulo.sp.leg.br\/coronavirus\/dicas\/quarentena-e-aulas-virtuais-os-desafios-da-educacao-a-distancia\/\" \/>\n<meta property=\"og:site_name\" content=\"Coronav\u00edrus\" \/>\n<meta property=\"article:modified_time\" content=\"2021-02-16T17:00:55+00:00\" \/>\n<meta name=\"twitter:card\" content=\"summary_large_image\" \/>\n<meta name=\"twitter:label1\" content=\"Est. tempo de leitura\" \/>\n\t<meta name=\"twitter:data1\" content=\"2 minutos\" \/>\n<script type=\"application\/ld+json\" class=\"yoast-schema-graph\">{\"@context\":\"https:\\\/\\\/schema.org\",\"@graph\":[{\"@type\":\"WebPage\",\"@id\":\"https:\\\/\\\/www.saopaulo.sp.leg.br\\\/coronavirus\\\/dicas\\\/quarentena-e-aulas-virtuais-os-desafios-da-educacao-a-distancia\\\/\",\"url\":\"https:\\\/\\\/www.saopaulo.sp.leg.br\\\/coronavirus\\\/dicas\\\/quarentena-e-aulas-virtuais-os-desafios-da-educacao-a-distancia\\\/\",\"name\":\"Quarentena e aulas virtuais: os desafios da educa\u00e7\u00e3o \u00e0 dist\u00e2ncia - Coronav\u00edrus\",\"isPartOf\":{\"@id\":\"https:\\\/\\\/www.saopaulo.sp.leg.br\\\/coronavirus\\\/#website\"},\"datePublished\":\"2020-05-14T17:23:10+00:00\",\"dateModified\":\"2021-02-16T17:00:55+00:00\",\"breadcrumb\":{\"@id\":\"https:\\\/\\\/www.saopaulo.sp.leg.br\\\/coronavirus\\\/dicas\\\/quarentena-e-aulas-virtuais-os-desafios-da-educacao-a-distancia\\\/#breadcrumb\"},\"inLanguage\":\"pt-BR\",\"potentialAction\":[{\"@type\":\"ReadAction\",\"target\":[\"https:\\\/\\\/www.saopaulo.sp.leg.br\\\/coronavirus\\\/dicas\\\/quarentena-e-aulas-virtuais-os-desafios-da-educacao-a-distancia\\\/\"]}]},{\"@type\":\"BreadcrumbList\",\"@id\":\"https:\\\/\\\/www.saopaulo.sp.leg.br\\\/coronavirus\\\/dicas\\\/quarentena-e-aulas-virtuais-os-desafios-da-educacao-a-distancia\\\/#breadcrumb\",\"itemListElement\":[{\"@type\":\"ListItem\",\"position\":1,\"name\":\"In\u00edcio\",\"item\":\"https:\\\/\\\/www.saopaulo.sp.leg.br\\\/coronavirus\\\/\"},{\"@type\":\"ListItem\",\"position\":2,\"name\":\"Dicas\",\"item\":\"https:\\\/\\\/www.saopaulo.sp.leg.br\\\/coronavirus\\\/?page_id=1064\"},{\"@type\":\"ListItem\",\"position\":3,\"name\":\"Quarentena e aulas virtuais: os desafios da educa\u00e7\u00e3o \u00e0 dist\u00e2ncia\"}]},{\"@type\":\"WebSite\",\"@id\":\"https:\\\/\\\/www.saopaulo.sp.leg.br\\\/coronavirus\\\/#website\",\"url\":\"https:\\\/\\\/www.saopaulo.sp.leg.br\\\/coronavirus\\\/\",\"name\":\"Coronav\u00edrus\",\"description\":\"Informa\u00e7\u00e3o no combate ao COVID-19\",\"potentialAction\":[{\"@type\":\"SearchAction\",\"target\":{\"@type\":\"EntryPoint\",\"urlTemplate\":\"https:\\\/\\\/www.saopaulo.sp.leg.br\\\/coronavirus\\\/?s={search_term_string}\"},\"query-input\":{\"@type\":\"PropertyValueSpecification\",\"valueRequired\":true,\"valueName\":\"search_term_string\"}}],\"inLanguage\":\"pt-BR\"}]}<\/script>\n<!-- \/ Yoast SEO plugin. -->","yoast_head_json":{"title":"Quarentena e aulas virtuais: os desafios da educa\u00e7\u00e3o \u00e0 dist\u00e2ncia - Coronav\u00edrus","robots":{"index":"index","follow":"follow","max-snippet":"max-snippet:-1","max-image-preview":"max-image-preview:large","max-video-preview":"max-video-preview:-1"},"canonical":"https:\/\/www.saopaulo.sp.leg.br\/coronavirus\/dicas\/quarentena-e-aulas-virtuais-os-desafios-da-educacao-a-distancia\/","og_locale":"pt_BR","og_type":"article","og_title":"Quarentena e aulas virtuais: os desafios da educa\u00e7\u00e3o \u00e0 dist\u00e2ncia - Coronav\u00edrus","og_description":"Com os avan\u00e7os tecnol\u00f3gicos, o ensino \u00e0 dist\u00e2ncia j\u00e1 \u00e9 realidade para muitas pessoas. Esse modelo inovador de aprendizado por EAD, ao inv\u00e9s do tradicional aprendizado presencial, n\u00e3o \u00e9 t\u00e3o f\u00e1cil como aparenta. Os estudos demandam disciplina, organiza\u00e7\u00e3o e responsabilidade do aluno. Para que aulas gerem resultados positivos, algumas regras devem ser seguidas, mesmo que... Ler mais &raquo;","og_url":"https:\/\/www.saopaulo.sp.leg.br\/coronavirus\/dicas\/quarentena-e-aulas-virtuais-os-desafios-da-educacao-a-distancia\/","og_site_name":"Coronav\u00edrus","article_modified_time":"2021-02-16T17:00:55+00:00","twitter_card":"summary_large_image","twitter_misc":{"Est. tempo de leitura":"2 minutos"},"schema":{"@context":"https:\/\/schema.org","@graph":[{"@type":"WebPage","@id":"https:\/\/www.saopaulo.sp.leg.br\/coronavirus\/dicas\/quarentena-e-aulas-virtuais-os-desafios-da-educacao-a-distancia\/","url":"https:\/\/www.saopaulo.sp.leg.br\/coronavirus\/dicas\/quarentena-e-aulas-virtuais-os-desafios-da-educacao-a-distancia\/","name":"Quarentena e aulas virtuais: os desafios da educa\u00e7\u00e3o \u00e0 dist\u00e2ncia - Coronav\u00edrus","isPartOf":{"@id":"https:\/\/www.saopaulo.sp.leg.br\/coronavirus\/#website"},"datePublished":"2020-05-14T17:23:10+00:00","dateModified":"2021-02-16T17:00:55+00:00","breadcrumb":{"@id":"https:\/\/www.saopaulo.sp.leg.br\/coronavirus\/dicas\/quarentena-e-aulas-virtuais-os-desafios-da-educacao-a-distancia\/#breadcrumb"},"inLanguage":"pt-BR","potentialAction":[{"@type":"ReadAction","target":["https:\/\/www.saopaulo.sp.leg.br\/coronavirus\/dicas\/quarentena-e-aulas-virtuais-os-desafios-da-educacao-a-distancia\/"]}]},{"@type":"BreadcrumbList","@id":"https:\/\/www.saopaulo.sp.leg.br\/coronavirus\/dicas\/quarentena-e-aulas-virtuais-os-desafios-da-educacao-a-distancia\/#breadcrumb","itemListElement":[{"@type":"ListItem","position":1,"name":"In\u00edcio","item":"https:\/\/www.saopaulo.sp.leg.br\/coronavirus\/"},{"@type":"ListItem","position":2,"name":"Dicas","item":"https:\/\/www.saopaulo.sp.leg.br\/coronavirus\/?page_id=1064"},{"@type":"ListItem","position":3,"name":"Quarentena e aulas virtuais: os desafios da educa\u00e7\u00e3o \u00e0 dist\u00e2ncia"}]},{"@type":"WebSite","@id":"https:\/\/www.saopaulo.sp.leg.br\/coronavirus\/#website","url":"https:\/\/www.saopaulo.sp.leg.br\/coronavirus\/","name":"Coronav\u00edrus","description":"Informa\u00e7\u00e3o no combate ao COVID-19","potentialAction":[{"@type":"SearchAction","target":{"@type":"EntryPoint","urlTemplate":"https:\/\/www.saopaulo.sp.leg.br\/coronavirus\/?s={search_term_string}"},"query-input":{"@type":"PropertyValueSpecification","valueRequired":true,"valueName":"search_term_string"}}],"inLanguage":"pt-BR"}]}},"_links":{"self":[{"href":"https:\/\/www.saopaulo.sp.leg.br\/coronavirus\/wp-json\/wp\/v2\/pages\/1340","targetHints":{"allow":["GET"]}}],"collection":[{"href":"https:\/\/www.saopaulo.sp.leg.br\/coronavirus\/wp-json\/wp\/v2\/pages"}],"about":[{"href":"https:\/\/www.saopaulo.sp.leg.br\/coronavirus\/wp-json\/wp\/v2\/types\/page"}],"author":[{"embeddable":true,"href":"https:\/\/www.saopaulo.sp.leg.br\/coronavirus\/wp-json\/wp\/v2\/users\/544"}],"replies":[{"embeddable":true,"href":"https:\/\/www.saopaulo.sp.leg.br\/coronavirus\/wp-json\/wp\/v2\/comments?post=1340"}],"version-history":[{"count":0,"href":"https:\/\/www.saopaulo.sp.leg.br\/coronavirus\/wp-json\/wp\/v2\/pages\/1340\/revisions"}],"up":[{"embeddable":true,"href":"https:\/\/www.saopaulo.sp.leg.br\/coronavirus\/wp-json\/wp\/v2\/pages\/1064"}],"wp:attachment":[{"href":"https:\/\/www.saopaulo.sp.leg.br\/coronavirus\/wp-json\/wp\/v2\/media?parent=1340"}],"curies":[{"name":"wp","href":"https:\/\/api.w.org\/{rel}","templated":true}]}}