{"id":1112,"date":"2020-05-04T20:40:18","date_gmt":"2020-05-04T23:40:18","guid":{"rendered":"http:\/\/www.saopaulo.sp.leg.br\/coronavirus\/?page_id=1112"},"modified":"2020-05-11T18:17:28","modified_gmt":"2020-05-11T21:17:28","slug":"especialistas-recomendam-cuidados-ao-fazer-compras-no-supermercado-e-no-manuseio-com-alimentos","status":"publish","type":"page","link":"https:\/\/www.saopaulo.sp.leg.br\/coronavirus\/dicas\/especialistas-recomendam-cuidados-ao-fazer-compras-no-supermercado-e-no-manuseio-com-alimentos\/","title":{"rendered":"Especialistas recomendam cuidados ao fazer compras no supermercado e no manuseio com alimentos"},"content":{"rendered":"<p>Quanto mais tempo voc\u00ea puder ficar dentro de casa, melhor. No mundo inteiro, o isolamento social tem sido a principal forma para evitar a dissemina\u00e7\u00e3o do novo coronav\u00edrus. Nas ruas, apenas os servi\u00e7os considerados essenciais podem funcionar. E o supermercado \u00e9 um deles.<\/p>\n<p>Para quem precisa fazer compras presencialmente, todo cuidado \u00e9 pouco. O uso de m\u00e1scaras de prote\u00e7\u00e3o respirat\u00f3ria individual, higienizar as m\u00e3os frequentemente e manter o distanciamento de pelo menos um metro entre as pessoas s\u00e3o algumas medidas importantes sugeridas pelos especialistas.<\/p>\n<p><strong>IDA AO SUPERMERCADO<\/strong><\/p>\n<p>Na hora das compras, uma das recomenda\u00e7\u00f5es \u00e9 preparar uma lista com os itens necess\u00e1rios antes mesmo de sair de casa. Desta forma, evita-se circular muito tempo entre os corredores. Outra orienta\u00e7\u00e3o, se poss\u00edvel, \u00e9 levar a pr\u00f3pria sacola para n\u00e3o ter contato com o carrinho do supermercado. Caso isso ocorra, \u00e9 importante higienizar a barra de apoio. Tamb\u00e9m \u00e9 fundamental que, ao tocar nos produtos expostos nas g\u00f4ndolas, n\u00e3o coloque as m\u00e3os no rosto at\u00e9 chegar em casa e lav\u00e1-las muito bem.<\/p>\n<p><strong>MANUSEIO DOS ALIMENTOS<\/strong><\/p>\n<p>Como medida de prote\u00e7\u00e3o, antes de comer ou de manusear qualquer alimento, \u00e9 imprescind\u00edvel lavar bem as m\u00e3os. Tamb\u00e9m \u00e9 fundamental manter a cozinha limpa para evitar a presen\u00e7a de microrganismos, inclusive do coronav\u00edrus. A pia, o fog\u00e3o, a geladeira, as lou\u00e7as e outros utens\u00edlios utilizados para armazenar comida devem ser higienizados com \u00e1gua e sab\u00e3o ou \u00e1gua sanit\u00e1ria com frequ\u00eancia. As dicas valem ainda para as paredes, o ch\u00e3o e o teto. Para as frutas e verduras, a recomenda\u00e7\u00e3o \u00e9 lav\u00e1-las com \u00e1gua corrente e deix\u00e1-las em um recipiente com \u00e1gua sanit\u00e1ria por 15 minutos (uma colher de sopa para cada um litro de \u00e1gua).<\/p>\n<p><strong>ENTREGA EM DOMIC\u00cdLIO<\/strong><\/p>\n<p>Para as refei\u00e7\u00f5es prontas &#8211; entregues em domic\u00edlio, retiradas em balc\u00f5es ou em drive-thru \u2013 a orienta\u00e7\u00e3o \u00e9 desinfetar a embalagem com \u00e1gua e sab\u00e3o ou com \u00e1lcool em gel, e n\u00e3o consumir o alimento no pr\u00f3prio recipiente. Os especialistas tamb\u00e9m recomendam que o cliente n\u00e3o tenha contato com o entregador. Para o pagamento do produto, a dica \u00e9 efetu\u00e1-lo remotamente, pelo aplicativo. O objetivo \u00e9 evitar o manuseio do dinheiro ou tocar nas m\u00e1quinas de cart\u00e3o. E n\u00e3o se esque\u00e7a, claro, de lavar bem as m\u00e3os antes de comer.<\/p>\n<p>Fontes: Centro de Pesquisa em Alimentos da USP (Universidade de S\u00e3o Paulo) &#8211; Professores Bernadette Dora Gombossy de Melo Franco, Mariza Landgraf e Uelinton Pinto &#8211; especialistas em microbiologia de alimentos. UFMG (Universidade Federal de Minas Gerais) &#8211; professora e virologista Betania Paiva Drumond. SBI (Sociedade Brasileira de Infectologia) &#8211; consultor e especialista em infectologia Leonardo Weissmann.<\/p>\n","protected":false},"excerpt":{"rendered":"<p>Quanto mais tempo voc\u00ea puder ficar dentro de casa, melhor. No mundo inteiro, o isolamento social tem sido a principal forma para evitar a dissemina\u00e7\u00e3o do novo coronav\u00edrus. Nas ruas, apenas os servi\u00e7os considerados essenciais podem funcionar. E o supermercado \u00e9 um deles. Para quem precisa fazer compras presencialmente, todo cuidado \u00e9 pouco. O uso&#8230;  <a class=\"excerpt-read-more\" href=\"https:\/\/www.saopaulo.sp.leg.br\/coronavirus\/dicas\/especialistas-recomendam-cuidados-ao-fazer-compras-no-supermercado-e-no-manuseio-com-alimentos\/\" title=\"Read Especialistas recomendam cuidados ao fazer compras no supermercado e no manuseio com alimentos\">Ler mais &raquo;<\/a><\/p>\n","protected":false},"author":544,"featured_media":0,"parent":1064,"menu_order":0,"comment_status":"closed","ping_status":"closed","template":"page-simple.php","meta":{"_acf_changed":false,"footnotes":""},"class_list":["post-1112","page","type-page","status-publish","hentry"],"acf":[],"yoast_head":"<!-- This site is optimized with the Yoast SEO plugin v27.3 - https:\/\/yoast.com\/product\/yoast-seo-wordpress\/ -->\n<title>Especialistas recomendam cuidados ao fazer compras no supermercado e no manuseio com alimentos - Coronav\u00edrus<\/title>\n<meta name=\"robots\" content=\"index, follow, max-snippet:-1, max-image-preview:large, max-video-preview:-1\" \/>\n<link rel=\"canonical\" href=\"https:\/\/www.saopaulo.sp.leg.br\/coronavirus\/dicas\/especialistas-recomendam-cuidados-ao-fazer-compras-no-supermercado-e-no-manuseio-com-alimentos\/\" \/>\n<meta property=\"og:locale\" content=\"pt_BR\" \/>\n<meta property=\"og:type\" content=\"article\" \/>\n<meta property=\"og:title\" content=\"Especialistas recomendam cuidados ao fazer compras no supermercado e no manuseio com alimentos - Coronav\u00edrus\" \/>\n<meta property=\"og:description\" content=\"Quanto mais tempo voc\u00ea puder ficar dentro de casa, melhor. No mundo inteiro, o isolamento social tem sido a principal forma para evitar a dissemina\u00e7\u00e3o do novo coronav\u00edrus. Nas ruas, apenas os servi\u00e7os considerados essenciais podem funcionar. E o supermercado \u00e9 um deles. Para quem precisa fazer compras presencialmente, todo cuidado \u00e9 pouco. O uso... Ler mais &raquo;\" \/>\n<meta property=\"og:url\" content=\"https:\/\/www.saopaulo.sp.leg.br\/coronavirus\/dicas\/especialistas-recomendam-cuidados-ao-fazer-compras-no-supermercado-e-no-manuseio-com-alimentos\/\" \/>\n<meta property=\"og:site_name\" content=\"Coronav\u00edrus\" \/>\n<meta property=\"article:modified_time\" content=\"2020-05-11T21:17:28+00:00\" \/>\n<meta name=\"twitter:card\" content=\"summary_large_image\" \/>\n<meta name=\"twitter:label1\" content=\"Est. tempo de leitura\" \/>\n\t<meta name=\"twitter:data1\" content=\"2 minutos\" \/>\n<script type=\"application\/ld+json\" class=\"yoast-schema-graph\">{\"@context\":\"https:\\\/\\\/schema.org\",\"@graph\":[{\"@type\":\"WebPage\",\"@id\":\"https:\\\/\\\/www.saopaulo.sp.leg.br\\\/coronavirus\\\/dicas\\\/especialistas-recomendam-cuidados-ao-fazer-compras-no-supermercado-e-no-manuseio-com-alimentos\\\/\",\"url\":\"https:\\\/\\\/www.saopaulo.sp.leg.br\\\/coronavirus\\\/dicas\\\/especialistas-recomendam-cuidados-ao-fazer-compras-no-supermercado-e-no-manuseio-com-alimentos\\\/\",\"name\":\"Especialistas recomendam cuidados ao fazer compras no supermercado e no manuseio com alimentos - Coronav\u00edrus\",\"isPartOf\":{\"@id\":\"https:\\\/\\\/www.saopaulo.sp.leg.br\\\/coronavirus\\\/#website\"},\"datePublished\":\"2020-05-04T23:40:18+00:00\",\"dateModified\":\"2020-05-11T21:17:28+00:00\",\"breadcrumb\":{\"@id\":\"https:\\\/\\\/www.saopaulo.sp.leg.br\\\/coronavirus\\\/dicas\\\/especialistas-recomendam-cuidados-ao-fazer-compras-no-supermercado-e-no-manuseio-com-alimentos\\\/#breadcrumb\"},\"inLanguage\":\"pt-BR\",\"potentialAction\":[{\"@type\":\"ReadAction\",\"target\":[\"https:\\\/\\\/www.saopaulo.sp.leg.br\\\/coronavirus\\\/dicas\\\/especialistas-recomendam-cuidados-ao-fazer-compras-no-supermercado-e-no-manuseio-com-alimentos\\\/\"]}]},{\"@type\":\"BreadcrumbList\",\"@id\":\"https:\\\/\\\/www.saopaulo.sp.leg.br\\\/coronavirus\\\/dicas\\\/especialistas-recomendam-cuidados-ao-fazer-compras-no-supermercado-e-no-manuseio-com-alimentos\\\/#breadcrumb\",\"itemListElement\":[{\"@type\":\"ListItem\",\"position\":1,\"name\":\"In\u00edcio\",\"item\":\"https:\\\/\\\/www.saopaulo.sp.leg.br\\\/coronavirus\\\/\"},{\"@type\":\"ListItem\",\"position\":2,\"name\":\"Dicas\",\"item\":\"https:\\\/\\\/www.saopaulo.sp.leg.br\\\/coronavirus\\\/?page_id=1064\"},{\"@type\":\"ListItem\",\"position\":3,\"name\":\"Especialistas recomendam cuidados ao fazer compras no supermercado e no manuseio com alimentos\"}]},{\"@type\":\"WebSite\",\"@id\":\"https:\\\/\\\/www.saopaulo.sp.leg.br\\\/coronavirus\\\/#website\",\"url\":\"https:\\\/\\\/www.saopaulo.sp.leg.br\\\/coronavirus\\\/\",\"name\":\"Coronav\u00edrus\",\"description\":\"Informa\u00e7\u00e3o no combate ao COVID-19\",\"potentialAction\":[{\"@type\":\"SearchAction\",\"target\":{\"@type\":\"EntryPoint\",\"urlTemplate\":\"https:\\\/\\\/www.saopaulo.sp.leg.br\\\/coronavirus\\\/?s={search_term_string}\"},\"query-input\":{\"@type\":\"PropertyValueSpecification\",\"valueRequired\":true,\"valueName\":\"search_term_string\"}}],\"inLanguage\":\"pt-BR\"}]}<\/script>\n<!-- \/ Yoast SEO plugin. -->","yoast_head_json":{"title":"Especialistas recomendam cuidados ao fazer compras no supermercado e no manuseio com alimentos - Coronav\u00edrus","robots":{"index":"index","follow":"follow","max-snippet":"max-snippet:-1","max-image-preview":"max-image-preview:large","max-video-preview":"max-video-preview:-1"},"canonical":"https:\/\/www.saopaulo.sp.leg.br\/coronavirus\/dicas\/especialistas-recomendam-cuidados-ao-fazer-compras-no-supermercado-e-no-manuseio-com-alimentos\/","og_locale":"pt_BR","og_type":"article","og_title":"Especialistas recomendam cuidados ao fazer compras no supermercado e no manuseio com alimentos - Coronav\u00edrus","og_description":"Quanto mais tempo voc\u00ea puder ficar dentro de casa, melhor. No mundo inteiro, o isolamento social tem sido a principal forma para evitar a dissemina\u00e7\u00e3o do novo coronav\u00edrus. Nas ruas, apenas os servi\u00e7os considerados essenciais podem funcionar. E o supermercado \u00e9 um deles. Para quem precisa fazer compras presencialmente, todo cuidado \u00e9 pouco. O uso... Ler mais &raquo;","og_url":"https:\/\/www.saopaulo.sp.leg.br\/coronavirus\/dicas\/especialistas-recomendam-cuidados-ao-fazer-compras-no-supermercado-e-no-manuseio-com-alimentos\/","og_site_name":"Coronav\u00edrus","article_modified_time":"2020-05-11T21:17:28+00:00","twitter_card":"summary_large_image","twitter_misc":{"Est. tempo de leitura":"2 minutos"},"schema":{"@context":"https:\/\/schema.org","@graph":[{"@type":"WebPage","@id":"https:\/\/www.saopaulo.sp.leg.br\/coronavirus\/dicas\/especialistas-recomendam-cuidados-ao-fazer-compras-no-supermercado-e-no-manuseio-com-alimentos\/","url":"https:\/\/www.saopaulo.sp.leg.br\/coronavirus\/dicas\/especialistas-recomendam-cuidados-ao-fazer-compras-no-supermercado-e-no-manuseio-com-alimentos\/","name":"Especialistas recomendam cuidados ao fazer compras no supermercado e no manuseio com alimentos - Coronav\u00edrus","isPartOf":{"@id":"https:\/\/www.saopaulo.sp.leg.br\/coronavirus\/#website"},"datePublished":"2020-05-04T23:40:18+00:00","dateModified":"2020-05-11T21:17:28+00:00","breadcrumb":{"@id":"https:\/\/www.saopaulo.sp.leg.br\/coronavirus\/dicas\/especialistas-recomendam-cuidados-ao-fazer-compras-no-supermercado-e-no-manuseio-com-alimentos\/#breadcrumb"},"inLanguage":"pt-BR","potentialAction":[{"@type":"ReadAction","target":["https:\/\/www.saopaulo.sp.leg.br\/coronavirus\/dicas\/especialistas-recomendam-cuidados-ao-fazer-compras-no-supermercado-e-no-manuseio-com-alimentos\/"]}]},{"@type":"BreadcrumbList","@id":"https:\/\/www.saopaulo.sp.leg.br\/coronavirus\/dicas\/especialistas-recomendam-cuidados-ao-fazer-compras-no-supermercado-e-no-manuseio-com-alimentos\/#breadcrumb","itemListElement":[{"@type":"ListItem","position":1,"name":"In\u00edcio","item":"https:\/\/www.saopaulo.sp.leg.br\/coronavirus\/"},{"@type":"ListItem","position":2,"name":"Dicas","item":"https:\/\/www.saopaulo.sp.leg.br\/coronavirus\/?page_id=1064"},{"@type":"ListItem","position":3,"name":"Especialistas recomendam cuidados ao fazer compras no supermercado e no manuseio com alimentos"}]},{"@type":"WebSite","@id":"https:\/\/www.saopaulo.sp.leg.br\/coronavirus\/#website","url":"https:\/\/www.saopaulo.sp.leg.br\/coronavirus\/","name":"Coronav\u00edrus","description":"Informa\u00e7\u00e3o no combate ao COVID-19","potentialAction":[{"@type":"SearchAction","target":{"@type":"EntryPoint","urlTemplate":"https:\/\/www.saopaulo.sp.leg.br\/coronavirus\/?s={search_term_string}"},"query-input":{"@type":"PropertyValueSpecification","valueRequired":true,"valueName":"search_term_string"}}],"inLanguage":"pt-BR"}]}},"_links":{"self":[{"href":"https:\/\/www.saopaulo.sp.leg.br\/coronavirus\/wp-json\/wp\/v2\/pages\/1112","targetHints":{"allow":["GET"]}}],"collection":[{"href":"https:\/\/www.saopaulo.sp.leg.br\/coronavirus\/wp-json\/wp\/v2\/pages"}],"about":[{"href":"https:\/\/www.saopaulo.sp.leg.br\/coronavirus\/wp-json\/wp\/v2\/types\/page"}],"author":[{"embeddable":true,"href":"https:\/\/www.saopaulo.sp.leg.br\/coronavirus\/wp-json\/wp\/v2\/users\/544"}],"replies":[{"embeddable":true,"href":"https:\/\/www.saopaulo.sp.leg.br\/coronavirus\/wp-json\/wp\/v2\/comments?post=1112"}],"version-history":[{"count":0,"href":"https:\/\/www.saopaulo.sp.leg.br\/coronavirus\/wp-json\/wp\/v2\/pages\/1112\/revisions"}],"up":[{"embeddable":true,"href":"https:\/\/www.saopaulo.sp.leg.br\/coronavirus\/wp-json\/wp\/v2\/pages\/1064"}],"wp:attachment":[{"href":"https:\/\/www.saopaulo.sp.leg.br\/coronavirus\/wp-json\/wp\/v2\/media?parent=1112"}],"curies":[{"name":"wp","href":"https:\/\/api.w.org\/{rel}","templated":true}]}}