{"id":1109,"date":"2020-05-04T20:38:18","date_gmt":"2020-05-04T23:38:18","guid":{"rendered":"http:\/\/www.saopaulo.sp.leg.br\/coronavirus\/?page_id=1109"},"modified":"2020-05-11T18:17:11","modified_gmt":"2020-05-11T21:17:11","slug":"quais-os-principais-cuidados-com-a-higiene-da-casa","status":"publish","type":"page","link":"https:\/\/www.saopaulo.sp.leg.br\/coronavirus\/dicas\/quais-os-principais-cuidados-com-a-higiene-da-casa\/","title":{"rendered":"Quais os principais cuidados com a higiene da casa"},"content":{"rendered":"<p>N\u00e3o basta apenas ficar dentro de casa o m\u00e1ximo poss\u00edvel para evitar o cont\u00e1gio. A OMS refor\u00e7a a import\u00e2ncia da ado\u00e7\u00e3o de medidas b\u00e1sicas de higiene. Por exemplo, lavar bem as m\u00e3os (dedos, unhas, punho, palma e dorso) com \u00e1gua e sab\u00e3o e, de prefer\u00eancia, utilizar toalhas de papel para sec\u00e1-las. Al\u00e9m do sab\u00e3o, outro produto indicado para higienizar as m\u00e3os \u00e9 o \u00e1lcool gel.<\/p>\n<p>O uso do len\u00e7o descart\u00e1vel para higiene nasal \u00e9 outra medida de preven\u00e7\u00e3o importante, mesmo no isolamento. Deve-se cobrir o nariz e a boca com um len\u00e7o de papel quando espirrar ou tossir e jog\u00e1-lo no lixo. Tamb\u00e9m \u00e9 necess\u00e1rio evitar tocar olhos, nariz e boca sem que as m\u00e3os estejam limpas.<\/p>\n<p>Al\u00e9m disso, a recomenda\u00e7\u00e3o do Minist\u00e9rio da Sa\u00fade \u00e9 de que as m\u00e1scaras faciais descart\u00e1veis devam ser utilizadas somente por profissionais da sa\u00fade, cuidadores de idosos, m\u00e3es que est\u00e3o amamentando e pessoas diagnosticadas com o coronav\u00edrus.<\/p>\n<p><strong>CUIDADOS COM A CASA<\/strong><\/p>\n<p>A primeira recomenda\u00e7\u00e3o para manter a higiene dom\u00e9stica \u00e9 tirar o sapato ao chegar em casa, caso a pessoa precise sair. A pr\u00e1tica \u00e9 recomend\u00e1vel, pois o v\u00edrus consegue sobreviver por um per\u00edodo de tempo no solo e pode ser carregado para dentro de casa, na sola do cal\u00e7ado usado.<\/p>\n<p>\u00c9 aconselhado fazer o mesmo com as roupas usadas no deslocamento exterior e, se poss\u00edvel, lav\u00e1-las ap\u00f3s o uso. Em caso de impossibilidade, \u00e9 recomendado guardar a roupa em um saco pl\u00e1stico, at\u00e9 que ela seja higienizada.<\/p>\n<p>Para a limpeza geral da resid\u00eancia, a recomenda\u00e7\u00e3o do Minist\u00e9rio da Sa\u00fade \u00e9 que sejam utilizados os produtos usuais de faxina dom\u00e9stica, dando prefer\u00eancia para o uso da \u00e1gua sanit\u00e1ria para desinfetar superf\u00edcies. O \u00e1lcool gel tamb\u00e9m pode ser usado como alternativa para a limpeza de objetos como telefones, controles remotos, teclados, cadeiras, ma\u00e7anetas, etc.<\/p>\n<p>A higieniza\u00e7\u00e3o das lou\u00e7as e roupas deve ser feita utilizando detergentes pr\u00f3prios para cada um dos casos. Ainda \u00e9 recomendada a troca e a lavagem regular de roupas de cama e banho.<\/p>\n<p><strong>CUIDADOS ESPECIAIS COM PESSOAS ISOLADAS<\/strong><\/p>\n<p>O Minist\u00e9rio da Sa\u00fade alerta para a aten\u00e7\u00e3o extra \u00e0 higiene e limpeza da casa nos casos em que houver um doente isolado que mora com outras pessoas, principalmente se algum residente for idoso ou integrante do chamado grupo de risco &#8211; pessoas mais suscet\u00edveis a desenvolverem a forma mais aguda e grave do coronav\u00edrus.<\/p>\n<p>O ideal \u00e9 que a pessoa infectada fique sozinha em um c\u00f4modo, de prefer\u00eancia em um quarto com banheiro. Nesse ambiente, ela pode ficar sem m\u00e1scara, mas deve higienizar com \u00e1lcool 70% todos os objetos de que fizer uso frequente.<\/p>\n<p>Se precisar sair do quarto, \u00e9 essencial que o infectado use m\u00e1scara e que os objetos tocados por ele sejam imediatamente higienizados, para evitar uma poss\u00edvel transmiss\u00e3o.<\/p>\n<p>Caso o banheiro seja de uso comum, a recomenda\u00e7\u00e3o \u00e9 de que a pessoa sob isolamento seja a \u00faltima a us\u00e1-lo e que, sempre ap\u00f3s o uso, higienize-o com \u00e1lcool 70% ou em todos os locais tocados.<\/p>\n<p>O ideal tamb\u00e9m \u00e9 que a pessoa infectada fa\u00e7a a limpeza do quarto em que esteja isolada, trocando a pr\u00f3pria roupa de cama, que deve ser colocada em saco pl\u00e1stico para ser lavada em separado. A mesma recomenda\u00e7\u00e3o \u00e9 v\u00e1lida para as roupas usadas.<\/p>\n<p>Em rela\u00e7\u00e3o \u00e0 alimenta\u00e7\u00e3o, o fornecimento deve ser feito de forma a evitar o contato com a pessoa isolada. Caso n\u00e3o seja poss\u00edvel, o infectado deve usar a m\u00e1scara descart\u00e1vel e respeitar a dist\u00e2ncia de 1,5 metros de dist\u00e2ncia. Lembrando que o doente n\u00e3o pode dividir talheres, copos ou pratos com outras pessoas.<\/p>\n<p>Fonte: Minist\u00e9rio da Sa\u00fade<\/p>\n","protected":false},"excerpt":{"rendered":"<p>N\u00e3o basta apenas ficar dentro de casa o m\u00e1ximo poss\u00edvel para evitar o cont\u00e1gio. A OMS refor\u00e7a a import\u00e2ncia da ado\u00e7\u00e3o de medidas b\u00e1sicas de higiene. Por exemplo, lavar bem as m\u00e3os (dedos, unhas, punho, palma e dorso) com \u00e1gua e sab\u00e3o e, de prefer\u00eancia, utilizar toalhas de papel para sec\u00e1-las. Al\u00e9m do sab\u00e3o, outro&#8230;  <a class=\"excerpt-read-more\" href=\"https:\/\/www.saopaulo.sp.leg.br\/coronavirus\/dicas\/quais-os-principais-cuidados-com-a-higiene-da-casa\/\" title=\"Read Quais os principais cuidados com a higiene da casa\">Ler mais &raquo;<\/a><\/p>\n","protected":false},"author":544,"featured_media":0,"parent":1064,"menu_order":0,"comment_status":"closed","ping_status":"closed","template":"page-simple.php","meta":{"_acf_changed":false,"footnotes":""},"class_list":["post-1109","page","type-page","status-publish","hentry"],"acf":[],"yoast_head":"<!-- This site is optimized with the Yoast SEO plugin v27.6 - https:\/\/yoast.com\/product\/yoast-seo-wordpress\/ -->\n<title>Quais os principais cuidados com a higiene da casa - Coronav\u00edrus<\/title>\n<meta name=\"robots\" content=\"index, follow, max-snippet:-1, max-image-preview:large, max-video-preview:-1\" \/>\n<link rel=\"canonical\" href=\"https:\/\/www.saopaulo.sp.leg.br\/coronavirus\/dicas\/quais-os-principais-cuidados-com-a-higiene-da-casa\/\" \/>\n<meta property=\"og:locale\" content=\"pt_BR\" \/>\n<meta property=\"og:type\" content=\"article\" \/>\n<meta property=\"og:title\" content=\"Quais os principais cuidados com a higiene da casa - Coronav\u00edrus\" \/>\n<meta property=\"og:description\" content=\"N\u00e3o basta apenas ficar dentro de casa o m\u00e1ximo poss\u00edvel para evitar o cont\u00e1gio. A OMS refor\u00e7a a import\u00e2ncia da ado\u00e7\u00e3o de medidas b\u00e1sicas de higiene. Por exemplo, lavar bem as m\u00e3os (dedos, unhas, punho, palma e dorso) com \u00e1gua e sab\u00e3o e, de prefer\u00eancia, utilizar toalhas de papel para sec\u00e1-las. Al\u00e9m do sab\u00e3o, outro... Ler mais &raquo;\" \/>\n<meta property=\"og:url\" content=\"https:\/\/www.saopaulo.sp.leg.br\/coronavirus\/dicas\/quais-os-principais-cuidados-com-a-higiene-da-casa\/\" \/>\n<meta property=\"og:site_name\" content=\"Coronav\u00edrus\" \/>\n<meta property=\"article:modified_time\" content=\"2020-05-11T21:17:11+00:00\" \/>\n<meta name=\"twitter:card\" content=\"summary_large_image\" \/>\n<meta name=\"twitter:label1\" content=\"Est. tempo de leitura\" \/>\n\t<meta name=\"twitter:data1\" content=\"3 minutos\" \/>\n<script type=\"application\/ld+json\" class=\"yoast-schema-graph\">{\"@context\":\"https:\\\/\\\/schema.org\",\"@graph\":[{\"@type\":\"WebPage\",\"@id\":\"https:\\\/\\\/www.saopaulo.sp.leg.br\\\/coronavirus\\\/dicas\\\/quais-os-principais-cuidados-com-a-higiene-da-casa\\\/\",\"url\":\"https:\\\/\\\/www.saopaulo.sp.leg.br\\\/coronavirus\\\/dicas\\\/quais-os-principais-cuidados-com-a-higiene-da-casa\\\/\",\"name\":\"Quais os principais cuidados com a higiene da casa - Coronav\u00edrus\",\"isPartOf\":{\"@id\":\"https:\\\/\\\/www.saopaulo.sp.leg.br\\\/coronavirus\\\/#website\"},\"datePublished\":\"2020-05-04T23:38:18+00:00\",\"dateModified\":\"2020-05-11T21:17:11+00:00\",\"breadcrumb\":{\"@id\":\"https:\\\/\\\/www.saopaulo.sp.leg.br\\\/coronavirus\\\/dicas\\\/quais-os-principais-cuidados-com-a-higiene-da-casa\\\/#breadcrumb\"},\"inLanguage\":\"pt-BR\",\"potentialAction\":[{\"@type\":\"ReadAction\",\"target\":[\"https:\\\/\\\/www.saopaulo.sp.leg.br\\\/coronavirus\\\/dicas\\\/quais-os-principais-cuidados-com-a-higiene-da-casa\\\/\"]}]},{\"@type\":\"BreadcrumbList\",\"@id\":\"https:\\\/\\\/www.saopaulo.sp.leg.br\\\/coronavirus\\\/dicas\\\/quais-os-principais-cuidados-com-a-higiene-da-casa\\\/#breadcrumb\",\"itemListElement\":[{\"@type\":\"ListItem\",\"position\":1,\"name\":\"In\u00edcio\",\"item\":\"https:\\\/\\\/www.saopaulo.sp.leg.br\\\/coronavirus\\\/\"},{\"@type\":\"ListItem\",\"position\":2,\"name\":\"Dicas\",\"item\":\"https:\\\/\\\/www.saopaulo.sp.leg.br\\\/coronavirus\\\/?page_id=1064\"},{\"@type\":\"ListItem\",\"position\":3,\"name\":\"Quais os principais cuidados com a higiene da casa\"}]},{\"@type\":\"WebSite\",\"@id\":\"https:\\\/\\\/www.saopaulo.sp.leg.br\\\/coronavirus\\\/#website\",\"url\":\"https:\\\/\\\/www.saopaulo.sp.leg.br\\\/coronavirus\\\/\",\"name\":\"Coronav\u00edrus\",\"description\":\"Informa\u00e7\u00e3o no combate ao COVID-19\",\"potentialAction\":[{\"@type\":\"SearchAction\",\"target\":{\"@type\":\"EntryPoint\",\"urlTemplate\":\"https:\\\/\\\/www.saopaulo.sp.leg.br\\\/coronavirus\\\/?s={search_term_string}\"},\"query-input\":{\"@type\":\"PropertyValueSpecification\",\"valueRequired\":true,\"valueName\":\"search_term_string\"}}],\"inLanguage\":\"pt-BR\"}]}<\/script>\n<!-- \/ Yoast SEO plugin. -->","yoast_head_json":{"title":"Quais os principais cuidados com a higiene da casa - Coronav\u00edrus","robots":{"index":"index","follow":"follow","max-snippet":"max-snippet:-1","max-image-preview":"max-image-preview:large","max-video-preview":"max-video-preview:-1"},"canonical":"https:\/\/www.saopaulo.sp.leg.br\/coronavirus\/dicas\/quais-os-principais-cuidados-com-a-higiene-da-casa\/","og_locale":"pt_BR","og_type":"article","og_title":"Quais os principais cuidados com a higiene da casa - Coronav\u00edrus","og_description":"N\u00e3o basta apenas ficar dentro de casa o m\u00e1ximo poss\u00edvel para evitar o cont\u00e1gio. A OMS refor\u00e7a a import\u00e2ncia da ado\u00e7\u00e3o de medidas b\u00e1sicas de higiene. Por exemplo, lavar bem as m\u00e3os (dedos, unhas, punho, palma e dorso) com \u00e1gua e sab\u00e3o e, de prefer\u00eancia, utilizar toalhas de papel para sec\u00e1-las. Al\u00e9m do sab\u00e3o, outro... Ler mais &raquo;","og_url":"https:\/\/www.saopaulo.sp.leg.br\/coronavirus\/dicas\/quais-os-principais-cuidados-com-a-higiene-da-casa\/","og_site_name":"Coronav\u00edrus","article_modified_time":"2020-05-11T21:17:11+00:00","twitter_card":"summary_large_image","twitter_misc":{"Est. tempo de leitura":"3 minutos"},"schema":{"@context":"https:\/\/schema.org","@graph":[{"@type":"WebPage","@id":"https:\/\/www.saopaulo.sp.leg.br\/coronavirus\/dicas\/quais-os-principais-cuidados-com-a-higiene-da-casa\/","url":"https:\/\/www.saopaulo.sp.leg.br\/coronavirus\/dicas\/quais-os-principais-cuidados-com-a-higiene-da-casa\/","name":"Quais os principais cuidados com a higiene da casa - Coronav\u00edrus","isPartOf":{"@id":"https:\/\/www.saopaulo.sp.leg.br\/coronavirus\/#website"},"datePublished":"2020-05-04T23:38:18+00:00","dateModified":"2020-05-11T21:17:11+00:00","breadcrumb":{"@id":"https:\/\/www.saopaulo.sp.leg.br\/coronavirus\/dicas\/quais-os-principais-cuidados-com-a-higiene-da-casa\/#breadcrumb"},"inLanguage":"pt-BR","potentialAction":[{"@type":"ReadAction","target":["https:\/\/www.saopaulo.sp.leg.br\/coronavirus\/dicas\/quais-os-principais-cuidados-com-a-higiene-da-casa\/"]}]},{"@type":"BreadcrumbList","@id":"https:\/\/www.saopaulo.sp.leg.br\/coronavirus\/dicas\/quais-os-principais-cuidados-com-a-higiene-da-casa\/#breadcrumb","itemListElement":[{"@type":"ListItem","position":1,"name":"In\u00edcio","item":"https:\/\/www.saopaulo.sp.leg.br\/coronavirus\/"},{"@type":"ListItem","position":2,"name":"Dicas","item":"https:\/\/www.saopaulo.sp.leg.br\/coronavirus\/?page_id=1064"},{"@type":"ListItem","position":3,"name":"Quais os principais cuidados com a higiene da casa"}]},{"@type":"WebSite","@id":"https:\/\/www.saopaulo.sp.leg.br\/coronavirus\/#website","url":"https:\/\/www.saopaulo.sp.leg.br\/coronavirus\/","name":"Coronav\u00edrus","description":"Informa\u00e7\u00e3o no combate ao COVID-19","potentialAction":[{"@type":"SearchAction","target":{"@type":"EntryPoint","urlTemplate":"https:\/\/www.saopaulo.sp.leg.br\/coronavirus\/?s={search_term_string}"},"query-input":{"@type":"PropertyValueSpecification","valueRequired":true,"valueName":"search_term_string"}}],"inLanguage":"pt-BR"}]}},"_links":{"self":[{"href":"https:\/\/www.saopaulo.sp.leg.br\/coronavirus\/wp-json\/wp\/v2\/pages\/1109","targetHints":{"allow":["GET"]}}],"collection":[{"href":"https:\/\/www.saopaulo.sp.leg.br\/coronavirus\/wp-json\/wp\/v2\/pages"}],"about":[{"href":"https:\/\/www.saopaulo.sp.leg.br\/coronavirus\/wp-json\/wp\/v2\/types\/page"}],"author":[{"embeddable":true,"href":"https:\/\/www.saopaulo.sp.leg.br\/coronavirus\/wp-json\/wp\/v2\/users\/544"}],"replies":[{"embeddable":true,"href":"https:\/\/www.saopaulo.sp.leg.br\/coronavirus\/wp-json\/wp\/v2\/comments?post=1109"}],"version-history":[{"count":0,"href":"https:\/\/www.saopaulo.sp.leg.br\/coronavirus\/wp-json\/wp\/v2\/pages\/1109\/revisions"}],"up":[{"embeddable":true,"href":"https:\/\/www.saopaulo.sp.leg.br\/coronavirus\/wp-json\/wp\/v2\/pages\/1064"}],"wp:attachment":[{"href":"https:\/\/www.saopaulo.sp.leg.br\/coronavirus\/wp-json\/wp\/v2\/media?parent=1109"}],"curies":[{"name":"wp","href":"https:\/\/api.w.org\/{rel}","templated":true}]}}