{"id":187,"date":"2015-03-06T17:39:27","date_gmt":"2015-03-06T20:39:27","guid":{"rendered":"http:\/\/www.saopaulo.sp.leg.br\/camaranoseubairro\/?page_id=187"},"modified":"2015-03-06T17:39:27","modified_gmt":"2015-03-06T20:39:27","slug":"guaianases","status":"publish","type":"page","link":"https:\/\/www.saopaulo.sp.leg.br\/camaranoseubairro\/sessoes-publicas\/guaianases\/","title":{"rendered":"Guaianazes"},"content":{"rendered":"<ul>\n<li>Dados da Regi\u00e3o<\/li>\n<li>V\u00eddeos<\/li>\n<li>Mat\u00e9rias<\/li>\n<li>\u00c1lbum de Fotos<\/li>\n<li>\u00c1udios<\/li>\n<\/ul>\n","protected":false},"excerpt":{"rendered":"<p>Dados da Regi\u00e3o V\u00eddeos Mat\u00e9rias \u00c1lbum de Fotos \u00c1udios<\/p>\n","protected":false},"author":59,"featured_media":0,"parent":20,"menu_order":38,"comment_status":"open","ping_status":"open","template":"","meta":{"_acf_changed":false,"ngg_post_thumbnail":0,"footnotes":""},"class_list":["post-187","page","type-page","status-publish","hentry"],"acf":[],"_links":{"self":[{"href":"https:\/\/www.saopaulo.sp.leg.br\/camaranoseubairro\/wp-json\/wp\/v2\/pages\/187","targetHints":{"allow":["GET"]}}],"collection":[{"href":"https:\/\/www.saopaulo.sp.leg.br\/camaranoseubairro\/wp-json\/wp\/v2\/pages"}],"about":[{"href":"https:\/\/www.saopaulo.sp.leg.br\/camaranoseubairro\/wp-json\/wp\/v2\/types\/page"}],"author":[{"embeddable":true,"href":"https:\/\/www.saopaulo.sp.leg.br\/camaranoseubairro\/wp-json\/wp\/v2\/users\/59"}],"replies":[{"embeddable":true,"href":"https:\/\/www.saopaulo.sp.leg.br\/camaranoseubairro\/wp-json\/wp\/v2\/comments?post=187"}],"version-history":[{"count":0,"href":"https:\/\/www.saopaulo.sp.leg.br\/camaranoseubairro\/wp-json\/wp\/v2\/pages\/187\/revisions"}],"up":[{"embeddable":true,"href":"https:\/\/www.saopaulo.sp.leg.br\/camaranoseubairro\/wp-json\/wp\/v2\/pages\/20"}],"wp:attachment":[{"href":"https:\/\/www.saopaulo.sp.leg.br\/camaranoseubairro\/wp-json\/wp\/v2\/media?parent=187"}],"curies":[{"name":"wp","href":"https:\/\/api.w.org\/{rel}","templated":true}]}}