

{"id":908,"date":"2021-02-12T17:11:11","date_gmt":"2021-02-12T20:11:11","guid":{"rendered":"https:\/\/www.saopaulo.sp.leg.br\/camaraexplica\/?page_id=908"},"modified":"2024-07-15T13:05:20","modified_gmt":"2024-07-15T16:05:20","slug":"escola-do-parlamento","status":"publish","type":"page","link":"https:\/\/www.saopaulo.sp.leg.br\/camaraexplica\/camara-360\/escola-do-parlamento\/","title":{"rendered":"Escola do Parlamento"},"content":{"rendered":"<div class=\"description\">\n<p class=\"text-description\">A Escola do Parlamento da C\u00e2mara Municipal de S\u00e3o Paulo existe para aproximar o poder parlamentar da sociedade, com a forma\u00e7\u00e3o e a capacita\u00e7\u00e3o de agentes p\u00fablicos e mun\u00edcipes.<\/p>\n<p class=\"text-description\">A Escola do Parlamento, por meio de suas atividades de ensino, pesquisa e extens\u00e3o, promove a difus\u00e3o de conhecimentos socioecon\u00f4micos, pol\u00edticos, ambientais, educacionais e culturais da cidade de S\u00e3o Paulo.<\/p>\n<p class=\"text-description\">Criada em 2011 para promover a educa\u00e7\u00e3o para a cidadania, a Escola do Parlamento obedece ao Regimento Interno e a leis espec\u00edficas.<\/p>\n<p class=\"text-description\">Qualquer cidad\u00e3o pode se inscrever para os cursos, palestras, debates e outras atividades da Escola do Parlamento. A programa\u00e7\u00e3o \u00e9 aberta e gratuita. A \u00fanica exce\u00e7\u00e3o, no entanto, \u00e9 o curso de p\u00f3s-gradua\u00e7\u00e3o, que exige que o candidato \u00e0 vaga tenha conclu\u00eddo um curso superior.<\/p>\n<p class=\"text-description\">Al\u00e9m de formar e capacitar agentes p\u00fablicos e mun\u00edcipes, a Escola do Parlamento incentiva a pesquisa acad\u00eamica em coopera\u00e7\u00e3o com outras institui\u00e7\u00f5es de ensino, tudo com o apoio da Secretaria Municipal de Educa\u00e7\u00e3o.<\/p>\n<p class=\"text-description\">A revista \u201cParlamento e Sociedade\u201d \u00e9 uma publica\u00e7\u00e3o semestral da Escola do Parlamento da C\u00e2mara Municipal de S\u00e3o Paulo.<\/p>\n<p class=\"text-description\">A Escola do Parlamento tamb\u00e9m edita uma colet\u00e2nea de livros intitulada \u201cHist\u00f3ria das legislaturas contempor\u00e2neas\u201d, al\u00e9m de outras publica\u00e7\u00f5es em diversos formatos.<\/p>\n<p class=\"text-description\">Em seu <a href=\"https:\/\/www.saopaulo.sp.leg.br\/escoladoparlamento\/\" target=\"_blank\" rel=\"noopener\">site oficial<\/a>, a Escola do Parlamento traz informa\u00e7\u00f5es detalhadas e atualizadas a respeito dos cursos que s\u00e3o oferecidos. A Escola tamb\u00e9m promove palestras, debates e outros eventos, alguns deles na modalidade \u00e0 dist\u00e2ncia ou on-line.<\/p>\n<p class=\"text-description\">A Escola do Parlamento da C\u00e2mara Municipal de S\u00e3o Paulo fica no 13\u00ba andar do Pal\u00e1cio Anchieta. Para saber sobre os cursos e eventos oferecidos pela escola acesse <a href=\"http:\/\/www.saopaulo.sp.leg.br\/escoladoparlamento\" target=\"_blank\" rel=\"noopener\">www.saopaulo.sp.leg.br\/escoladoparlamento<\/a>, ligue para o telefone 3396-4960 ou envie um e-mail para <a href=\"mailto:escoladoparlamento@saopaulo.sp.leg.br\" target=\"_blank\" rel=\"noopener\">escoladoparlamento@saopaulo.sp.leg.br<\/a>.<\/p>\n<\/div>\n","protected":false},"excerpt":{"rendered":"<p>A Escola do Parlamento da C\u00e2mara Municipal de S\u00e3o Paulo existe para aproximar o poder parlamentar da sociedade, com a forma\u00e7\u00e3o e a capacita\u00e7\u00e3o de agentes p\u00fablicos e mun\u00edcipes. A Escola do Parlamento, por meio de suas atividades de ensino, pesquisa e extens\u00e3o, promove a difus\u00e3o de conhecimentos socioecon\u00f4micos, pol\u00edticos, ambientais, educacionais e culturais da&#8230;  <a class=\"excerpt-read-more\" href=\"https:\/\/www.saopaulo.sp.leg.br\/camaraexplica\/camara-360\/escola-do-parlamento\/\" title=\"Leia Escola do Parlamento\">Leia Mais &raquo;<\/a><\/p>\n","protected":false},"author":733,"featured_media":0,"parent":117,"menu_order":0,"comment_status":"closed","ping_status":"closed","template":"page-camara360.php","meta":{"_acf_changed":false,"footnotes":""},"class_list":["post-908","page","type-page","status-publish","hentry"],"acf":[],"_links":{"self":[{"href":"https:\/\/www.saopaulo.sp.leg.br\/camaraexplica\/wp-json\/wp\/v2\/pages\/908","targetHints":{"allow":["GET"]}}],"collection":[{"href":"https:\/\/www.saopaulo.sp.leg.br\/camaraexplica\/wp-json\/wp\/v2\/pages"}],"about":[{"href":"https:\/\/www.saopaulo.sp.leg.br\/camaraexplica\/wp-json\/wp\/v2\/types\/page"}],"author":[{"embeddable":true,"href":"https:\/\/www.saopaulo.sp.leg.br\/camaraexplica\/wp-json\/wp\/v2\/users\/733"}],"replies":[{"embeddable":true,"href":"https:\/\/www.saopaulo.sp.leg.br\/camaraexplica\/wp-json\/wp\/v2\/comments?post=908"}],"version-history":[{"count":0,"href":"https:\/\/www.saopaulo.sp.leg.br\/camaraexplica\/wp-json\/wp\/v2\/pages\/908\/revisions"}],"up":[{"embeddable":true,"href":"https:\/\/www.saopaulo.sp.leg.br\/camaraexplica\/wp-json\/wp\/v2\/pages\/117"}],"wp:attachment":[{"href":"https:\/\/www.saopaulo.sp.leg.br\/camaraexplica\/wp-json\/wp\/v2\/media?parent=908"}],"curies":[{"name":"wp","href":"https:\/\/api.w.org\/{rel}","templated":true}]}}