

{"id":70,"date":"2020-11-23T15:20:38","date_gmt":"2020-11-23T18:20:38","guid":{"rendered":"http:\/\/www.saopaulo.sp.leg.br\/camaraexplica\/?page_id=70"},"modified":"2022-10-31T15:49:29","modified_gmt":"2022-10-31T18:49:29","slug":"auditorios-online","status":"publish","type":"page","link":"https:\/\/www.saopaulo.sp.leg.br\/camaraexplica\/conheca-o-legislativo\/auditorios-online\/","title":{"rendered":"Audit\u00f3rios Online"},"content":{"rendered":"<div class=\"description\">\n<p class=\"text-description\">Para garantir o processo de transpar\u00eancia junto ao cidad\u00e3o, a C\u00e2mara Municipal de S\u00e3o Paulo disponibiliza em seu Portal as transmiss\u00f5es ao vivo pela p\u00e1gina <a href=\"https:\/\/www.saopaulo.sp.leg.br\/transparencia\/auditorios-online\/\" target=\"_blank\" rel=\"noopener\">Audit\u00f3rios Online<\/a>. L\u00e1, \u00e9 poss\u00edvel acompanhar de forma remota as reuni\u00f5es de Comiss\u00f5es, Audi\u00eancias P\u00fablicas, Sess\u00f5es Plen\u00e1rias, Sess\u00f5es Solenes e cursos da Escola do Parlamento, al\u00e9m de outros eventos que s\u00e3o realizados na C\u00e2mara Municipal.<\/p>\n<p class=\"text-description\">Para saber a programa\u00e7\u00e3o do dia, basta consultar a <a href=\"https:\/\/www.saopaulo.sp.leg.br\/atividade-legislativa\/agenda-da-camara\/\" target=\"_blank\" rel=\"noopener\">Agenda da C\u00e2mara<\/a> e verificar em qual sala ser\u00e1 feita a transmiss\u00e3o.<\/p>\n<p class=\"text-description\">Para as reuni\u00f5es totalmente on-line e para os eventos externos, promovidos pelo Legislativo paulistano, est\u00e3o dispon\u00edveis o <a href=\"https:\/\/www.saopaulo.sp.leg.br\/transparencia\/auditorios-online\/auditorio-virtual\/\" target=\"_blank\" rel=\"noopener\">Audit\u00f3rio Virtual 1<\/a>, <a href=\"https:\/\/www.saopaulo.sp.leg.br\/transparencia\/auditorios-online\/auditorio-virtual-2\/\" target=\"_blank\" rel=\"noopener\">Audit\u00f3rio Virtual 2<\/a> e <a href=\"https:\/\/www.saopaulo.sp.leg.br\/transparencia\/auditorios-online\/auditorio-virtual-3\/\" target=\"_blank\" rel=\"noopener\">Audit\u00f3rio Virtual 3<\/a>.<\/p>\n<p class=\"text-description\">O Portal da C\u00e2mara ainda oferece o acesso virtual a todas as atividades que acontecem nas salas do Pal\u00e1cio Anchieta. Clique abaixo e confira cada uma delas:<a href=\"https:\/\/www.saopaulo.sp.leg.br\/transparencia\/auditorios-online\/auditorio-prestes-maia\/\" target=\"_blank\" rel=\"noopener\"> Audit\u00f3rio Prestes Maia<\/a>, <a href=\"https:\/\/www.saopaulo.sp.leg.br\/transparencia\/auditorios-online\/plenario-1o-de-maio\/\" target=\"_blank\" rel=\"noopener\"> Plen\u00e1rio 1\u00ba de Maio<\/a>, <a href=\"https:\/\/www.saopaulo.sp.leg.br\/transparencia\/auditorios-online\/plenario-1o-de-maio\/\" target=\"_blank\" rel=\"noopener\"> Sal\u00e3o Nobre Presidente Jo\u00e3o Brasil Vita<\/a>, <a href=\"https:\/\/www.saopaulo.sp.leg.br\/transparencia\/auditorios-online\/sala-tiradentes\/\" target=\"_blank\" rel=\"noopener\"> Sala Tiradentes<\/a>, <a href=\"https:\/\/www.saopaulo.sp.leg.br\/transparencia\/auditorios-online\/sala-sergio-vieira-de-mello-sala\/\" target=\"_blank\" rel=\"noopener\"> Sala S\u00e9rgio Vieira de Melo<\/a>, <a href=\"https:\/\/www.saopaulo.sp.leg.br\/transparencia\/auditorios-online\/sala-oscar-pedroso-horta-sala-b\/\" target=\"_blank\" rel=\"noopener\"> Sala Oscar Pedroso Horta<\/a>.<\/p>\n<p class=\"text-description\">Importante lembrar que todo o conte\u00fado transmitido pelas salas virtuais fica gravado e pode ser conferido na <a href=\"https:\/\/www.saopaulo.sp.leg.br\/comunicacao\/multimidia\/galeria-de-videos\/\" target=\"_blank\" rel=\"noopener\">Galeria de V\u00eddeos<\/a> do Portal.<\/p>\n<\/div>\n","protected":false},"excerpt":{"rendered":"<p>Para garantir o processo de transpar\u00eancia junto ao cidad\u00e3o, a C\u00e2mara Municipal de S\u00e3o Paulo disponibiliza em seu Portal as transmiss\u00f5es ao vivo pela p\u00e1gina Audit\u00f3rios Online. L\u00e1, \u00e9 poss\u00edvel acompanhar de forma remota as reuni\u00f5es de Comiss\u00f5es, Audi\u00eancias P\u00fablicas, Sess\u00f5es Plen\u00e1rias, Sess\u00f5es Solenes e cursos da Escola do Parlamento, al\u00e9m de outros eventos que&#8230;  <a class=\"excerpt-read-more\" href=\"https:\/\/www.saopaulo.sp.leg.br\/camaraexplica\/conheca-o-legislativo\/auditorios-online\/\" title=\"Leia Audit\u00f3rios Online\">Leia Mais &raquo;<\/a><\/p>\n","protected":false},"author":733,"featured_media":0,"parent":24,"menu_order":0,"comment_status":"closed","ping_status":"closed","template":"page-legislativo.php","meta":{"_acf_changed":false,"footnotes":""},"class_list":["post-70","page","type-page","status-publish","hentry"],"acf":[],"_links":{"self":[{"href":"https:\/\/www.saopaulo.sp.leg.br\/camaraexplica\/wp-json\/wp\/v2\/pages\/70","targetHints":{"allow":["GET"]}}],"collection":[{"href":"https:\/\/www.saopaulo.sp.leg.br\/camaraexplica\/wp-json\/wp\/v2\/pages"}],"about":[{"href":"https:\/\/www.saopaulo.sp.leg.br\/camaraexplica\/wp-json\/wp\/v2\/types\/page"}],"author":[{"embeddable":true,"href":"https:\/\/www.saopaulo.sp.leg.br\/camaraexplica\/wp-json\/wp\/v2\/users\/733"}],"replies":[{"embeddable":true,"href":"https:\/\/www.saopaulo.sp.leg.br\/camaraexplica\/wp-json\/wp\/v2\/comments?post=70"}],"version-history":[{"count":0,"href":"https:\/\/www.saopaulo.sp.leg.br\/camaraexplica\/wp-json\/wp\/v2\/pages\/70\/revisions"}],"up":[{"embeddable":true,"href":"https:\/\/www.saopaulo.sp.leg.br\/camaraexplica\/wp-json\/wp\/v2\/pages\/24"}],"wp:attachment":[{"href":"https:\/\/www.saopaulo.sp.leg.br\/camaraexplica\/wp-json\/wp\/v2\/media?parent=70"}],"curies":[{"name":"wp","href":"https:\/\/api.w.org\/{rel}","templated":true}]}}