

{"id":64,"date":"2020-11-23T15:19:30","date_gmt":"2020-11-23T18:19:30","guid":{"rendered":"http:\/\/www.saopaulo.sp.leg.br\/camaraexplica\/?page_id=64"},"modified":"2023-04-06T15:32:48","modified_gmt":"2023-04-06T18:32:48","slug":"premios-institucionais","status":"publish","type":"page","link":"https:\/\/www.saopaulo.sp.leg.br\/camaraexplica\/conheca-o-legislativo\/premios-institucionais\/","title":{"rendered":"Pr\u00eamios Institucionais"},"content":{"rendered":"<div class=\"description\">\n<p class=\"text-description\">A C\u00e2mara Municipal de S\u00e3o Paulo oferece um conjunto de pr\u00eamios institucionais a diversos segmentos da sociedade paulistana, em reconhecimento a a\u00e7\u00f5es e projetos que promovam a cidadania, a educa\u00e7\u00e3o e o desenvolvimento da cidade. Os pr\u00eamios consistem na entrega de honraria em Sess\u00e3o Solene e na divulga\u00e7\u00e3o da premia\u00e7\u00e3o.<\/p>\n<p class=\"text-description\">Atualmente, s\u00e3o 27 pr\u00eamios em execu\u00e7\u00e3o, divididos em dois tipos: pr\u00eamios de indica\u00e7\u00e3o e pr\u00eamios de inscri\u00e7\u00e3o.<br \/>\nNos pr\u00eamios de indica\u00e7\u00e3o, uma Comiss\u00e3o Indicadora, composta por membros definidos pela legisla\u00e7\u00e3o que criou o pr\u00eamio, se re\u00fane para escolher quem ser\u00e3o os homenageados.<\/p>\n<p class=\"text-description\">J\u00e1 nos pr\u00eamios de inscri\u00e7\u00e3o, a C\u00e2mara Municipal publica regulamento para participa\u00e7\u00e3o e recebe os projetos e trabalhos que se enquadram na premia\u00e7\u00e3o para concorrer. O material recebido \u00e9 avaliado por uma Comiss\u00e3o Julgadora, definida pela legisla\u00e7\u00e3o que criou o pr\u00eamio, que decide quem ser\u00e3o os premiados daquela edi\u00e7\u00e3o. Cada um dos pr\u00eamios de inscri\u00e7\u00e3o possui os seus pr\u00f3prios crit\u00e9rios de participa\u00e7\u00e3o e avalia\u00e7\u00e3o, al\u00e9m de bancas julgadoras especializadas, o que garante lisura e transpar\u00eancia ao processo de escolha.<\/p>\n<p class=\"text-description\">Os Parlamentos Jovens s\u00e3o considerados pr\u00eamios por inscri\u00e7\u00e3o, por conta da forma como s\u00e3o recebidos os projetos, por\u00e9m a premia\u00e7\u00e3o consiste na experi\u00eancia oferecida, e n\u00e3o em uma honraria.<\/p>\n<p class=\"text-description\">S\u00e3o 19 pr\u00eamios de indica\u00e7\u00e3o: Dia Internacional da Mulher, Pr\u00eamio Coronel H\u00e9lio Barbosa Caldas, Pr\u00eamio Carolina Maria de Jesus, Pr\u00eamio Heleieth Saffioti, Dia da GCMF, Pr\u00eamio Escotista M\u00e1rio Covas J\u00fanior de A\u00e7\u00e3o Volunt\u00e1ria, Medalha Tiradentes, Pr\u00eamio Dorothy Stang, Pr\u00eamio Responsabilidade Socioambiental, Pr\u00eamio Chico Xavier de Reconhecimento Humanit\u00e1rio, Colar Guilherme de Almeida, Pr\u00eamio Padre Landell de Moura, Dia dos Delegados Aposentados, Medalha Jos\u00e9 Bonif\u00e1cio, Medalha J\u00e2nio Quadros, Pr\u00eamio Hely Lopes Meirelles, Medalha do M\u00e9rito Desportivo e Pr\u00eamio Ruth Sontag Nussenzweig.<\/p>\n<p class=\"text-description\">S\u00e3o nove pr\u00eamios por inscri\u00e7\u00e3o: Pr\u00eamio Milton Santos, Pr\u00eamio Herbert de Souza \u201cBetinho\u201d, Pr\u00eamio Paulo Freire de Qualidade do Ensino Municipal, Pr\u00eamio Sabotage, Parlamento Jovem de Ensino Fundamental e Parlamento Jovem de Ensino M\u00e9dio, Pr\u00eamio Anast\u00e1cia de Forr\u00f3, Pr\u00eamio Heitor Villa-Lobos e Trof\u00e9u S\u00e3o Paulo Capital Mundial da Gastronomia. \u00c9 poss\u00edvel consultar os regulamentos das premia\u00e7\u00f5es com inscri\u00e7\u00f5es abertas e saber como participar na p\u00e1gina dos <a href=\"https:\/\/www.saopaulo.sp.leg.br\/institucional\/premios-institucionais\/\" target=\"_blank\" rel=\"noopener\">Pr\u00eamios Institucionais<\/a>.<\/p>\n<p class=\"text-description\">O Centro de Mem\u00f3ria mant\u00e9m informa\u00e7\u00f5es de todas as premia\u00e7\u00f5es concedidas pela C\u00e2mara Municipal de S\u00e3o Paulo, <a href=\"https:\/\/www.saopaulo.sp.leg.br\/memoria\/pasta\/premios\/\" target=\"_blank\" rel=\"noopener\">acesse aqui<\/a>.<\/p>\n<\/div>\n","protected":false},"excerpt":{"rendered":"<p>A C\u00e2mara Municipal de S\u00e3o Paulo oferece um conjunto de pr\u00eamios institucionais a diversos segmentos da sociedade paulistana, em reconhecimento a a\u00e7\u00f5es e projetos que promovam a cidadania, a educa\u00e7\u00e3o e o desenvolvimento da cidade. Os pr\u00eamios consistem na entrega de honraria em Sess\u00e3o Solene e na divulga\u00e7\u00e3o da premia\u00e7\u00e3o. Atualmente, s\u00e3o 27 pr\u00eamios em&#8230;  <a class=\"excerpt-read-more\" href=\"https:\/\/www.saopaulo.sp.leg.br\/camaraexplica\/conheca-o-legislativo\/premios-institucionais\/\" title=\"Leia Pr\u00eamios Institucionais\">Leia Mais &raquo;<\/a><\/p>\n","protected":false},"author":733,"featured_media":0,"parent":24,"menu_order":0,"comment_status":"closed","ping_status":"closed","template":"page-legislativo.php","meta":{"_acf_changed":false,"footnotes":""},"class_list":["post-64","page","type-page","status-publish","hentry"],"acf":[],"_links":{"self":[{"href":"https:\/\/www.saopaulo.sp.leg.br\/camaraexplica\/wp-json\/wp\/v2\/pages\/64","targetHints":{"allow":["GET"]}}],"collection":[{"href":"https:\/\/www.saopaulo.sp.leg.br\/camaraexplica\/wp-json\/wp\/v2\/pages"}],"about":[{"href":"https:\/\/www.saopaulo.sp.leg.br\/camaraexplica\/wp-json\/wp\/v2\/types\/page"}],"author":[{"embeddable":true,"href":"https:\/\/www.saopaulo.sp.leg.br\/camaraexplica\/wp-json\/wp\/v2\/users\/733"}],"replies":[{"embeddable":true,"href":"https:\/\/www.saopaulo.sp.leg.br\/camaraexplica\/wp-json\/wp\/v2\/comments?post=64"}],"version-history":[{"count":0,"href":"https:\/\/www.saopaulo.sp.leg.br\/camaraexplica\/wp-json\/wp\/v2\/pages\/64\/revisions"}],"up":[{"embeddable":true,"href":"https:\/\/www.saopaulo.sp.leg.br\/camaraexplica\/wp-json\/wp\/v2\/pages\/24"}],"wp:attachment":[{"href":"https:\/\/www.saopaulo.sp.leg.br\/camaraexplica\/wp-json\/wp\/v2\/media?parent=64"}],"curies":[{"name":"wp","href":"https:\/\/api.w.org\/{rel}","templated":true}]}}