

{"id":39,"date":"2020-11-23T15:15:06","date_gmt":"2020-11-23T18:15:06","guid":{"rendered":"http:\/\/www.saopaulo.sp.leg.br\/camaraexplica\/?page_id=39"},"modified":"2020-12-23T11:52:29","modified_gmt":"2020-12-23T14:52:29","slug":"comissoes-extraordinarias","status":"publish","type":"page","link":"https:\/\/www.saopaulo.sp.leg.br\/camaraexplica\/conheca-o-legislativo\/comissoes-extraordinarias\/","title":{"rendered":"Comiss\u00f5es Extraordin\u00e1rias"},"content":{"rendered":"<div class=\"description\">\n<h2 class=\"title-description\">Comiss\u00f5es Tempor\u00e1rias<\/h2>\n<p class=\"text-description\">S\u00e3o comiss\u00f5es criadas para apreciar um assunto espec\u00edfico. Por isso, s\u00e3o extintas quando atingem sua finalidade ou expira o prazo de dura\u00e7\u00e3o previsto no Regimento Interno da C\u00e2mara. Essas comiss\u00f5es podem ser de inqu\u00e9rito, estudos ou de representa\u00e7\u00e3o. <\/p>\n<h2 class=\"title-description\">Comiss\u00e3o de Estudos<\/h2>\n<p class=\"text-description\">A Comiss\u00e3o de Estudos necessita de aprova\u00e7\u00e3o da maioria absoluta dos vereadores para ser criada e comp\u00f5e o rol de comiss\u00f5es tempor\u00e1rias do Legislativo. Essa modalidade de Comiss\u00e3o destina-se \u00e0 aprecia\u00e7\u00e3o de mat\u00e9rias que exijam ao menos o pronunciamento de duas Comiss\u00f5es Permanentes a respeito.<\/p>\n<p class=\"text-description\">A Comiss\u00e3o de Estudos tem 60 dias para apresentar um relat\u00f3rio final, prazo que poder\u00e1 ser prorrogado pelo mesmo per\u00edodo. A escolha dos integrantes do grupo de estudo \u00e9 feita pelos presidentes das Comiss\u00f5es Permanentes.<\/p>\n<h2 class=\"title-description\">Comiss\u00e3o de Representa\u00e7\u00e3o<\/h2>\n<p class=\"text-description\">A Comiss\u00e3o de Representa\u00e7\u00e3o tem a finalidade de representar a C\u00e2mara em atos externos. <\/p>\n<h2 class=\"title-description\">Frente Parlamentar<\/h2>\n<p class=\"text-description\">\u00c9 uma reuni\u00e3o de vereadores, de diversos partidos, com o objetivo de discutir determinado tema de interesse social. Deve ser formada por ao menos um ter\u00e7o dos membros do Legislativo, ter nome e representante para prestar informa\u00e7\u00f5es.<\/p>\n<p class=\"text-description\">Os debates realizados na Frente Parlamentar buscam aprimorar a legisla\u00e7\u00e3o e as pol\u00edticas p\u00fablicas municipais. Os assuntos em pauta envolvem sempre um tema espec\u00edfico.\u00a0 <\/p>\n<\/div>\n","protected":false},"excerpt":{"rendered":"<p>Comiss\u00f5es Tempor\u00e1rias S\u00e3o comiss\u00f5es criadas para apreciar um assunto espec\u00edfico. Por isso, s\u00e3o extintas quando atingem sua finalidade ou expira o prazo de dura\u00e7\u00e3o previsto no Regimento Interno da C\u00e2mara. Essas comiss\u00f5es podem ser de inqu\u00e9rito, estudos ou de representa\u00e7\u00e3o. Comiss\u00e3o de Estudos A Comiss\u00e3o de Estudos necessita de aprova\u00e7\u00e3o da maioria absoluta dos vereadores&#8230;  <a class=\"excerpt-read-more\" href=\"https:\/\/www.saopaulo.sp.leg.br\/camaraexplica\/conheca-o-legislativo\/comissoes-extraordinarias\/\" title=\"Leia Comiss\u00f5es Extraordin\u00e1rias\">Leia Mais &raquo;<\/a><\/p>\n","protected":false},"author":733,"featured_media":0,"parent":24,"menu_order":0,"comment_status":"closed","ping_status":"closed","template":"page-legislativo.php","meta":{"_acf_changed":false,"footnotes":""},"class_list":["post-39","page","type-page","status-publish","hentry"],"acf":[],"_links":{"self":[{"href":"https:\/\/www.saopaulo.sp.leg.br\/camaraexplica\/wp-json\/wp\/v2\/pages\/39","targetHints":{"allow":["GET"]}}],"collection":[{"href":"https:\/\/www.saopaulo.sp.leg.br\/camaraexplica\/wp-json\/wp\/v2\/pages"}],"about":[{"href":"https:\/\/www.saopaulo.sp.leg.br\/camaraexplica\/wp-json\/wp\/v2\/types\/page"}],"author":[{"embeddable":true,"href":"https:\/\/www.saopaulo.sp.leg.br\/camaraexplica\/wp-json\/wp\/v2\/users\/733"}],"replies":[{"embeddable":true,"href":"https:\/\/www.saopaulo.sp.leg.br\/camaraexplica\/wp-json\/wp\/v2\/comments?post=39"}],"version-history":[{"count":0,"href":"https:\/\/www.saopaulo.sp.leg.br\/camaraexplica\/wp-json\/wp\/v2\/pages\/39\/revisions"}],"up":[{"embeddable":true,"href":"https:\/\/www.saopaulo.sp.leg.br\/camaraexplica\/wp-json\/wp\/v2\/pages\/24"}],"wp:attachment":[{"href":"https:\/\/www.saopaulo.sp.leg.br\/camaraexplica\/wp-json\/wp\/v2\/media?parent=39"}],"curies":[{"name":"wp","href":"https:\/\/api.w.org\/{rel}","templated":true}]}}