

{"id":26,"date":"2020-11-23T15:08:10","date_gmt":"2020-11-23T18:08:10","guid":{"rendered":"http:\/\/www.saopaulo.sp.leg.br\/camaraexplica\/?page_id=26"},"modified":"2021-02-17T18:20:38","modified_gmt":"2021-02-17T21:20:38","slug":"o-legislativo-paulistano","status":"publish","type":"page","link":"https:\/\/www.saopaulo.sp.leg.br\/camaraexplica\/conheca-o-legislativo\/o-legislativo-paulistano\/","title":{"rendered":"O Legislativo Paulistano"},"content":{"rendered":"<div class=\"description\">\n<p class=\"text-description\">O Poder Legislativo paulistano, representado pela C\u00e2mara Municipal de vereadores, \u00e9 um dos tr\u00eas poderes de Estado existentes no munic\u00edpio e tem como principais fun\u00e7\u00f5es fiscalizar o Poder Executivo, ou seja, a Prefeitura, al\u00e9m de criar, modificar e votar as leis da cidade.<\/p>\n<p><iframe title=\"Conhe\u00e7a o Legislativo \u2013 O Legislativo\" width=\"680\" height=\"383\" src=\"https:\/\/www.youtube.com\/embed\/HBkUtmz-NmQ?feature=oembed\" frameborder=\"0\" allow=\"accelerometer; autoplay; clipboard-write; encrypted-media; gyroscope; picture-in-picture\" allowfullscreen><\/iframe><\/p>\n<p class=\"text-description\">A cada quatro anos, 55 vereadores s\u00e3o eleitos para um mandato com o mesmo per\u00edodo e devem representar a popula\u00e7\u00e3o nas discuss\u00f5es dos temas da cidade por meio de comiss\u00f5es parlamentares e Audi\u00eancias P\u00fablicas antes das vota\u00e7\u00f5es em Plen\u00e1rio.<\/p>\n<p class=\"text-description\">A C\u00e2mara Municipal de S\u00e3o Paulo \u00e9 a maior do pa\u00eds e o seu n\u00famero de parlamentares atende a crit\u00e9rios estabelecidos pela Lei Org\u00e2nica, como o n\u00famero de habitantes e a receita do munic\u00edpio.<\/p>\n<\/div>\n","protected":false},"excerpt":{"rendered":"<p>O Poder Legislativo paulistano, representado pela C\u00e2mara Municipal de vereadores, \u00e9 um dos tr\u00eas poderes de Estado existentes no munic\u00edpio e tem como principais fun\u00e7\u00f5es fiscalizar o Poder Executivo, ou seja, a Prefeitura, al\u00e9m de criar, modificar e votar as leis da cidade. A cada quatro anos, 55 vereadores s\u00e3o eleitos para um mandato com&#8230;  <a class=\"excerpt-read-more\" href=\"https:\/\/www.saopaulo.sp.leg.br\/camaraexplica\/conheca-o-legislativo\/o-legislativo-paulistano\/\" title=\"Leia O Legislativo Paulistano\">Leia Mais &raquo;<\/a><\/p>\n","protected":false},"author":733,"featured_media":0,"parent":24,"menu_order":0,"comment_status":"closed","ping_status":"closed","template":"page-legislativo.php","meta":{"_acf_changed":false,"footnotes":""},"class_list":["post-26","page","type-page","status-publish","hentry"],"acf":[],"_links":{"self":[{"href":"https:\/\/www.saopaulo.sp.leg.br\/camaraexplica\/wp-json\/wp\/v2\/pages\/26","targetHints":{"allow":["GET"]}}],"collection":[{"href":"https:\/\/www.saopaulo.sp.leg.br\/camaraexplica\/wp-json\/wp\/v2\/pages"}],"about":[{"href":"https:\/\/www.saopaulo.sp.leg.br\/camaraexplica\/wp-json\/wp\/v2\/types\/page"}],"author":[{"embeddable":true,"href":"https:\/\/www.saopaulo.sp.leg.br\/camaraexplica\/wp-json\/wp\/v2\/users\/733"}],"replies":[{"embeddable":true,"href":"https:\/\/www.saopaulo.sp.leg.br\/camaraexplica\/wp-json\/wp\/v2\/comments?post=26"}],"version-history":[{"count":0,"href":"https:\/\/www.saopaulo.sp.leg.br\/camaraexplica\/wp-json\/wp\/v2\/pages\/26\/revisions"}],"up":[{"embeddable":true,"href":"https:\/\/www.saopaulo.sp.leg.br\/camaraexplica\/wp-json\/wp\/v2\/pages\/24"}],"wp:attachment":[{"href":"https:\/\/www.saopaulo.sp.leg.br\/camaraexplica\/wp-json\/wp\/v2\/media?parent=26"}],"curies":[{"name":"wp","href":"https:\/\/api.w.org\/{rel}","templated":true}]}}