

{"id":1293,"date":"2022-10-19T14:40:45","date_gmt":"2022-10-19T17:40:45","guid":{"rendered":"https:\/\/www.saopaulo.sp.leg.br\/camaraexplica\/?page_id=1293"},"modified":"2022-10-19T14:50:51","modified_gmt":"2022-10-19T17:50:51","slug":"loa","status":"publish","type":"page","link":"https:\/\/www.saopaulo.sp.leg.br\/camaraexplica\/orcamento-anual\/loa\/","title":{"rendered":"LOA &#8211; Lei Or\u00e7ament\u00e1ria Anual"},"content":{"rendered":"<div class=\"description\">\n<p class=\"text-description\">A LOA (Lei Or\u00e7ament\u00e1ria Anual) \u00e9 uma ferramenta de planejamento do or\u00e7amento, que estipula todas as receitas e consequentemente todas as despesas da cidade de S\u00e3o Paulo para o pr\u00f3ximo ano.<\/p>\n<p class=\"text-description\">Baseada na LDO (Lei de Diretrizes Or\u00e7ament\u00e1rias), que deve ser debatida e aprovada no primeiro semestre de cada ano, a LOA \u00e9 enviada anualmente pelo Executivo no in\u00edcio do segundo semestre. Antes de ser aprovada, a LOA \u00e9 amplamente debatida pelos vereadores da capital paulista para garantir responsabilidade e total transpar\u00eancia. \u00c9 por meio dela que s\u00e3o destinadas verbas para cada segmento dos servi\u00e7os municipais, como educa\u00e7\u00e3o, transporte, sa\u00fade e zeladoria.<\/p>\n<p class=\"text-description\">A Comiss\u00e3o de Finan\u00e7as e Or\u00e7amento da C\u00e2mara Municipal de S\u00e3o Paulo \u00e9 a respons\u00e1vel por garantir a adequa\u00e7\u00e3o da LOA com as demandas da popula\u00e7\u00e3o e para isso s\u00e3o realizadas Audi\u00eancias P\u00fablicas gerais e tem\u00e1ticas.<\/p>\n<p class=\"text-description\">As Audi\u00eancias P\u00fablicas funcionam como uma ponte entre os vereadores e os mun\u00edcipes, permitindo que todos os interessados possam participar das discuss\u00f5es. Para isso, \u00e9 fundamental a ades\u00e3o da popula\u00e7\u00e3o aos encontros, mas, mesmo quem n\u00e3o pode participar, tem acesso a toda mat\u00e9ria discutida por meio de registro p\u00fablico.<\/p>\n<p class=\"text-description\">Durante sua tramita\u00e7\u00e3o, a proposta da LOA tamb\u00e9m passa pela an\u00e1lise dos vereadores, que podem propor emendas ao projeto enviado pelo executivo municipal. A aprova\u00e7\u00e3o final em Plen\u00e1rio, que deve ocorrer, sempre, at\u00e9 o final do ano, encerra os trabalhos legislativos na C\u00e2mara Municipal de S\u00e3o Paulo.<\/p>\n<p class=\"text-description\">Saiba mais sobre a tramita\u00e7\u00e3o do Or\u00e7amento no Regimento Interno da C\u00e2mara Municipal (<a href=\"https:\/\/plpconsulta.saopaulo.sp.leg.br\/Forms\/MostrarArquivo?ID=168&amp;TipArq=1#Cap%C3%ADtulo%20I%20-%20Dos%20Or%C3%A7amentos\" target=\"_blank\" rel=\"noopener\">artigo 153 e artigos 329 a 346<\/a>)<\/p>\n<\/div>\n","protected":false},"excerpt":{"rendered":"<p>A LOA (Lei Or\u00e7ament\u00e1ria Anual) \u00e9 uma ferramenta de planejamento do or\u00e7amento, que estipula todas as receitas e consequentemente todas as despesas da cidade de S\u00e3o Paulo para o pr\u00f3ximo ano. Baseada na LDO (Lei de Diretrizes Or\u00e7ament\u00e1rias), que deve ser debatida e aprovada no primeiro semestre de cada ano, a LOA \u00e9 enviada anualmente&#8230;  <a class=\"excerpt-read-more\" href=\"https:\/\/www.saopaulo.sp.leg.br\/camaraexplica\/orcamento-anual\/loa\/\" title=\"Leia LOA &#8211; Lei Or\u00e7ament\u00e1ria Anual\">Leia Mais &raquo;<\/a><\/p>\n","protected":false},"author":733,"featured_media":0,"parent":1222,"menu_order":0,"comment_status":"closed","ping_status":"closed","template":"page-orcamento.php","meta":{"_acf_changed":false,"footnotes":""},"class_list":["post-1293","page","type-page","status-publish","hentry"],"acf":[],"_links":{"self":[{"href":"https:\/\/www.saopaulo.sp.leg.br\/camaraexplica\/wp-json\/wp\/v2\/pages\/1293","targetHints":{"allow":["GET"]}}],"collection":[{"href":"https:\/\/www.saopaulo.sp.leg.br\/camaraexplica\/wp-json\/wp\/v2\/pages"}],"about":[{"href":"https:\/\/www.saopaulo.sp.leg.br\/camaraexplica\/wp-json\/wp\/v2\/types\/page"}],"author":[{"embeddable":true,"href":"https:\/\/www.saopaulo.sp.leg.br\/camaraexplica\/wp-json\/wp\/v2\/users\/733"}],"replies":[{"embeddable":true,"href":"https:\/\/www.saopaulo.sp.leg.br\/camaraexplica\/wp-json\/wp\/v2\/comments?post=1293"}],"version-history":[{"count":0,"href":"https:\/\/www.saopaulo.sp.leg.br\/camaraexplica\/wp-json\/wp\/v2\/pages\/1293\/revisions"}],"up":[{"embeddable":true,"href":"https:\/\/www.saopaulo.sp.leg.br\/camaraexplica\/wp-json\/wp\/v2\/pages\/1222"}],"wp:attachment":[{"href":"https:\/\/www.saopaulo.sp.leg.br\/camaraexplica\/wp-json\/wp\/v2\/media?parent=1293"}],"curies":[{"name":"wp","href":"https:\/\/api.w.org\/{rel}","templated":true}]}}