

{"id":1224,"date":"2022-10-17T18:18:47","date_gmt":"2022-10-17T21:18:47","guid":{"rendered":"https:\/\/www.saopaulo.sp.leg.br\/camaraexplica\/?page_id=1224"},"modified":"2023-07-18T11:37:59","modified_gmt":"2023-07-18T14:37:59","slug":"como-nascem-as-leis","status":"publish","type":"page","link":"https:\/\/www.saopaulo.sp.leg.br\/camaraexplica\/como-nascem-as-leis\/","title":{"rendered":"Como nascem as leis"},"content":{"rendered":"\t\t<div data-elementor-type=\"wp-page\" data-elementor-id=\"1224\" class=\"elementor elementor-1224\">\n\t\t\t\t\t\t<section class=\"elementor-section elementor-top-section elementor-element elementor-element-c145093 elementor-section-boxed elementor-section-height-default elementor-section-height-default\" data-id=\"c145093\" data-element_type=\"section\" data-e-type=\"section\">\n\t\t\t\t\t\t<div class=\"elementor-container elementor-column-gap-default\">\n\t\t\t\t\t<div class=\"elementor-column elementor-col-100 elementor-top-column elementor-element elementor-element-a120326\" data-id=\"a120326\" data-element_type=\"column\" data-e-type=\"column\">\n\t\t\t<div class=\"elementor-widget-wrap elementor-element-populated\">\n\t\t\t\t\t\t<div class=\"elementor-element elementor-element-8231b1a elementor-widget elementor-widget-html\" data-id=\"8231b1a\" data-element_type=\"widget\" data-e-type=\"widget\" data-widget_type=\"html.default\">\n\t\t\t\t<div class=\"elementor-widget-container\">\n\t\t\t\t\t<div class=\"description-home\">\n\n<p class=\"text-description\">At\u00e9 se tornar uma lei, um PL (Projeto de Lei) geralmente percorre diversas etapas na C\u00e2mara Municipal de S\u00e3o Paulo, de forma que sua reda\u00e7\u00e3o final atenda \u00e0s demandas da popula\u00e7\u00e3o e ele possa cumprir seu objetivo.Normalmente, os projetos s\u00e3o protocolados na C\u00e2mara por um ou mais vereadores, ou pela Prefeitura (Poder Executivo). A exce\u00e7\u00e3o s\u00e3o os Projetos de Lei de iniciativa popular, proposituras apresentadas pela sociedade civil. <\/p>\n\n<p class=\"text-description\">Ap\u00f3s serem protocolados, todos os PLs s\u00e3o lidos no Plen\u00e1rio da Casa e publicados no Di\u00e1rio Oficial do Munic\u00edpio, para pleno conhecimento da sociedade. O presidente da C\u00e2mara, ent\u00e3o, define por quais comiss\u00f5es de m\u00e9rito os projetos dever\u00e3o passar. Obrigatoriamente, todos os PLs s\u00e3o analisados primeiramente pela CCJ (Comiss\u00e3o de Constitui\u00e7\u00e3o, Justi\u00e7a e Legisla\u00e7\u00e3o Participativa), respons\u00e1vel por avaliar a legalidade da proposta. Caso seja constitucional, o projeto segue para aprecia\u00e7\u00e3o das demais comiss\u00f5es. Em caso de parecer pela inconstitucionalidade, automaticamente o PL \u00e9 arquivado. <\/p>\n\n<p class=\"text-description\">Ap\u00f3s receber aval da CCJ, o projeto \u00e9 encaminhado para uma ou mais comiss\u00f5es, a depender do seu conte\u00fado, para que o m\u00e9rito da proposta seja analisado por cada uma delas. As outras comiss\u00f5es da C\u00e2mara, al\u00e9m da CCJ, s\u00e3o: Finan\u00e7as e Or\u00e7amento; Tr\u00e2nsito, Transporte e Atividade Econ\u00f4mica; Pol\u00edtica Urbana, Metropolitana e Meio Ambiente; Educa\u00e7\u00e3o, Cultura e Esportes; Administra\u00e7\u00e3o P\u00fablica; e Sa\u00fade, Promo\u00e7\u00e3o Social, Trabalho e Mulher.<\/p>\n\n<p class=\"text-description\">Ao longo de sua tramita\u00e7\u00e3o nas comiss\u00f5es de m\u00e9rito, al\u00e9m de ser analisado pelos vereadores, o PL \u00e9 debatido em Audi\u00eancias P\u00fablicas, para que a popula\u00e7\u00e3o tenha a possibilidade de sugerir melhorias ou altera\u00e7\u00f5es \u00e0 proposta. E, mesmo que o Projeto de Lei n\u00e3o receba aval de uma ou mais comiss\u00f5es de m\u00e9rito, ele \u00e9 levado a Plen\u00e1rio para que todos os vereadores da Casa possam discuti-lo, apresentem emendas ou sugiram altera\u00e7\u00f5es na sua reda\u00e7\u00e3o. Ap\u00f3s cumprir todas essas etapas, o projeto segue para primeira vota\u00e7\u00e3o.<\/p>\n\n<p class=\"text-description\">Caso seja reprovado, o PL \u00e9 arquivado. Caso aprovado, ele precisa de 48 horas para que possa seguir para a segunda e definitiva vota\u00e7\u00e3o. Por\u00e9m, antes de ser novamente votado em Plen\u00e1rio, o projeto volta a passar pelas comiss\u00f5es de m\u00e9rito, para que o texto aprovado em primeira vota\u00e7\u00e3o seja analisado e para que os colegiados possam, eventualmente, sugerir novas emendas ou altera\u00e7\u00f5es \u00e0 proposta. Se for reprovado em segunda vota\u00e7\u00e3o pelo Plen\u00e1rio da C\u00e2mara, o Projeto de Lei \u00e9 arquivado. Agora, se for aprovado, ele ent\u00e3o \u00e9 encaminhado para a san\u00e7\u00e3o ou veto (parcial ou integral) do prefeito. Caso haja algum tipo de veto, a proposta volta novamente \u00e0 C\u00e2mara para que os vereadores decidam se ir\u00e3o acatar o veto ou se ir\u00e3o sancionar o projeto para que ele vire Lei.<\/p>\n\n<\/div>\t\t\t\t<\/div>\n\t\t\t\t<\/div>\n\t\t\t\t\t<\/div>\n\t\t<\/div>\n\t\t\t\t\t<\/div>\n\t\t<\/section>\n\t\t\t\t<section class=\"elementor-section elementor-top-section elementor-element elementor-element-05a307b elementor-section-boxed elementor-section-height-default elementor-section-height-default\" data-id=\"05a307b\" data-element_type=\"section\" data-e-type=\"section\">\n\t\t\t\t\t\t<div class=\"elementor-container elementor-column-gap-default\">\n\t\t\t\t\t<div class=\"elementor-column elementor-col-100 elementor-top-column elementor-element elementor-element-7469cc1\" data-id=\"7469cc1\" data-element_type=\"column\" data-e-type=\"column\">\n\t\t\t<div class=\"elementor-widget-wrap elementor-element-populated\">\n\t\t\t\t\t\t<div class=\"elementor-element elementor-element-c3f82e7 elementor-widget elementor-widget-image\" data-id=\"c3f82e7\" data-element_type=\"widget\" data-e-type=\"widget\" data-widget_type=\"image.default\">\n\t\t\t\t<div class=\"elementor-widget-container\">\n\t\t\t\t\t\t\t\t\t\t\t\t\t\t\t<img fetchpriority=\"high\" decoding=\"async\" width=\"620\" height=\"2560\" src=\"https:\/\/www.saopaulo.sp.leg.br\/camaraexplica\/wp-content\/uploads\/sites\/41\/2022\/10\/infografico-scaled.jpg\" class=\"attachment-full size-full wp-image-1326\" alt=\"Como nascem as leis\" srcset=\"https:\/\/www.saopaulo.sp.leg.br\/camaraexplica\/wp-content\/uploads\/sites\/41\/2022\/10\/infografico-scaled.jpg 620w, https:\/\/www.saopaulo.sp.leg.br\/camaraexplica\/wp-content\/uploads\/sites\/41\/2022\/10\/infografico-73x300.jpg 73w, https:\/\/www.saopaulo.sp.leg.br\/camaraexplica\/wp-content\/uploads\/sites\/41\/2022\/10\/infografico-248x1024.jpg 248w, https:\/\/www.saopaulo.sp.leg.br\/camaraexplica\/wp-content\/uploads\/sites\/41\/2022\/10\/infografico-372x1536.jpg 372w, https:\/\/www.saopaulo.sp.leg.br\/camaraexplica\/wp-content\/uploads\/sites\/41\/2022\/10\/infografico-496x2048.jpg 496w\" sizes=\"(max-width: 620px) 100vw, 620px\" \/>\t\t\t\t\t\t\t\t\t\t\t\t\t\t\t<\/div>\n\t\t\t\t<\/div>\n\t\t\t\t\t<\/div>\n\t\t<\/div>\n\t\t\t\t\t<\/div>\n\t\t<\/section>\n\t\t\t\t<\/div>\n\t\t","protected":false},"excerpt":{"rendered":"<p>At\u00e9 se tornar uma lei, um PL (Projeto de Lei) geralmente percorre diversas etapas na C\u00e2mara Municipal de S\u00e3o Paulo, de forma que sua reda\u00e7\u00e3o final atenda \u00e0s demandas da popula\u00e7\u00e3o e ele possa cumprir seu objetivo.Normalmente, os projetos s\u00e3o protocolados na C\u00e2mara por um ou mais vereadores, ou pela Prefeitura (Poder Executivo). A exce\u00e7\u00e3o&#8230;  <a class=\"excerpt-read-more\" href=\"https:\/\/www.saopaulo.sp.leg.br\/camaraexplica\/como-nascem-as-leis\/\" title=\"Leia Como nascem as leis\">Leia Mais &raquo;<\/a><\/p>\n","protected":false},"author":733,"featured_media":0,"parent":0,"menu_order":0,"comment_status":"closed","ping_status":"closed","template":"","meta":{"_acf_changed":false,"footnotes":""},"class_list":["post-1224","page","type-page","status-publish","hentry"],"acf":[],"_links":{"self":[{"href":"https:\/\/www.saopaulo.sp.leg.br\/camaraexplica\/wp-json\/wp\/v2\/pages\/1224","targetHints":{"allow":["GET"]}}],"collection":[{"href":"https:\/\/www.saopaulo.sp.leg.br\/camaraexplica\/wp-json\/wp\/v2\/pages"}],"about":[{"href":"https:\/\/www.saopaulo.sp.leg.br\/camaraexplica\/wp-json\/wp\/v2\/types\/page"}],"author":[{"embeddable":true,"href":"https:\/\/www.saopaulo.sp.leg.br\/camaraexplica\/wp-json\/wp\/v2\/users\/733"}],"replies":[{"embeddable":true,"href":"https:\/\/www.saopaulo.sp.leg.br\/camaraexplica\/wp-json\/wp\/v2\/comments?post=1224"}],"version-history":[{"count":0,"href":"https:\/\/www.saopaulo.sp.leg.br\/camaraexplica\/wp-json\/wp\/v2\/pages\/1224\/revisions"}],"wp:attachment":[{"href":"https:\/\/www.saopaulo.sp.leg.br\/camaraexplica\/wp-json\/wp\/v2\/media?parent=1224"}],"curies":[{"name":"wp","href":"https:\/\/api.w.org\/{rel}","templated":true}]}}