

{"id":1222,"date":"2022-10-17T18:18:33","date_gmt":"2022-10-17T21:18:33","guid":{"rendered":"https:\/\/www.saopaulo.sp.leg.br\/camaraexplica\/?page_id=1222"},"modified":"2022-10-19T14:38:21","modified_gmt":"2022-10-19T17:38:21","slug":"orcamento-anual","status":"publish","type":"page","link":"https:\/\/www.saopaulo.sp.leg.br\/camaraexplica\/orcamento-anual\/","title":{"rendered":"Or\u00e7amento"},"content":{"rendered":"\t\t<div data-elementor-type=\"wp-page\" data-elementor-id=\"1222\" class=\"elementor elementor-1222\">\n\t\t\t\t\t\t<section class=\"elementor-section elementor-top-section elementor-element elementor-element-1b006c8 elementor-section-boxed elementor-section-height-default elementor-section-height-default\" data-id=\"1b006c8\" data-element_type=\"section\" data-e-type=\"section\">\n\t\t\t\t\t\t<div class=\"elementor-container elementor-column-gap-default\">\n\t\t\t\t\t<div class=\"elementor-column elementor-col-100 elementor-top-column elementor-element elementor-element-38ee558\" data-id=\"38ee558\" data-element_type=\"column\" data-e-type=\"column\">\n\t\t\t<div class=\"elementor-widget-wrap elementor-element-populated\">\n\t\t\t\t\t\t<div class=\"elementor-element elementor-element-0ddd12e elementor-widget elementor-widget-html\" data-id=\"0ddd12e\" data-element_type=\"widget\" data-e-type=\"widget\" data-widget_type=\"html.default\">\n\t\t\t\t<div class=\"elementor-widget-container\">\n\t\t\t\t\t<div class=\"description-home\">\n\n<p class=\"text-description\">O or\u00e7amento, que fixa as despesas e estima as receitas da capital paulista, \u00e9 discutido e aprovado anualmente <br>pela C\u00e2mara Municipal de S\u00e3o Paulo. Nesta p\u00e1gina, voc\u00ea vai conhecer quais s\u00e3o as ferramentas <br>or\u00e7ament\u00e1rias que integram este processo.<\/p>\n\n<\/div>\t\t\t\t<\/div>\n\t\t\t\t<\/div>\n\t\t\t\t\t<\/div>\n\t\t<\/div>\n\t\t\t\t\t<\/div>\n\t\t<\/section>\n\t\t\t\t<section class=\"elementor-section elementor-top-section elementor-element elementor-element-b541cfe elementor-section-boxed elementor-section-height-default elementor-section-height-default\" data-id=\"b541cfe\" data-element_type=\"section\" data-e-type=\"section\">\n\t\t\t\t\t\t<div class=\"elementor-container elementor-column-gap-default\">\n\t\t\t\t\t<div class=\"elementor-column elementor-col-100 elementor-top-column elementor-element elementor-element-3fcbd31\" data-id=\"3fcbd31\" data-element_type=\"column\" data-e-type=\"column\">\n\t\t\t<div class=\"elementor-widget-wrap elementor-element-populated\">\n\t\t\t\t\t\t<div class=\"elementor-element elementor-element-79bea84 elementor-widget elementor-widget-wp-widget-pods_widget_list\" data-id=\"79bea84\" data-element_type=\"widget\" data-e-type=\"widget\" data-widget_type=\"wp-widget-pods_widget_list.default\">\n\t\t\t\t<div class=\"elementor-widget-container\">\n\t\t\t\t\t<div class=\"page-icons\">\r\n<a title=\"C\u00e2mara Explica\" href=\"https:\/\/www.saopaulo.sp.leg.br\/camaraexplica\/\/ldo\/\" rel=\"noopener\">\r\n\t<img decoding=\"async\" src=\"https:\/\/www.saopaulo.sp.leg.br\/camaraexplica\/wp-content\/uploads\/sites\/41\/2021\/02\/cteo.png\" alt=\"Lei de Diretrizes Or\u00e7ament\u00e1rias\">\r\n\t<span>Lei de Diretrizes Or\u00e7ament\u00e1rias<\/span>\r\n<\/a>\r\n<\/div>\t\t\t\t<\/div>\n\t\t\t\t<\/div>\n\t\t\t\t\t<\/div>\n\t\t<\/div>\n\t\t\t\t\t<\/div>\n\t\t<\/section>\n\t\t\t\t<\/div>\n\t\t","protected":false},"excerpt":{"rendered":"<p>O or\u00e7amento, que fixa as despesas e estima as receitas da capital paulista, \u00e9 discutido e aprovado anualmente pela C\u00e2mara Municipal de S\u00e3o Paulo. Nesta p\u00e1gina, voc\u00ea vai conhecer quais s\u00e3o as ferramentas or\u00e7ament\u00e1rias que integram este processo.<\/p>\n","protected":false},"author":733,"featured_media":0,"parent":0,"menu_order":0,"comment_status":"closed","ping_status":"closed","template":"","meta":{"_acf_changed":false,"footnotes":""},"class_list":["post-1222","page","type-page","status-publish","hentry"],"acf":[],"_links":{"self":[{"href":"https:\/\/www.saopaulo.sp.leg.br\/camaraexplica\/wp-json\/wp\/v2\/pages\/1222","targetHints":{"allow":["GET"]}}],"collection":[{"href":"https:\/\/www.saopaulo.sp.leg.br\/camaraexplica\/wp-json\/wp\/v2\/pages"}],"about":[{"href":"https:\/\/www.saopaulo.sp.leg.br\/camaraexplica\/wp-json\/wp\/v2\/types\/page"}],"author":[{"embeddable":true,"href":"https:\/\/www.saopaulo.sp.leg.br\/camaraexplica\/wp-json\/wp\/v2\/users\/733"}],"replies":[{"embeddable":true,"href":"https:\/\/www.saopaulo.sp.leg.br\/camaraexplica\/wp-json\/wp\/v2\/comments?post=1222"}],"version-history":[{"count":0,"href":"https:\/\/www.saopaulo.sp.leg.br\/camaraexplica\/wp-json\/wp\/v2\/pages\/1222\/revisions"}],"wp:attachment":[{"href":"https:\/\/www.saopaulo.sp.leg.br\/camaraexplica\/wp-json\/wp\/v2\/media?parent=1222"}],"curies":[{"name":"wp","href":"https:\/\/api.w.org\/{rel}","templated":true}]}}