

{"id":1058,"date":"2022-10-06T18:45:48","date_gmt":"2022-10-06T21:45:48","guid":{"rendered":"https:\/\/www.saopaulo.sp.leg.br\/camaraexplica\/?page_id=1058"},"modified":"2026-02-09T11:18:18","modified_gmt":"2026-02-09T14:18:18","slug":"mandato-participativo","status":"publish","type":"page","link":"https:\/\/www.saopaulo.sp.leg.br\/camaraexplica\/tudo-sobre-os-vereadores\/mandato-participativo\/","title":{"rendered":"Mandato Participativo"},"content":{"rendered":"<div class=\"description\">\n<p class=\"text-description\">Os cidad\u00e3os interessados em participar do mandato dos\u00a0<a href=\"https:\/\/www.saopaulo.sp.leg.br\/vereadores\/\" target=\"_blank\" rel=\"noopener\">vereadores<\/a>\u00a0podem usar o canal de comunica\u00e7\u00e3o dispon\u00edvel no\u00a0<a href=\"https:\/\/www.saopaulo.sp.leg.br\/\" target=\"_blank\" rel=\"noopener\">Portal da C\u00e2mara<\/a>\u00a0para falar diretamente com os vereadores. Basta acessar, na p\u00e1gina do parlamentar, a ferramenta \u201cFale com o (a) Vereador (a)\u201d.<\/p>\n<p class=\"text-description\">A partir do Portal da C\u00e2mara, \u00e9 poss\u00edvel acessar o perfil dos vereadores e enviar sugest\u00f5es. Logo na p\u00e1gina inicial, no alto da tela, o internauta deve clicar no link <a href=\"https:\/\/www.saopaulo.sp.leg.br\/vereadores\">Vereadores<\/a>. Em seguida, no box <a href=\"https:\/\/www.saopaulo.sp.leg.br\/vereadores\/membros\/\">Vereadores em Exerc\u00edcio<\/a>, aparecer\u00e3o os perfis dos 55 parlamentares da atual legislatura.<\/p>\n<p class=\"text-description\">Para enviar sugest\u00f5es e propostas, o interessado deve clicar no bot\u00e3o Enviar mensagem ou acessar a p\u00e1gina do parlamentar, descer a barra de rolagem at\u00e9 o fim e preencher um formul\u00e1rio no campo \u201cFale com o (a) Vereador (a)\u201d.<\/p>\n<p class=\"text-description\">Ainda na p\u00e1gina do parlamentar, o cidad\u00e3o tamb\u00e9m pode conhecer a biografia do vereador ou vereadora, acompanhar os Projetos de Lei em tramita\u00e7\u00e3o, leis aprovadas e projetos vetados.<\/p>\n<p class=\"text-description\">O formul\u00e1rio de contato tamb\u00e9m est\u00e1 dispon\u00edvel na p\u00e1gina <a href=\"https:\/\/www.saopaulo.sp.leg.br\/participacao\/\">Participe e Acompanhe<\/a>.<\/p>\n<div>\n","protected":false},"excerpt":{"rendered":"<p>Os cidad\u00e3os interessados em participar do mandato dos\u00a0vereadores\u00a0podem usar o canal de comunica\u00e7\u00e3o dispon\u00edvel no\u00a0Portal da C\u00e2mara\u00a0para falar diretamente com os vereadores. Basta acessar, na p\u00e1gina do parlamentar, a ferramenta \u201cFale com o (a) Vereador (a)\u201d. A partir do Portal da C\u00e2mara, \u00e9 poss\u00edvel acessar o perfil dos vereadores e enviar sugest\u00f5es. Logo na p\u00e1gina&#8230;  <a class=\"excerpt-read-more\" href=\"https:\/\/www.saopaulo.sp.leg.br\/camaraexplica\/tudo-sobre-os-vereadores\/mandato-participativo\/\" title=\"Leia Mandato Participativo\">Leia Mais &raquo;<\/a><\/p>\n","protected":false},"author":733,"featured_media":0,"parent":928,"menu_order":0,"comment_status":"closed","ping_status":"closed","template":"page-vereadores.php","meta":{"_acf_changed":false,"footnotes":""},"class_list":["post-1058","page","type-page","status-publish","hentry"],"acf":[],"_links":{"self":[{"href":"https:\/\/www.saopaulo.sp.leg.br\/camaraexplica\/wp-json\/wp\/v2\/pages\/1058","targetHints":{"allow":["GET"]}}],"collection":[{"href":"https:\/\/www.saopaulo.sp.leg.br\/camaraexplica\/wp-json\/wp\/v2\/pages"}],"about":[{"href":"https:\/\/www.saopaulo.sp.leg.br\/camaraexplica\/wp-json\/wp\/v2\/types\/page"}],"author":[{"embeddable":true,"href":"https:\/\/www.saopaulo.sp.leg.br\/camaraexplica\/wp-json\/wp\/v2\/users\/733"}],"replies":[{"embeddable":true,"href":"https:\/\/www.saopaulo.sp.leg.br\/camaraexplica\/wp-json\/wp\/v2\/comments?post=1058"}],"version-history":[{"count":5,"href":"https:\/\/www.saopaulo.sp.leg.br\/camaraexplica\/wp-json\/wp\/v2\/pages\/1058\/revisions"}],"predecessor-version":[{"id":1554,"href":"https:\/\/www.saopaulo.sp.leg.br\/camaraexplica\/wp-json\/wp\/v2\/pages\/1058\/revisions\/1554"}],"up":[{"embeddable":true,"href":"https:\/\/www.saopaulo.sp.leg.br\/camaraexplica\/wp-json\/wp\/v2\/pages\/928"}],"wp:attachment":[{"href":"https:\/\/www.saopaulo.sp.leg.br\/camaraexplica\/wp-json\/wp\/v2\/media?parent=1058"}],"curies":[{"name":"wp","href":"https:\/\/api.w.org\/{rel}","templated":true}]}}