{"id":5,"date":"2021-12-03T13:46:48","date_gmt":"2021-12-03T16:46:48","guid":{"rendered":"https:\/\/www.saopaulo.sp.leg.br\/camaraemacao2021\/?page_id=5"},"modified":"2021-12-17T13:57:20","modified_gmt":"2021-12-17T16:57:20","slug":"home","status":"publish","type":"page","link":"https:\/\/www.saopaulo.sp.leg.br\/camaraemacao2021\/","title":{"rendered":"Home"},"content":{"rendered":"<div class=\"cmsp-row\">\n<div class=\"video-home\">\n<h2 class=\"label-home\">Balan\u00e7o Mesa Diretora 2021 &#8211; C\u00e2mara Municipal de S\u00e3o Paulo<\/h2>\n<div class=\"player\">\n<!-- iframe plugin v.6.0 wordpress.org\/plugins\/iframe\/ -->\n<iframe loading=\"lazy\" width=\"100%\" height=\"100%\" src=\"https:\/\/www.youtube.com\/embed\/HJ-0OqUqrYw\" frameborder=\"0\" allow=\"accelerometer; autoplay; clipboard-write; encrypted-media; gyroscope; picture-in-picture\" 0=\"allowfullscreen\" scrolling=\"yes\" class=\"iframe-class\"><\/iframe>\n<\/div>\n<\/div>\n<\/div>\n<div class=\"destaques\">\n<h3><\/h3>\n<h3>Saiba mais sobre os Projetos de Lei aprovados em 2021<\/h3>\n<div class=\"item\">\n<div class=\"figure\"><a href=\"https:\/\/www.saopaulo.sp.leg.br\/blog\/camara-recebe-projeto-do-executivo-para-prorrogacao-do-auxilio-emergencial-municipal\/\" target=\"_blank\" rel=\"noopener\"><img class=\"Sirv image-main\" data-src=\"https:\/\/www.saopaulo.sp.leg.br\/camaraemacao2021\/wp-content\/uploads\/sites\/48\/2021\/12\/bt-01b.jpg\" \/><img class=\"Sirv image-hover\" data-src=\"https:\/\/www.saopaulo.sp.leg.br\/camaraemacao2021\/wp-content\/uploads\/sites\/48\/2021\/12\/bt-01.jpg\" \/><\/a><\/div>\n<\/div>\n<div class=\"item\">\n<div class=\"figure\"><a href=\"\/\/www.saopaulo.sp.leg.br\/blog\/regularizacao-imobiliaria-e-prorrogada-e-vai-ate-marco-de-2022\/\" target=\"_blank\" rel=\"noopener\"><img class=\"Sirv image-main\" data-src=\"https:\/\/www.saopaulo.sp.leg.br\/camaraemacao2021\/wp-content\/uploads\/sites\/48\/2021\/12\/bt-02b.jpg\" \/><img class=\"Sirv image-hover\" data-src=\"https:\/\/www.saopaulo.sp.leg.br\/camaraemacao2021\/wp-content\/uploads\/sites\/48\/2021\/12\/bt-02.jpg\" \/><\/a><\/div>\n<\/div>\n<div class=\"item\">\n<div class=\"figure\"><a href=\"https:\/\/www.saopaulo.sp.leg.br\/blog\/agora-e-lei-implantacao-da-operacao-urbana-consorciada-agua-branca-e-sancionada\/\" target=\"_blank\" rel=\"noopener\"><img class=\"Sirv image-main\" data-src=\"https:\/\/www.saopaulo.sp.leg.br\/camaraemacao2021\/wp-content\/uploads\/sites\/48\/2021\/12\/bt-03b.jpg\" \/><img class=\"Sirv image-hover\" data-src=\"https:\/\/www.saopaulo.sp.leg.br\/camaraemacao2021\/wp-content\/uploads\/sites\/48\/2021\/12\/bt-03.jpg\" \/><\/a><\/div>\n<\/div>\n<div class=\"item\">\n<div class=\"figure\"><a href=\"https:\/\/www.saopaulo.sp.leg.br\/blog\/vereadores-aprovam-lei-das-antenas\/\" target=\"_blank\" rel=\"noopener\"><img class=\"Sirv image-main\" data-src=\"https:\/\/www.saopaulo.sp.leg.br\/camaraemacao2021\/wp-content\/uploads\/sites\/48\/2021\/12\/bt-04b.jpg\" \/><img class=\"Sirv image-hover\" data-src=\"https:\/\/www.saopaulo.sp.leg.br\/camaraemacao2021\/wp-content\/uploads\/sites\/48\/2021\/12\/bt-04.jpg\" \/><\/a><\/div>\n<\/div>\n<div class=\"item\">\n<div class=\"figure\"><a href=\"https:\/\/www.saopaulo.sp.leg.br\/blog\/distribuicao-de-absorventes-as-alunas-da-rede-municipal-agora-e-lei-em-sao-paulo\/\" target=\"_blank\" rel=\"noopener\"><img class=\"Sirv image-main\" data-src=\"https:\/\/www.saopaulo.sp.leg.br\/camaraemacao2021\/wp-content\/uploads\/sites\/48\/2021\/12\/bt-05b.jpg\" \/><img class=\"Sirv image-hover\" data-src=\"https:\/\/www.saopaulo.sp.leg.br\/camaraemacao2021\/wp-content\/uploads\/sites\/48\/2021\/12\/bt-05.jpg\" \/><\/a><\/div>\n<\/div>\n<div class=\"item\">\n<div class=\"figure\"><a href=\"https:\/\/www.saopaulo.sp.leg.br\/blog\/ldo-2022-e-aprovada-pela-camara-de-sp\/\" target=\"_blank\" rel=\"noopener\"><img class=\"Sirv image-main\" data-src=\"https:\/\/www.saopaulo.sp.leg.br\/camaraemacao2021\/wp-content\/uploads\/sites\/48\/2021\/12\/bt-06b.jpg\" \/><img class=\"Sirv image-hover\" data-src=\"https:\/\/www.saopaulo.sp.leg.br\/camaraemacao2021\/wp-content\/uploads\/sites\/48\/2021\/12\/bt-06.jpg\" \/><\/a><\/div>\n<\/div>\n<div class=\"item\">\n<div class=\"figure\"><a href=\"https:\/\/www.saopaulo.sp.leg.br\/blog\/plenario-aprova-programa-de-cremacao-social-e-encerra-discussao-da-ldo\/\" target=\"_blank\" rel=\"noopener\"><img class=\"Sirv image-main\" data-src=\"https:\/\/www.saopaulo.sp.leg.br\/camaraemacao2021\/wp-content\/uploads\/sites\/48\/2021\/12\/bt-07b.jpg\" \/><img class=\"Sirv image-hover\" data-src=\"https:\/\/www.saopaulo.sp.leg.br\/camaraemacao2021\/wp-content\/uploads\/sites\/48\/2021\/12\/bt-07.jpg\" \/><\/a><\/div>\n<\/div>\n<div class=\"item\">\n<div class=\"figure\"><a href=\"https:\/\/www.saopaulo.sp.leg.br\/blog\/camara-de-sp-aprova-reforma-da-previdencia-municipal\/\" target=\"_blank\" rel=\"noopener\"><img class=\"Sirv image-main\" data-src=\"https:\/\/www.saopaulo.sp.leg.br\/camaraemacao2021\/wp-content\/uploads\/sites\/48\/2021\/12\/bt-08b.jpg\" \/><img class=\"Sirv image-hover\" data-src=\"https:\/\/www.saopaulo.sp.leg.br\/camaraemacao2021\/wp-content\/uploads\/sites\/48\/2021\/12\/bt-08.jpg\" \/><\/a><\/div>\n<\/div>\n<div class=\"item\">\n<div class=\"figure\"><a href=\"https:\/\/www.saopaulo.sp.leg.br\/blog\/auxilio-aluguel-para-mulheres-vitimas-de-violencia-domestica-camara-de-sp-lanca-e-book-informativo\/\" target=\"_blank\" rel=\"noopener\"><img class=\"Sirv image-main\" data-src=\"https:\/\/www.saopaulo.sp.leg.br\/camaraemacao2021\/wp-content\/uploads\/sites\/48\/2021\/12\/bt-09b.jpg\" \/><img class=\"Sirv image-hover\" data-src=\"https:\/\/www.saopaulo.sp.leg.br\/camaraemacao2021\/wp-content\/uploads\/sites\/48\/2021\/12\/bt-09.jpg\" \/><\/a><\/div>\n<\/div>\n<div class=\"item\">\n<div class=\"figure\"><a href=\"https:\/\/www.saopaulo.sp.leg.br\/blog\/camara-aprova-em-definitivo-pl-com-novas-normas-para-o-manejo-de-arvores\/\" target=\"_blank\" rel=\"noopener\"><img class=\"Sirv image-main\" data-src=\"https:\/\/www.saopaulo.sp.leg.br\/camaraemacao2021\/wp-content\/uploads\/sites\/48\/2021\/12\/bt-10b.jpg\" \/><img class=\"Sirv image-hover\" data-src=\"https:\/\/www.saopaulo.sp.leg.br\/camaraemacao2021\/wp-content\/uploads\/sites\/48\/2021\/12\/bt-10.jpg\" \/><\/a><\/div>\n<\/div>\n<div class=\"item\">\n<div class=\"figure\"><a href=\"https:\/\/www.saopaulo.sp.leg.br\/blog\/vereadores-aprovam-projeto-que-cria-mais-de-mil-cargos-de-professor-em-sp\/\" target=\"_blank\" rel=\"noopener\"><img class=\"Sirv image-main\" data-src=\"https:\/\/www.saopaulo.sp.leg.br\/camaraemacao2021\/wp-content\/uploads\/sites\/48\/2021\/12\/bt-11b.jpg\" \/><img class=\"Sirv image-hover\" data-src=\"https:\/\/www.saopaulo.sp.leg.br\/camaraemacao2021\/wp-content\/uploads\/sites\/48\/2021\/12\/bt-11.jpg\" \/><\/a><\/div>\n<\/div>\n<div class=\"item\">\n<div class=\"figure\"><a href=\"https:\/\/www.saopaulo.sp.leg.br\/blog\/plenario-aprova-em-definitivo-pl-que-trava-correcao-do-iptu-a-inflacao-ate-2024\/\" target=\"_blank\" rel=\"noopener\"><img class=\"Sirv image-main\" data-src=\"https:\/\/www.saopaulo.sp.leg.br\/camaraemacao2021\/wp-content\/uploads\/sites\/48\/2021\/12\/bt-12b.jpg\" \/><img class=\"Sirv image-hover\" data-src=\"https:\/\/www.saopaulo.sp.leg.br\/camaraemacao2021\/wp-content\/uploads\/sites\/48\/2021\/12\/bt-12.jpg\" \/><\/a><\/div>\n<\/div>\n<div class=\"item\">\n<div class=\"figure\"><a href=\"https:\/\/www.saopaulo.sp.leg.br\/blog\/camara-de-sp-autoriza-prefeitura-a-fazer-acordo-para-quitar-divida-bilionaria-do-municipio-com-a-uniao\/\" target=\"_blank\" rel=\"noopener\"><img class=\"Sirv image-main\" data-src=\"https:\/\/www.saopaulo.sp.leg.br\/camaraemacao2021\/wp-content\/uploads\/sites\/48\/2021\/12\/bt-13b.jpg\" \/><img class=\"Sirv image-hover\" data-src=\"https:\/\/www.saopaulo.sp.leg.br\/camaraemacao2021\/wp-content\/uploads\/sites\/48\/2021\/12\/bt-13.jpg\" \/><\/a><\/div>\n<\/div>\n<div class=\"item\">\n<div class=\"figure\"><a href=\"https:\/\/www.saopaulo.sp.leg.br\/orcamento2022\/\" target=\"_blank\" rel=\"noopener\"><img class=\"Sirv image-main\" data-src=\"https:\/\/www.saopaulo.sp.leg.br\/camaraemacao2021\/wp-content\/uploads\/sites\/48\/2021\/12\/bt-14b.jpg\" \/><img class=\"Sirv image-hover\" data-src=\"https:\/\/www.saopaulo.sp.leg.br\/camaraemacao2021\/wp-content\/uploads\/sites\/48\/2021\/12\/bt-14.jpg\" \/><\/a><\/div>\n<\/div>\n<\/div>\n","protected":false},"excerpt":{"rendered":"<p>Balan\u00e7o Mesa Diretora 2021 &#8211; C\u00e2mara Municipal de S\u00e3o Paulo Saiba mais sobre os Projetos de Lei aprovados em 2021<\/p>\n","protected":false},"author":733,"featured_media":0,"parent":0,"menu_order":0,"comment_status":"closed","ping_status":"closed","template":"","meta":{"_acf_changed":false,"footnotes":""},"class_list":["post-5","page","type-page","status-publish","hentry"],"acf":[],"_links":{"self":[{"href":"https:\/\/www.saopaulo.sp.leg.br\/camaraemacao2021\/wp-json\/wp\/v2\/pages\/5","targetHints":{"allow":["GET"]}}],"collection":[{"href":"https:\/\/www.saopaulo.sp.leg.br\/camaraemacao2021\/wp-json\/wp\/v2\/pages"}],"about":[{"href":"https:\/\/www.saopaulo.sp.leg.br\/camaraemacao2021\/wp-json\/wp\/v2\/types\/page"}],"author":[{"embeddable":true,"href":"https:\/\/www.saopaulo.sp.leg.br\/camaraemacao2021\/wp-json\/wp\/v2\/users\/733"}],"replies":[{"embeddable":true,"href":"https:\/\/www.saopaulo.sp.leg.br\/camaraemacao2021\/wp-json\/wp\/v2\/comments?post=5"}],"version-history":[{"count":0,"href":"https:\/\/www.saopaulo.sp.leg.br\/camaraemacao2021\/wp-json\/wp\/v2\/pages\/5\/revisions"}],"wp:attachment":[{"href":"https:\/\/www.saopaulo.sp.leg.br\/camaraemacao2021\/wp-json\/wp\/v2\/media?parent=5"}],"curies":[{"name":"wp","href":"https:\/\/api.w.org\/{rel}","templated":true}]}}