{"id":9528,"date":"2026-04-30T11:20:42","date_gmt":"2026-04-30T14:20:42","guid":{"rendered":"https:\/\/www.saopaulo.sp.leg.br\/audienciaspublicas\/?post_type=audiencia&#038;p=9528"},"modified":"2026-04-30T11:20:42","modified_gmt":"2026-04-30T14:20:42","slug":"saude07-12-05-2026","status":"publish","type":"audiencia","link":"https:\/\/www.saopaulo.sp.leg.br\/audienciaspublicas\/audiencia\/saude07-12-05-2026\/","title":{"rendered":"SAUDE07-12-05-2026"},"content":{"rendered":"<div id=\"divCategoria#0\" class=\"divCategoriaClass\" data-codigocategoria=\"6\"><b>Audi\u00eancia P\u00fablica<\/b><br \/>\nAudi\u00eancia P\u00fablica convocada para discutir a seguinte mat\u00e9ria, conforme Requerimento 6\/2026, de autoria da Ver. Amanda Paschoal, aprovado em 15\/04\/2026:<br \/>\nPL 1105\/2025 &#8211; Ver. Renata Falzoni (PSB) &#8211; Institui a Pol\u00edtica Municipal de Aten\u00e7\u00e3o Integral \u00e0 Pessoa com Encefalomielite Mi\u00e1lgica ou S\u00edndrome da Fadiga Cr\u00f4nica, no \u00e2mbito do Munic\u00edpio de S\u00e3o Paulo, e d\u00e1 outras provid\u00eancias.<\/p>\n<div id=\"divItemPauta_1\" class=\"itemPautaClass projeto\">\n<table>\n<tbody>\n<tr>\n<td>\n<table>\n<tbody>\n<tr>\n<th>1)\u00a0<a href=\"https:\/\/splegisconsulta.saopaulo.sp.leg.br\/Pesquisa\/DetailsMateriaTramitacaoLegislativa?tipo=1&amp;ano=2025&amp;numero=1105\" target=\"_blank\" rel=\"noopener\">PL\u00a01105\/2025<\/a><\/th>\n<th>Ver. RENATA FALZONI (PSB), Ver. SILVINHO LEITE (UNI\u00c3O)<\/th>\n<\/tr>\n<tr>\n<td colspan=\"2\">Institui a Pol\u00edtica Municipal de Aten\u00e7\u00e3o Integral \u00e0 Pessoa com Encefalomielite Mi\u00e1lgica ou S\u00edndrome da Fadiga Cr\u00f4nica, no \u00e2mbito do Munic\u00edpio de S\u00e3o Paulo, e d\u00e1 outras provid\u00eancias.<\/td>\n<\/tr>\n<\/tbody>\n<\/table>\n<\/td>\n<\/tr>\n<\/tbody>\n<\/table>\n<p>Local: Sala Oscar Pedroso Horta (1\u00ba subsolo)<\/p>\n<p>As inscri\u00e7\u00f5es para participa\u00e7\u00e3o virtual nesta Audi\u00eancia P\u00fablica se encerrar\u00e3o \u00e0s 12h do dia 14\/05\/2026.<\/p>\n<\/div>\n<\/div>\n","protected":false},"template":"","meta":{"_acf_changed":false,"footnotes":""},"class_list":["post-9528","audiencia","type-audiencia","status-publish","hentry"],"acf":{"ap_agenda":"2026-05-12 19:00:00","ap_agenda_fim":"2026-05-30 22:00:00","ap_inscricao":"Inscri\u00e7\u00f5es abertas","ap_comissao":"Comiss\u00e3o de Sa\u00fade, Promo\u00e7\u00e3o Social, Trabalho e Mulher","ap_contato":"saude@saopaulo.sp.leg.br","ap_colabore":1,"ap_form_inscricoes":2,"link_teleconferencia":"https:\/\/teams.microsoft.com\/meet\/298949029071155?p=nfQSXFtrbrofsZd5Tp"},"_links":{"self":[{"href":"https:\/\/www.saopaulo.sp.leg.br\/audienciaspublicas\/wp-json\/wp\/v2\/audiencia\/9528","targetHints":{"allow":["GET"]}}],"collection":[{"href":"https:\/\/www.saopaulo.sp.leg.br\/audienciaspublicas\/wp-json\/wp\/v2\/audiencia"}],"about":[{"href":"https:\/\/www.saopaulo.sp.leg.br\/audienciaspublicas\/wp-json\/wp\/v2\/types\/audiencia"}],"version-history":[{"count":1,"href":"https:\/\/www.saopaulo.sp.leg.br\/audienciaspublicas\/wp-json\/wp\/v2\/audiencia\/9528\/revisions"}],"predecessor-version":[{"id":9529,"href":"https:\/\/www.saopaulo.sp.leg.br\/audienciaspublicas\/wp-json\/wp\/v2\/audiencia\/9528\/revisions\/9529"}],"wp:attachment":[{"href":"https:\/\/www.saopaulo.sp.leg.br\/audienciaspublicas\/wp-json\/wp\/v2\/media?parent=9528"}],"curies":[{"name":"wp","href":"https:\/\/api.w.org\/{rel}","templated":true}]}}

<div id="divCategoria#0" class="divCategoriaClass" data-codigocategoria="6"><b>Audiência Pública</b><br />
Audiência Pública convocada para discutir a seguinte matéria, conforme Requerimento 6/2026, de autoria da Ver. Amanda Paschoal, aprovado em 15/04/2026:<br />
PL 1105/2025 &#8211; Ver. Renata Falzoni (PSB) &#8211; Institui a Política Municipal de Atenção Integral à Pessoa com Encefalomielite Miálgica ou Síndrome da Fadiga Crônica, no âmbito do Município de São Paulo, e dá outras providências.</p>
<div id="divItemPauta_1" class="itemPautaClass projeto">
<table>
<tbody>
<tr>
<td>
<table>
<tbody>
<tr>
<th>1) <a href="https://splegisconsulta.saopaulo.sp.leg.br/Pesquisa/DetailsMateriaTramitacaoLegislativa?tipo=1&amp;ano=2025&amp;numero=1105" target="_blank" rel="noopener">PL 1105/2025</a></th>
<th>Ver. RENATA FALZONI (PSB), Ver. SILVINHO LEITE (UNIÃO)</th>
</tr>
<tr>
<td colspan="2">Institui a Política Municipal de Atenção Integral à Pessoa com Encefalomielite Miálgica ou Síndrome da Fadiga Crônica, no âmbito do Município de São Paulo, e dá outras providências.</td>
</tr>
</tbody>
</table>
</td>
</tr>
</tbody>
</table>
<p>Local: Sala Oscar Pedroso Horta (1º subsolo)</p>
<p>As inscrições para participação virtual nesta Audiência Pública se encerrarão às 12h do dia 14/05/2026.</p>
</div>
</div>

Inscrições abertas

Comissão de Saúde, Promoção Social, Trabalho e Mulher
