{"id":9503,"date":"2026-04-29T15:55:08","date_gmt":"2026-04-29T18:55:08","guid":{"rendered":"https:\/\/www.saopaulo.sp.leg.br\/audienciaspublicas\/?post_type=audiencia&#038;p=9503"},"modified":"2026-04-29T15:55:08","modified_gmt":"2026-04-29T18:55:08","slug":"ccj01-04-05-2026","status":"publish","type":"audiencia","link":"https:\/\/www.saopaulo.sp.leg.br\/audienciaspublicas\/audiencia\/ccj01-04-05-2026\/","title":{"rendered":"CCJ01-04-05-2026"},"content":{"rendered":"<div id=\"divCategoria#0\" class=\"divCategoriaClass\" data-codigocategoria=\"6\">AUDI\u00caNCIA P\u00daBLICA<\/p>\n<div id=\"divItemPauta_1\" class=\"itemPautaClass projeto\">\n<table>\n<tbody>\n<tr>\n<td>\n<table>\n<tbody>\n<tr>\n<th>1)\u00a0<a href=\"https:\/\/splegisconsulta.saopaulo.sp.leg.br\/Pesquisa\/DetailsMateriaTramitacaoLegislativa?tipo=1&amp;ano=2026&amp;numero=298\" target=\"_blank\" rel=\"noopener\">PL\u00a0298\/2026<\/a><\/th>\n<th>Executivo &#8211; RICARDO NUNES<\/th>\n<\/tr>\n<tr>\n<td colspan=\"2\">Institui o Programa Mais Integra\u00e7\u00e3o no \u00e2mbito da Rede Municipal de Ensino, estabelece diretrizes para a coopera\u00e7\u00e3o entre as unidades educacionais que o integram e disp\u00f5e sobre mecanismos de fomento e valoriza\u00e7\u00e3o profissional no \u00e2mbito das parcerias.<\/td>\n<\/tr>\n<tr>\n<td colspan=\"2\">Relator: Ver. SANS\u00c3O PEREIRA (REPUBLICANOS)<\/td>\n<\/tr>\n<\/tbody>\n<\/table>\n<\/td>\n<\/tr>\n<\/tbody>\n<\/table>\n<\/div>\n<\/div>\n<p>Local: Sal\u00e3o Nobre Presidente Jo\u00e3o Brasil Vita (8\u00ba andar)<\/p>\n<p>As inscri\u00e7\u00f5es para participa\u00e7\u00e3o virtual nesta Audi\u00eancia P\u00fablica se encerrar\u00e3o \u00e0s 18h do dia 03\/05\/2026.<\/p>\n","protected":false},"template":"","meta":{"_acf_changed":false,"footnotes":""},"class_list":["post-9503","audiencia","type-audiencia","status-publish","hentry"],"acf":{"ap_agenda":"2026-05-04 10:30:00","ap_agenda_fim":"2026-05-04 12:00:00","ap_inscricao":"Inscri\u00e7\u00f5es abertas","ap_comissao":"Comiss\u00e3o de Constitui\u00e7\u00e3o, Justi\u00e7a e Legisla\u00e7\u00e3o Participativa","ap_contato":"ccj@saopaulo.sp.leg.br","ap_colabore":1,"ap_form_inscricoes":2,"link_teleconferencia":"https:\/\/teams.microsoft.com\/meet\/264826572572933?p=zXDIHRnX1nneGLjzaa"},"_links":{"self":[{"href":"https:\/\/www.saopaulo.sp.leg.br\/audienciaspublicas\/wp-json\/wp\/v2\/audiencia\/9503","targetHints":{"allow":["GET"]}}],"collection":[{"href":"https:\/\/www.saopaulo.sp.leg.br\/audienciaspublicas\/wp-json\/wp\/v2\/audiencia"}],"about":[{"href":"https:\/\/www.saopaulo.sp.leg.br\/audienciaspublicas\/wp-json\/wp\/v2\/types\/audiencia"}],"version-history":[{"count":1,"href":"https:\/\/www.saopaulo.sp.leg.br\/audienciaspublicas\/wp-json\/wp\/v2\/audiencia\/9503\/revisions"}],"predecessor-version":[{"id":9504,"href":"https:\/\/www.saopaulo.sp.leg.br\/audienciaspublicas\/wp-json\/wp\/v2\/audiencia\/9503\/revisions\/9504"}],"wp:attachment":[{"href":"https:\/\/www.saopaulo.sp.leg.br\/audienciaspublicas\/wp-json\/wp\/v2\/media?parent=9503"}],"curies":[{"name":"wp","href":"https:\/\/api.w.org\/{rel}","templated":true}]}}

<div id="divCategoria#0" class="divCategoriaClass" data-codigocategoria="6">AUDIÊNCIA PÚBLICA</p>
<div id="divItemPauta_1" class="itemPautaClass projeto">
<table>
<tbody>
<tr>
<td>
<table>
<tbody>
<tr>
<th>1) <a href="https://splegisconsulta.saopaulo.sp.leg.br/Pesquisa/DetailsMateriaTramitacaoLegislativa?tipo=1&amp;ano=2026&amp;numero=298" target="_blank" rel="noopener">PL 298/2026</a></th>
<th>Executivo &#8211; RICARDO NUNES</th>
</tr>
<tr>
<td colspan="2">Institui o Programa Mais Integração no âmbito da Rede Municipal de Ensino, estabelece diretrizes para a cooperação entre as unidades educacionais que o integram e dispõe sobre mecanismos de fomento e valorização profissional no âmbito das parcerias.</td>
</tr>
<tr>
<td colspan="2">Relator: Ver. SANSÃO PEREIRA (REPUBLICANOS)</td>
</tr>
</tbody>
</table>
</td>
</tr>
</tbody>
</table>
</div>
</div>
<p>Local: Salão Nobre Presidente João Brasil Vita (8º andar)</p>
<p>As inscrições para participação virtual nesta Audiência Pública se encerrarão às 18h do dia 03/05/2026.</p>

Inscrições abertas

Comissão de Constituição, Justiça e Legislação Participativa
