{"id":9496,"date":"2026-04-29T11:47:05","date_gmt":"2026-04-29T14:47:05","guid":{"rendered":"https:\/\/www.saopaulo.sp.leg.br\/audienciaspublicas\/?post_type=audiencia&#038;p=9496"},"modified":"2026-04-29T11:47:05","modified_gmt":"2026-04-29T14:47:05","slug":"econ05-06-05-2026","status":"publish","type":"audiencia","link":"https:\/\/www.saopaulo.sp.leg.br\/audienciaspublicas\/audiencia\/econ05-06-05-2026\/","title":{"rendered":"ECON05-06-05-2026"},"content":{"rendered":"<div id=\"divCategoria#0\" class=\"divCategoriaClass\" data-codigocategoria=\"6\"><b>Audi\u00eancia P\u00fablica<\/b><\/div>\n<div data-codigocategoria=\"6\"><\/div>\n<div class=\"divCategoriaClass\" data-codigocategoria=\"6\">Tema: Di\u00e1logo e Avalia\u00e7\u00e3o dos impactos ambientais, urban\u00edsticos e<br \/>\npatrimoniais da instala\u00e7\u00e3o de Polos Gastron\u00f4micos<\/p>\n<\/div>\n<div id=\"divCategoria#1\" class=\"divCategoriaClass\" data-codigocategoria=\"2\">Foram convidados para a presente Audi\u00eancia:<br \/>\n&#8211; Secretaria do Verde e Meio Ambiente (SVMA);<br \/>\n&#8211; Secretaria Executiva de Desestatiza\u00e7\u00e3o e Parcerias (SEDP);<br \/>\n&#8211; Secretaria de Governo Municipal;<br \/>\n&#8211; Conselhos Gestores dos Parques Municipais afetados ;<br \/>\n&#8211; Conselho Municipal do Meio ambiente e Desenvolvimento Sustent\u00e1vel (CADES).<br \/>\nLocal: Sal\u00e3o Nobre Presidente Jo\u00e3o Brasil Vita (8\u00ba andar)<\/p>\n<p>As inscri\u00e7\u00f5es para participa\u00e7\u00e3o virtual nesta Audi\u00eancia P\u00fablica se encerrar\u00e3o \u00e0s 17h do dia 05\/05\/2026.<\/p>\n<\/div>\n","protected":false},"template":"","meta":{"_acf_changed":false,"footnotes":""},"class_list":["post-9496","audiencia","type-audiencia","status-publish","hentry"],"acf":{"ap_agenda":"2026-05-06 19:00:00","ap_agenda_fim":"2026-05-06 22:00:00","ap_inscricao":"Inscri\u00e7\u00f5es abertas","ap_comissao":"Comiss\u00e3o de Tr\u00e2nsito, Transporte e Atividade Econ\u00f4mica","ap_contato":"transito@saopaulo.sp.leg.br ","ap_colabore":1,"ap_form_inscricoes":2,"link_teleconferencia":"https:\/\/teams.microsoft.com\/meet\/297567795525174?p=UvK5y8HCXrn7Tuv0k2"},"_links":{"self":[{"href":"https:\/\/www.saopaulo.sp.leg.br\/audienciaspublicas\/wp-json\/wp\/v2\/audiencia\/9496","targetHints":{"allow":["GET"]}}],"collection":[{"href":"https:\/\/www.saopaulo.sp.leg.br\/audienciaspublicas\/wp-json\/wp\/v2\/audiencia"}],"about":[{"href":"https:\/\/www.saopaulo.sp.leg.br\/audienciaspublicas\/wp-json\/wp\/v2\/types\/audiencia"}],"version-history":[{"count":1,"href":"https:\/\/www.saopaulo.sp.leg.br\/audienciaspublicas\/wp-json\/wp\/v2\/audiencia\/9496\/revisions"}],"predecessor-version":[{"id":9497,"href":"https:\/\/www.saopaulo.sp.leg.br\/audienciaspublicas\/wp-json\/wp\/v2\/audiencia\/9496\/revisions\/9497"}],"wp:attachment":[{"href":"https:\/\/www.saopaulo.sp.leg.br\/audienciaspublicas\/wp-json\/wp\/v2\/media?parent=9496"}],"curies":[{"name":"wp","href":"https:\/\/api.w.org\/{rel}","templated":true}]}}

<div id="divCategoria#0" class="divCategoriaClass" data-codigocategoria="6"><b>Audiência Pública</b></div>
<div data-codigocategoria="6"></div>
<div class="divCategoriaClass" data-codigocategoria="6">Tema: Diálogo e Avaliação dos impactos ambientais, urbanísticos e<br />
patrimoniais da instalação de Polos Gastronômicos</p>
</div>
<div id="divCategoria#1" class="divCategoriaClass" data-codigocategoria="2">Foram convidados para a presente Audiência:<br />
&#8211; Secretaria do Verde e Meio Ambiente (SVMA);<br />
&#8211; Secretaria Executiva de Desestatização e Parcerias (SEDP);<br />
&#8211; Secretaria de Governo Municipal;<br />
&#8211; Conselhos Gestores dos Parques Municipais afetados ;<br />
&#8211; Conselho Municipal do Meio ambiente e Desenvolvimento Sustentável (CADES).<br />
Local: Salão Nobre Presidente João Brasil Vita (8º andar)</p>
<p>As inscrições para participação virtual nesta Audiência Pública se encerrarão às 17h do dia 05/05/2026.</p>
</div>

Inscrições abertas

Comissão de Trânsito, Transporte e Atividade Econômica
