{"id":9331,"date":"2026-03-13T15:15:44","date_gmt":"2026-03-13T18:15:44","guid":{"rendered":"https:\/\/www.saopaulo.sp.leg.br\/audienciaspublicas\/?post_type=audiencia&#038;p=9331"},"modified":"2026-03-17T18:00:37","modified_gmt":"2026-03-17T21:00:37","slug":"saude07-18-03-2026","status":"publish","type":"audiencia","link":"https:\/\/www.saopaulo.sp.leg.br\/audienciaspublicas\/audiencia\/saude07-18-03-2026\/","title":{"rendered":"SAUDE07-18-03-2026"},"content":{"rendered":"<div id=\"divCategoria#0\" class=\"divCategoriaClass\" data-codigocategoria=\"6\">\n<p>Audi\u00eancia P\u00fablica<\/p>\n<p>Audi\u00eancia P\u00fablica convocada em cumprimento a Lei Complementar n\u00b0 141\/2012, para que a Secretaria Municipal da Sa\u00fade apresente o Relat\u00f3rio Detalhado da Execu\u00e7\u00e3o Or\u00e7ament\u00e1ria e Financeira referente ao 3\u00ba Quadrimestre de 2025.<br \/>\nLocal: Sal\u00e3o Nobre Presidente Jo\u00e3o Brasil Vita (8\u00ba andar)<\/p>\n<p>As inscri\u00e7\u00f5es para participa\u00e7\u00e3o virtual nesta Audi\u00eancia P\u00fablica se encerrar\u00e3o \u00e0s 18h do dia 17\/03\/2026<\/p>\n<\/div>\n","protected":false},"template":"","meta":{"_acf_changed":false,"footnotes":""},"class_list":["post-9331","audiencia","type-audiencia","status-publish","hentry"],"acf":{"ap_agenda":"2026-03-18 13:30:00","ap_agenda_fim":"2026-03-18 15:00:00","ap_inscricao":"Inscri\u00e7\u00f5es encerradas","ap_comissao":"Comiss\u00e3o de Sa\u00fade, Promo\u00e7\u00e3o Social, Trabalho e Mulher","ap_contato":"saude@saopaulo.sp.leg.br","ap_colabore":1,"ap_form_inscricoes":2,"link_teleconferencia":"https:\/\/teams.microsoft.com\/meet\/21783655885854?p=cSMhdk7pdpIiLBqaeb"},"_links":{"self":[{"href":"https:\/\/www.saopaulo.sp.leg.br\/audienciaspublicas\/wp-json\/wp\/v2\/audiencia\/9331","targetHints":{"allow":["GET"]}}],"collection":[{"href":"https:\/\/www.saopaulo.sp.leg.br\/audienciaspublicas\/wp-json\/wp\/v2\/audiencia"}],"about":[{"href":"https:\/\/www.saopaulo.sp.leg.br\/audienciaspublicas\/wp-json\/wp\/v2\/types\/audiencia"}],"version-history":[{"count":2,"href":"https:\/\/www.saopaulo.sp.leg.br\/audienciaspublicas\/wp-json\/wp\/v2\/audiencia\/9331\/revisions"}],"predecessor-version":[{"id":9350,"href":"https:\/\/www.saopaulo.sp.leg.br\/audienciaspublicas\/wp-json\/wp\/v2\/audiencia\/9331\/revisions\/9350"}],"wp:attachment":[{"href":"https:\/\/www.saopaulo.sp.leg.br\/audienciaspublicas\/wp-json\/wp\/v2\/media?parent=9331"}],"curies":[{"name":"wp","href":"https:\/\/api.w.org\/{rel}","templated":true}]}}

<div id="divCategoria#0" class="divCategoriaClass" data-codigocategoria="6">
<p>Audiência Pública</p>
<p>Audiência Pública convocada em cumprimento a Lei Complementar n° 141/2012, para que a Secretaria Municipal da Saúde apresente o Relatório Detalhado da Execução Orçamentária e Financeira referente ao 3º Quadrimestre de 2025.<br />
Local: Salão Nobre Presidente João Brasil Vita (8º andar)</p>
<p>As inscrições para participação virtual nesta Audiência Pública se encerrarão às 18h do dia 17/03/2026</p>
</div>

Inscrições encerradas

Comissão de Saúde, Promoção Social, Trabalho e Mulher
