{"id":9265,"date":"2025-12-11T21:15:42","date_gmt":"2025-12-12T00:15:42","guid":{"rendered":"https:\/\/www.saopaulo.sp.leg.br\/audienciaspublicas\/?post_type=audiencia&#038;p=9265"},"modified":"2025-12-16T10:10:11","modified_gmt":"2025-12-16T13:10:11","slug":"saude07-16-12-2025","status":"publish","type":"audiencia","link":"https:\/\/www.saopaulo.sp.leg.br\/audienciaspublicas\/audiencia\/saude07-16-12-2025\/","title":{"rendered":"SAUDE07-16-12-2025"},"content":{"rendered":"<div id=\"divCategoria#0\" class=\"divCategoriaClass\" data-codigocategoria=\"6\">\n<p>Audi\u00eancia P\u00fablica<\/p>\n<div id=\"divItemPauta_1\" class=\"itemPautaClass projeto\">\n<table>\n<tbody>\n<tr>\n<td>\n<table>\n<tbody>\n<tr>\n<th>1)\u00a0<a href=\"https:\/\/splegisconsulta.saopaulo.sp.leg.br\/Pesquisa\/DetailsDetalhado?COD_MTRA_LEGL=1&amp;ANO_PCSS_CMSP=2025&amp;COD_PCSS_CMSP=1461\" target=\"_blank\" rel=\"noopener\">PL\u00a01461\/2025<\/a><\/th>\n<th>Executivo &#8211; RICARDO NUNES<\/th>\n<\/tr>\n<tr>\n<td colspan=\"2\">Altera a Lei n\u00ba 13.545, de 31 de mar\u00e7o de 2003, para estabelecer novos crit\u00e9rios para o c\u00e1lculo dos valores do aux\u00edlio pecuni\u00e1rio [Refere-se ao aux\u00edlio pecuni\u00e1rio concedido ao Servi\u00e7o Fam\u00edlia Acolhedora (SFA)].<\/td>\n<\/tr>\n<\/tbody>\n<\/table>\n<\/td>\n<\/tr>\n<\/tbody>\n<\/table>\n<p>Local: Audit\u00f3rio Prestes Maia (1\u00ba andar)<\/p>\n<p>As inscri\u00e7\u00f5es para participa\u00e7\u00e3o virtual nesta Audi\u00eancia P\u00fablica se encerrar\u00e3o \u00e0s 10h do dia 16\/12\/2025.<\/p>\n<\/div>\n<\/div>\n","protected":false},"template":"","meta":{"_acf_changed":false,"footnotes":""},"class_list":["post-9265","audiencia","type-audiencia","status-publish","hentry"],"acf":{"ap_agenda":"2025-12-16 13:00:00","ap_agenda_fim":"2025-12-16 14:00:00","ap_inscricao":"Inscri\u00e7\u00f5es encerradas","ap_comissao":"Comiss\u00e3o de Sa\u00fade, Promo\u00e7\u00e3o Social, Trabalho e Mulher","ap_contato":"saude@saopaulo.sp.leg.br","ap_colabore":1,"ap_form_inscricoes":2,"link_teleconferencia":"https:\/\/teams.microsoft.com\/l\/meetup-join\/19%3ameeting_YWUzNmU1MDItOWI3My00N2YzLWFhODktOTAyNWNmNDNiZjAy%40thread.v2\/0?context=%7b%22Tid%22%3a%227957948c-6ecd-4471-8dcf-a301702d306c%22%2c%22Oid%22%3a%22bdfe53b0-d6c3-456b-b4cc-57d66f94e7d8%22%7d"},"_links":{"self":[{"href":"https:\/\/www.saopaulo.sp.leg.br\/audienciaspublicas\/wp-json\/wp\/v2\/audiencia\/9265","targetHints":{"allow":["GET"]}}],"collection":[{"href":"https:\/\/www.saopaulo.sp.leg.br\/audienciaspublicas\/wp-json\/wp\/v2\/audiencia"}],"about":[{"href":"https:\/\/www.saopaulo.sp.leg.br\/audienciaspublicas\/wp-json\/wp\/v2\/types\/audiencia"}],"version-history":[{"count":2,"href":"https:\/\/www.saopaulo.sp.leg.br\/audienciaspublicas\/wp-json\/wp\/v2\/audiencia\/9265\/revisions"}],"predecessor-version":[{"id":9270,"href":"https:\/\/www.saopaulo.sp.leg.br\/audienciaspublicas\/wp-json\/wp\/v2\/audiencia\/9265\/revisions\/9270"}],"wp:attachment":[{"href":"https:\/\/www.saopaulo.sp.leg.br\/audienciaspublicas\/wp-json\/wp\/v2\/media?parent=9265"}],"curies":[{"name":"wp","href":"https:\/\/api.w.org\/{rel}","templated":true}]}}

<div id="divCategoria#0" class="divCategoriaClass" data-codigocategoria="6">
<p>Audiência Pública</p>
<div id="divItemPauta_1" class="itemPautaClass projeto">
<table>
<tbody>
<tr>
<td>
<table>
<tbody>
<tr>
<th>1) <a href="https://splegisconsulta.saopaulo.sp.leg.br/Pesquisa/DetailsDetalhado?COD_MTRA_LEGL=1&amp;ANO_PCSS_CMSP=2025&amp;COD_PCSS_CMSP=1461" target="_blank" rel="noopener">PL 1461/2025</a></th>
<th>Executivo &#8211; RICARDO NUNES</th>
</tr>
<tr>
<td colspan="2">Altera a Lei nº 13.545, de 31 de março de 2003, para estabelecer novos critérios para o cálculo dos valores do auxílio pecuniário [Refere-se ao auxílio pecuniário concedido ao Serviço Família Acolhedora (SFA)].</td>
</tr>
</tbody>
</table>
</td>
</tr>
</tbody>
</table>
<p>Local: Auditório Prestes Maia (1º andar)</p>
<p>As inscrições para participação virtual nesta Audiência Pública se encerrarão às 10h do dia 16/12/2025.</p>
</div>
</div>

Inscrições encerradas

Comissão de Saúde, Promoção Social, Trabalho e Mulher
