{"id":8835,"date":"2025-10-22T18:30:51","date_gmt":"2025-10-22T21:30:51","guid":{"rendered":"https:\/\/www.saopaulo.sp.leg.br\/audienciaspublicas\/?post_type=audiencia&#038;p=8835"},"modified":"2025-10-28T12:00:08","modified_gmt":"2025-10-28T15:00:08","slug":"fin02-28-10-2025","status":"publish","type":"audiencia","link":"https:\/\/www.saopaulo.sp.leg.br\/audienciaspublicas\/audiencia\/fin02-28-10-2025\/","title":{"rendered":"FIN02-28-10-2025"},"content":{"rendered":"<p>Audi\u00eancia P\u00fablica<\/p>\n<p>Para atender ao Requerimento 30\/2025, de autoria do Vereador Dheison Silva, para debater o PL 657\/2021, de autoria do ent\u00e3o Vereador Alfredinho, que \u201cdisp\u00f5e sobre a cria\u00e7\u00e3o do Programa de Fomento ao Esporte da Periferia do Munic\u00edpio de S\u00e3o Paulo e d\u00e1 outras provid\u00eancias\u201d.<\/p>\n<p>Local: Sala S\u00e9rgio Vieira de Mello &#8211; 1\u00ba subsolo e Audit\u00f3rio Virtual<\/p>\n<p>As inscri\u00e7\u00f5es para participa\u00e7\u00e3o virtual nesta Audi\u00eancia P\u00fablica se encerrar\u00e3o \u00e0s 12h do dia 28\/10\/2025.<\/p>\n","protected":false},"template":"","meta":{"_acf_changed":false,"footnotes":""},"class_list":["post-8835","audiencia","type-audiencia","status-publish","hentry"],"acf":{"ap_agenda":"2025-10-28 19:00:00","ap_agenda_fim":"2025-10-28 22:00:00","ap_inscricao":"Inscri\u00e7\u00f5es encerradas","ap_comissao":"Comiss\u00e3o de Finan\u00e7as e Or\u00e7amento","ap_contato":"financas@saopaulo.sp.leg.br","ap_colabore":1,"ap_form_inscricoes":2,"link_teleconferencia":"https:\/\/teams.microsoft.com\/l\/meetup-join\/19%3ameeting_MTgyMGQ4OTQtZmQyNC00YmFjLWFjZDItZjI2MDgzNTE1NDRm%40thread.v2\/0?context=%7b%22Tid%22%3a%227957948c-6ecd-4471-8dcf-a301702d306c%22%2c%22Oid%22%3a%22c93e0d6d-9643-4b01-ac71-2029c6a940f9%22%7d"},"_links":{"self":[{"href":"https:\/\/www.saopaulo.sp.leg.br\/audienciaspublicas\/wp-json\/wp\/v2\/audiencia\/8835","targetHints":{"allow":["GET"]}}],"collection":[{"href":"https:\/\/www.saopaulo.sp.leg.br\/audienciaspublicas\/wp-json\/wp\/v2\/audiencia"}],"about":[{"href":"https:\/\/www.saopaulo.sp.leg.br\/audienciaspublicas\/wp-json\/wp\/v2\/types\/audiencia"}],"version-history":[{"count":2,"href":"https:\/\/www.saopaulo.sp.leg.br\/audienciaspublicas\/wp-json\/wp\/v2\/audiencia\/8835\/revisions"}],"predecessor-version":[{"id":8908,"href":"https:\/\/www.saopaulo.sp.leg.br\/audienciaspublicas\/wp-json\/wp\/v2\/audiencia\/8835\/revisions\/8908"}],"wp:attachment":[{"href":"https:\/\/www.saopaulo.sp.leg.br\/audienciaspublicas\/wp-json\/wp\/v2\/media?parent=8835"}],"curies":[{"name":"wp","href":"https:\/\/api.w.org\/{rel}","templated":true}]}}

<p>Audiência Pública</p>
<p>Para atender ao Requerimento 30/2025, de autoria do Vereador Dheison Silva, para debater o PL 657/2021, de autoria do então Vereador Alfredinho, que “dispõe sobre a criação do Programa de Fomento ao Esporte da Periferia do Município de São Paulo e dá outras providências”.</p>
<p>Local: Sala Sérgio Vieira de Mello &#8211; 1º subsolo e Auditório Virtual</p>
<p>As inscrições para participação virtual nesta Audiência Pública se encerrarão às 12h do dia 28/10/2025.</p>

Inscrições encerradas

Comissão de Finanças e Orçamento
