{"id":8648,"date":"2025-10-13T15:49:37","date_gmt":"2025-10-13T18:49:37","guid":{"rendered":"https:\/\/www.saopaulo.sp.leg.br\/audienciaspublicas\/?post_type=audiencia&#038;p=8648"},"modified":"2025-10-22T22:38:48","modified_gmt":"2025-10-23T01:38:48","slug":"fin02-23-10-2025","status":"publish","type":"audiencia","link":"https:\/\/www.saopaulo.sp.leg.br\/audienciaspublicas\/audiencia\/fin02-23-10-2025\/","title":{"rendered":"FIN02-23-10-2025"},"content":{"rendered":"<div id=\"divCategoria#0\" class=\"divCategoriaClass\" data-codigocategoria=\"6\">Audi\u00eancia P\u00fablica<\/div>\n<div class=\"divCategoriaClass\" data-codigocategoria=\"6\">\n<div>\n<table>\n<tbody>\n<tr>\n<th>1)\u00a0<a href=\"https:\/\/splegisconsulta.saopaulo.sp.leg.br\/Pesquisa\/DetailsDetalhado?COD_MTRA_LEGL=1&amp;ANO_PCSS_CMSP=2025&amp;COD_PCSS_CMSP=1130\" target=\"_blank\" rel=\"noopener\">PL\u00a01130\/2025<\/a><\/th>\n<th>Executivo &#8211; RICARDO NUNES<\/th>\n<\/tr>\n<tr>\n<td colspan=\"2\">Disp\u00f5e sobre Planta Gen\u00e9rica de Valores, altera a legisla\u00e7\u00e3o tribut\u00e1ria municipal e d\u00e1 outras provid\u00eancias.<\/td>\n<\/tr>\n<\/tbody>\n<\/table>\n<p>Local: Sala Sergio Vieira de Mello (1\u00ba subsolo)<\/p>\n<p>As inscri\u00e7\u00f5es para participa\u00e7\u00e3o virtual nesta Audi\u00eancia P\u00fablica se encerrar\u00e3o \u00e0s 19h do dia 22\/10\/2025.<\/p>\n<\/div>\n<\/div>\n","protected":false},"template":"","meta":{"_acf_changed":false,"footnotes":""},"class_list":["post-8648","audiencia","type-audiencia","status-publish","hentry"],"acf":{"ap_agenda":"2025-10-23 11:00:00","ap_agenda_fim":"2025-10-23 13:00:00","ap_inscricao":"Inscri\u00e7\u00f5es encerradas","ap_comissao":"Comiss\u00e3o de Finan\u00e7as e Or\u00e7amento","ap_contato":"financas@saopaulo.sp.leg.br","ap_colabore":1,"ap_form_inscricoes":2,"link_teleconferencia":"https:\/\/teams.microsoft.com\/l\/meetup-join\/19%3ameeting_NjY2ZWVkNTctYTA2ZS00YTE1LTkyMmQtNzgyMDlhYzNkM2Rm%40thread.v2\/0?context=%7b%22Tid%22%3a%227957948c-6ecd-4471-8dcf-a301702d306c%22%2c%22Oid%22%3a%22c93e0d6d-9643-4b01-ac71-2029c6a940f9%22%7d"},"_links":{"self":[{"href":"https:\/\/www.saopaulo.sp.leg.br\/audienciaspublicas\/wp-json\/wp\/v2\/audiencia\/8648","targetHints":{"allow":["GET"]}}],"collection":[{"href":"https:\/\/www.saopaulo.sp.leg.br\/audienciaspublicas\/wp-json\/wp\/v2\/audiencia"}],"about":[{"href":"https:\/\/www.saopaulo.sp.leg.br\/audienciaspublicas\/wp-json\/wp\/v2\/types\/audiencia"}],"version-history":[{"count":2,"href":"https:\/\/www.saopaulo.sp.leg.br\/audienciaspublicas\/wp-json\/wp\/v2\/audiencia\/8648\/revisions"}],"predecessor-version":[{"id":8847,"href":"https:\/\/www.saopaulo.sp.leg.br\/audienciaspublicas\/wp-json\/wp\/v2\/audiencia\/8648\/revisions\/8847"}],"wp:attachment":[{"href":"https:\/\/www.saopaulo.sp.leg.br\/audienciaspublicas\/wp-json\/wp\/v2\/media?parent=8648"}],"curies":[{"name":"wp","href":"https:\/\/api.w.org\/{rel}","templated":true}]}}

<div id="divCategoria#0" class="divCategoriaClass" data-codigocategoria="6">Audiência Pública</div>
<div class="divCategoriaClass" data-codigocategoria="6">
<div>
<table>
<tbody>
<tr>
<th>1) <a href="https://splegisconsulta.saopaulo.sp.leg.br/Pesquisa/DetailsDetalhado?COD_MTRA_LEGL=1&amp;ANO_PCSS_CMSP=2025&amp;COD_PCSS_CMSP=1130" target="_blank" rel="noopener">PL 1130/2025</a></th>
<th>Executivo &#8211; RICARDO NUNES</th>
</tr>
<tr>
<td colspan="2">Dispõe sobre Planta Genérica de Valores, altera a legislação tributária municipal e dá outras providências.</td>
</tr>
</tbody>
</table>
<p>Local: Sala Sergio Vieira de Mello (1º subsolo)</p>
<p>As inscrições para participação virtual nesta Audiência Pública se encerrarão às 19h do dia 22/10/2025.</p>
</div>
</div>

Inscrições encerradas

Comissão de Finanças e Orçamento
