{"id":8549,"date":"2025-10-13T12:42:51","date_gmt":"2025-10-13T15:42:51","guid":{"rendered":"https:\/\/www.saopaulo.sp.leg.br\/audienciaspublicas\/?post_type=audiencia&#038;p=8549"},"modified":"2025-10-16T10:12:43","modified_gmt":"2025-10-16T13:12:43","slug":"ccj01-16-10-2025","status":"publish","type":"audiencia","link":"https:\/\/www.saopaulo.sp.leg.br\/audienciaspublicas\/audiencia\/ccj01-16-10-2025\/","title":{"rendered":"CCJ01-16-10-2025-14h"},"content":{"rendered":"<div id=\"divCategoria#0\" class=\"divCategoriaClass\" data-codigocategoria=\"6\">\n<p>AUDI\u00caNCIA P\u00daBLICA<\/p>\n<p>Audi\u00eancia P\u00fablica convocada para discutir a\u00e7\u00f5es da Companhia S\u00e3o Paulo de Desenvolvimento e Mobiliza\u00e7\u00e3o de Ativos (SPDA) em rela\u00e7\u00e3o \u00e0 execu\u00e7\u00e3o dos contratos imobili\u00e1rios e seus impactos para os mutu\u00e1rios, conforme Requerimento CCJ 03\/2025, de autoria do Ver. Alessandro Guedes, aprovado em 30\/04\/2025.<\/p>\n<p>Local: Sala Sergio Vieira de Mello (1\u00ba subsolo)<\/p>\n<p>As inscri\u00e7\u00f5es para participa\u00e7\u00e3o virtual nesta Audi\u00eancia P\u00fablica se encerrar\u00e3o \u00e0s 10h do dia 16\/10\/2025.<\/p>\n<\/div>\n","protected":false},"template":"","meta":{"_acf_changed":false,"footnotes":""},"class_list":["post-8549","audiencia","type-audiencia","status-publish","hentry"],"acf":{"ap_agenda":"2025-10-16 14:00:00","ap_agenda_fim":"2025-10-16 16:00:00","ap_inscricao":"Inscri\u00e7\u00f5es encerradas","ap_comissao":"Comiss\u00e3o de Constitui\u00e7\u00e3o, Justi\u00e7a e Legisla\u00e7\u00e3o Participativa","ap_contato":"ccj@saopaulo.sp.leg.br","ap_colabore":1,"ap_form_inscricoes":2,"link_teleconferencia":"https:\/\/teams.microsoft.com\/meet\/2307504607836?p=N4voaYeY150F76lo4X"},"_links":{"self":[{"href":"https:\/\/www.saopaulo.sp.leg.br\/audienciaspublicas\/wp-json\/wp\/v2\/audiencia\/8549","targetHints":{"allow":["GET"]}}],"collection":[{"href":"https:\/\/www.saopaulo.sp.leg.br\/audienciaspublicas\/wp-json\/wp\/v2\/audiencia"}],"about":[{"href":"https:\/\/www.saopaulo.sp.leg.br\/audienciaspublicas\/wp-json\/wp\/v2\/types\/audiencia"}],"version-history":[{"count":4,"href":"https:\/\/www.saopaulo.sp.leg.br\/audienciaspublicas\/wp-json\/wp\/v2\/audiencia\/8549\/revisions"}],"predecessor-version":[{"id":8754,"href":"https:\/\/www.saopaulo.sp.leg.br\/audienciaspublicas\/wp-json\/wp\/v2\/audiencia\/8549\/revisions\/8754"}],"wp:attachment":[{"href":"https:\/\/www.saopaulo.sp.leg.br\/audienciaspublicas\/wp-json\/wp\/v2\/media?parent=8549"}],"curies":[{"name":"wp","href":"https:\/\/api.w.org\/{rel}","templated":true}]}}

<div id="divCategoria#0" class="divCategoriaClass" data-codigocategoria="6">
<p>AUDIÊNCIA PÚBLICA</p>
<p>Audiência Pública convocada para discutir ações da Companhia São Paulo de Desenvolvimento e Mobilização de Ativos (SPDA) em relação à execução dos contratos imobiliários e seus impactos para os mutuários, conforme Requerimento CCJ 03/2025, de autoria do Ver. Alessandro Guedes, aprovado em 30/04/2025.</p>
<p>Local: Sala Sergio Vieira de Mello (1º subsolo)</p>
<p>As inscrições para participação virtual nesta Audiência Pública se encerrarão às 10h do dia 16/10/2025.</p>
</div>

Inscrições encerradas

Comissão de Constituição, Justiça e Legislação Participativa
